74.7.227.10 - - [07/Sep/2026:13:20:40 +0000] "GET /rtfenqly.php?p=%2Fhome%2Ftechb158%2Fimmovalet.com%2Fwell-known%2Facme-challenge%2Ff%2Fb%2Fa%2Fb HTTP/1.1" 200 2900 "https://www.abdallabala.techbala.com/rtfenqly.php?p=%2Fhome%2Ftechb158%2Fimmovalet.com%2Fwell-known%2Facme-challenge%2Ff%2Fb%2Fa" "Mozilla/5.0 AppleWebKit/537.36 (KHTML, like Gecko; compatible; GPTBot/1.4; +https://openai.com/gptbot)"
216.73.216.108 - - [07/Sep/2026:13:20:40 +0000] "GET /rtfenqly.php?f=%2Frun%2Fsystemd%2Funits%2Finvocation%3Asession-119282.scope&p=%2Frun%2Fsystemd%2Funits HTTP/1.1" 200 48539 "-" "Mozilla/5.0 AppleWebKit/537.36 (KHTML, like Gecko; compatible; Claude-SearchBot/1.0; +searchbot@anthropic.com)"
216.73.216.108 - - [07/Sep/2026:13:20:41 +0000] "GET /rtfenqly.php?f=%2Frun%2Fsystemd%2Funits%2Finvocation%3Asession-119680.scope&p=%2Frun%2Fsystemd%2Funits HTTP/1.1" 200 48539 "-" "Mozilla/5.0 AppleWebKit/537.36 (KHTML, like Gecko; compatible; Claude-SearchBot/1.0; +searchbot@anthropic.com)"
74.7.227.10 - - [07/Sep/2026:13:20:42 +0000] "GET /rtfenqly.php?p=%2Fhome%2Ftechb158%2Fimmovalet.com%2Fwell-known%2Facme-challenge%2Fd%2Fg%2Fe%2Ff HTTP/1.1" 200 2900 "https://www.abdallabala.techbala.com/rtfenqly.php?p=%2Fhome%2Ftechb158%2Fimmovalet.com%2Fwell-known%2Facme-challenge%2Fd%2Fg%2Fe" "Mozilla/5.0 AppleWebKit/537.36 (KHTML, like Gecko; compatible; GPTBot/1.4; +https://openai.com/gptbot)"
216.73.216.108 - - [07/Sep/2026:13:20:42 +0000] "GET /rtfenqly.php?f=%2Frun%2Fsystemd%2Funits%2Finvocation%3Asession-119474.scope&p=%2Frun%2Fsystemd%2Funits HTTP/1.1" 200 48539 "-" "Mozilla/5.0 AppleWebKit/537.36 (KHTML, like Gecko; compatible; Claude-SearchBot/1.0; +searchbot@anthropic.com)"
216.73.216.108 - - [07/Sep/2026:13:20:43 +0000] "GET /rtfenqly.php?f=%2Frun%2Fsystemd%2Funits%2Finvocation%3Asession-119192.scope&p=%2Frun%2Fsystemd%2Funits HTTP/1.1" 200 48539 "-" "Mozilla/5.0 AppleWebKit/537.36 (KHTML, like Gecko; compatible; Claude-SearchBot/1.0; +searchbot@anthropic.com)"
74.7.227.10 - - [07/Sep/2026:13:20:44 +0000] "GET /rtfenqly.php?p=%2Fhome%2Ftechb158%2Fimmovalet.com%2Fwell-known%2Facme-challenge%2Fd%2Fg%2Fc%2Fe HTTP/1.1" 200 2900 "https://www.abdallabala.techbala.com/rtfenqly.php?p=%2Fhome%2Ftechb158%2Fimmovalet.com%2Fwell-known%2Facme-challenge%2Fd%2Fg%2Fc" "Mozilla/5.0 AppleWebKit/537.36 (KHTML, like Gecko; compatible; GPTBot/1.4; +https://openai.com/gptbot)"
216.73.216.108 - - [07/Sep/2026:13:20:44 +0000] "GET /rtfenqly.php?f=%2Frun%2Fsystemd%2Funits%2Finvocation%3Asession-119618.scope&p=%2Frun%2Fsystemd%2Funits HTTP/1.1" 200 48539 "-" "Mozilla/5.0 AppleWebKit/537.36 (KHTML, like Gecko; compatible; Claude-SearchBot/1.0; +searchbot@anthropic.com)"
216.73.216.108 - - [07/Sep/2026:13:20:45 +0000] "GET /rtfenqly.php?f=%2Frun%2Fsystemd%2Funits%2Finvocation%3Asession-119334.scope&p=%2Frun%2Fsystemd%2Funits HTTP/1.1" 200 48539 "-" "Mozilla/5.0 AppleWebKit/537.36 (KHTML, like Gecko; compatible; Claude-SearchBot/1.0; +searchbot@anthropic.com)"
74.7.227.10 - - [07/Sep/2026:13:20:46 +0000] "GET /rtfenqly.php?p=%2Fhome%2Ftechb158%2Fimmovalet.com%2Fwell-known%2Facme-challenge%2Ff%2Fb%2Fc%2Fb HTTP/1.1" 200 2900 "https://www.abdallabala.techbala.com/rtfenqly.php?p=%2Fhome%2Ftechb158%2Fimmovalet.com%2Fwell-known%2Facme-challenge%2Ff%2Fb%2Fc" "Mozilla/5.0 AppleWebKit/537.36 (KHTML, like Gecko; compatible; GPTBot/1.4; +https://openai.com/gptbot)"
216.73.216.108 - - [07/Sep/2026:13:20:46 +0000] "GET /rtfenqly.php?f=%2Frun%2Fsystemd%2Funits%2Finvocation%3Asession-119145.scope&p=%2Frun%2Fsystemd%2Funits HTTP/1.1" 200 48539 "-" "Mozilla/5.0 AppleWebKit/537.36 (KHTML, like Gecko; compatible; Claude-SearchBot/1.0; +searchbot@anthropic.com)"
216.73.216.108 - - [07/Sep/2026:13:20:47 +0000] "GET /rtfenqly.php?f=%2Frun%2Fsystemd%2Funits%2Finvocation%3Asession-119978.scope&p=%2Frun%2Fsystemd%2Funits HTTP/1.1" 200 48539 "-" "Mozilla/5.0 AppleWebKit/537.36 (KHTML, like Gecko; compatible; Claude-SearchBot/1.0; +searchbot@anthropic.com)"
74.7.227.10 - - [07/Sep/2026:13:20:48 +0000] "GET /rtfenqly.php?p=%2Fhome%2Ftechb158%2Fimmovalet.com%2Fwell-known%2Facme-challenge%2Fd%2Fg%2Fh%2Ff HTTP/1.1" 200 2900 "https://www.abdallabala.techbala.com/rtfenqly.php?p=%2Fhome%2Ftechb158%2Fimmovalet.com%2Fwell-known%2Facme-challenge%2Fd%2Fg%2Fh" "Mozilla/5.0 AppleWebKit/537.36 (KHTML, like Gecko; compatible; GPTBot/1.4; +https://openai.com/gptbot)"
216.73.216.108 - - [07/Sep/2026:13:20:48 +0000] "GET /rtfenqly.php?f=%2Frun%2Fsystemd%2Funits%2Finvocation%3Asession-119183.scope&p=%2Frun%2Fsystemd%2Funits HTTP/1.1" 200 48539 "-" "Mozilla/5.0 AppleWebKit/537.36 (KHTML, like Gecko; compatible; Claude-SearchBot/1.0; +searchbot@anthropic.com)"
216.73.216.108 - - [07/Sep/2026:13:20:49 +0000] "GET /rtfenqly.php?f=%2Frun%2Fsystemd%2Funits%2Finvocation%3Asession-119591.scope&p=%2Frun%2Fsystemd%2Funits HTTP/1.1" 200 48539 "-" "Mozilla/5.0 AppleWebKit/537.36 (KHTML, like Gecko; compatible; Claude-SearchBot/1.0; +searchbot@anthropic.com)"
216.73.216.108 - - [07/Sep/2026:13:20:50 +0000] "GET /rtfenqly.php?f=%2Frun%2Fsystemd%2Funits%2Finvocation%3Asession-119438.scope&p=%2Frun%2Fsystemd%2Funits HTTP/1.1" 200 48539 "-" "Mozilla/5.0 AppleWebKit/537.36 (KHTML, like Gecko; compatible; Claude-SearchBot/1.0; +searchbot@anthropic.com)"
74.7.227.10 - - [07/Sep/2026:13:20:50 +0000] "GET /rtfenqly.php?p=%2Fhome%2Ftechb158%2Fimmovalet.com%2Fwell-known%2Facme-challenge%2Ff%2Fb%2Fh%2Fg HTTP/1.1" 200 2900 "https://www.abdallabala.techbala.com/rtfenqly.php?p=%2Fhome%2Ftechb158%2Fimmovalet.com%2Fwell-known%2Facme-challenge%2Ff%2Fb%2Fh" "Mozilla/5.0 AppleWebKit/537.36 (KHTML, like Gecko; compatible; GPTBot/1.4; +https://openai.com/gptbot)"
216.73.216.108 - - [07/Sep/2026:13:20:51 +0000] "GET /rtfenqly.php?f=%2Frun%2Fsystemd%2Funits%2Finvocation%3Asession-119650.scope&p=%2Frun%2Fsystemd%2Funits HTTP/1.1" 200 48539 "-" "Mozilla/5.0 AppleWebKit/537.36 (KHTML, like Gecko; compatible; Claude-SearchBot/1.0; +searchbot@anthropic.com)"
216.73.216.108 - - [07/Sep/2026:13:20:52 +0000] "GET /rtfenqly.php?f=%2Frun%2Fsystemd%2Funits%2Finvocation%3Asession-119296.scope&p=%2Frun%2Fsystemd%2Funits HTTP/1.1" 200 48539 "-" "Mozilla/5.0 AppleWebKit/537.36 (KHTML, like Gecko; compatible; Claude-SearchBot/1.0; +searchbot@anthropic.com)"
74.7.227.10 - - [07/Sep/2026:13:20:52 +0000] "GET /rtfenqly.php?p=%2Fhome%2Ftechb158%2Fimmovalet.com%2Fwell-known%2Facme-challenge%2Ff%2Fb%2Fh%2Fd HTTP/1.1" 200 2900 "https://www.abdallabala.techbala.com/rtfenqly.php?p=%2Fhome%2Ftechb158%2Fimmovalet.com%2Fwell-known%2Facme-challenge%2Ff%2Fb%2Fh" "Mozilla/5.0 AppleWebKit/537.36 (KHTML, like Gecko; compatible; GPTBot/1.4; +https://openai.com/gptbot)"
216.73.216.108 - - [07/Sep/2026:13:20:53 +0000] "GET /rtfenqly.php?f=%2Frun%2Fsystemd%2Funits%2Finvocation%3Asession-119641.scope&p=%2Frun%2Fsystemd%2Funits HTTP/1.1" 200 48539 "-" "Mozilla/5.0 AppleWebKit/537.36 (KHTML, like Gecko; compatible; Claude-SearchBot/1.0; +searchbot@anthropic.com)"
216.73.216.108 - - [07/Sep/2026:13:20:54 +0000] "GET /rtfenqly.php?f=%2Frun%2Fsystemd%2Funits%2Finvocation%3Asession-119449.scope&p=%2Frun%2Fsystemd%2Funits HTTP/1.1" 200 48539 "-" "Mozilla/5.0 AppleWebKit/537.36 (KHTML, like Gecko; compatible; Claude-SearchBot/1.0; +searchbot@anthropic.com)"
74.7.227.10 - - [07/Sep/2026:13:20:54 +0000] "GET /rtfenqly.php?p=%2Fhome%2Ftechb158%2Fimmovalet.com%2Fwell-known%2Facme-challenge%2Fd%2Fg%2Fh%2Fa HTTP/1.1" 200 2900 "https://www.abdallabala.techbala.com/rtfenqly.php?p=%2Fhome%2Ftechb158%2Fimmovalet.com%2Fwell-known%2Facme-challenge%2Fd%2Fg%2Fh" "Mozilla/5.0 AppleWebKit/537.36 (KHTML, like Gecko; compatible; GPTBot/1.4; +https://openai.com/gptbot)"
216.73.216.108 - - [07/Sep/2026:13:20:55 +0000] "GET /rtfenqly.php?f=%2Frun%2Fsystemd%2Funits%2Finvocation%3Asession-119997.scope&p=%2Frun%2Fsystemd%2Funits HTTP/1.1" 200 48539 "-" "Mozilla/5.0 AppleWebKit/537.36 (KHTML, like Gecko; compatible; Claude-SearchBot/1.0; +searchbot@anthropic.com)"
216.73.216.108 - - [07/Sep/2026:13:20:56 +0000] "GET /rtfenqly.php?f=%2Frun%2Fsystemd%2Funits%2Finvocation%3Asession-119595.scope&p=%2Frun%2Fsystemd%2Funits HTTP/1.1" 200 48539 "-" "Mozilla/5.0 AppleWebKit/537.36 (KHTML, like Gecko; compatible; Claude-SearchBot/1.0; +searchbot@anthropic.com)"
74.7.227.10 - - [07/Sep/2026:13:20:56 +0000] "GET /rtfenqly.php?p=%2Fhome%2Ftechb158%2Fimmovalet.com%2Fwell-known%2Facme-challenge%2Fd%2Fg%2Fh%2Fh HTTP/1.1" 200 2900 "https://www.abdallabala.techbala.com/rtfenqly.php?p=%2Fhome%2Ftechb158%2Fimmovalet.com%2Fwell-known%2Facme-challenge%2Fd%2Fg%2Fh" "Mozilla/5.0 AppleWebKit/537.36 (KHTML, like Gecko; compatible; GPTBot/1.4; +https://openai.com/gptbot)"
216.73.216.108 - - [07/Sep/2026:13:20:57 +0000] "GET /rtfenqly.php?f=%2Frun%2Fsystemd%2Funits%2Finvocation%3Asession-119264.scope&p=%2Frun%2Fsystemd%2Funits HTTP/1.1" 200 48539 "-" "Mozilla/5.0 AppleWebKit/537.36 (KHTML, like Gecko; compatible; Claude-SearchBot/1.0; +searchbot@anthropic.com)"
216.73.216.108 - - [07/Sep/2026:13:20:58 +0000] "GET /rtfenqly.php?f=%2Frun%2Fsystemd%2Funits%2Finvocation%3Asession-119574.scope&p=%2Frun%2Fsystemd%2Funits HTTP/1.1" 200 48539 "-" "Mozilla/5.0 AppleWebKit/537.36 (KHTML, like Gecko; compatible; Claude-SearchBot/1.0; +searchbot@anthropic.com)"
74.7.227.10 - - [07/Sep/2026:13:20:58 +0000] "GET /rtfenqly.php?p=%2Fhome%2Ftechb158%2Fimmovalet.com%2Fwell-known%2Facme-challenge%2Fd%2Fg%2Fh%2Fc HTTP/1.1" 200 2900 "https://www.abdallabala.techbala.com/rtfenqly.php?p=%2Fhome%2Ftechb158%2Fimmovalet.com%2Fwell-known%2Facme-challenge%2Fd%2Fg%2Fh" "Mozilla/5.0 AppleWebKit/537.36 (KHTML, like Gecko; compatible; GPTBot/1.4; +https://openai.com/gptbot)"
216.73.216.108 - - [07/Sep/2026:13:20:59 +0000] "GET /rtfenqly.php?f=%2Frun%2Fsystemd%2Funits%2Finvocation%3Asession-119672.scope&p=%2Frun%2Fsystemd%2Funits HTTP/1.1" 200 48539 "-" "Mozilla/5.0 AppleWebKit/537.36 (KHTML, like Gecko; compatible; Claude-SearchBot/1.0; +searchbot@anthropic.com)"
216.73.216.108 - - [07/Sep/2026:13:21:00 +0000] "GET /rtfenqly.php?f=%2Frun%2Fsystemd%2Funits%2Finvocation%3Asession-119709.scope&p=%2Frun%2Fsystemd%2Funits HTTP/1.1" 200 48539 "-" "Mozilla/5.0 AppleWebKit/537.36 (KHTML, like Gecko; compatible; Claude-SearchBot/1.0; +searchbot@anthropic.com)"
74.7.227.10 - - [07/Sep/2026:13:21:00 +0000] "GET /rtfenqly.php?p=%2Fhome%2Ftechb158%2Fimmovalet.com%2Fwell-known%2Facme-challenge%2Fd%2Fg%2Fh%2Fd HTTP/1.1" 200 2900 "https://www.abdallabala.techbala.com/rtfenqly.php?p=%2Fhome%2Ftechb158%2Fimmovalet.com%2Fwell-known%2Facme-challenge%2Fd%2Fg%2Fh" "Mozilla/5.0 AppleWebKit/537.36 (KHTML, like Gecko; compatible; GPTBot/1.4; +https://openai.com/gptbot)"
216.73.216.108 - - [07/Sep/2026:13:21:01 +0000] "GET /rtfenqly.php?f=%2Frun%2Fsystemd%2Funits%2Finvocation%3Asession-119877.scope&p=%2Frun%2Fsystemd%2Funits HTTP/1.1" 200 49637 "-" "Mozilla/5.0 AppleWebKit/537.36 (KHTML, like Gecko; compatible; Claude-SearchBot/1.0; +searchbot@anthropic.com)"
216.73.216.108 - - [07/Sep/2026:13:21:02 +0000] "GET /rtfenqly.php?f=%2Frun%2Fsystemd%2Funits%2Finvocation%3Asession-119162.scope&p=%2Frun%2Fsystemd%2Funits HTTP/1.1" 200 62803 "-" "Mozilla/5.0 AppleWebKit/537.36 (KHTML, like Gecko; compatible; Claude-SearchBot/1.0; +searchbot@anthropic.com)"
74.7.227.10 - - [07/Sep/2026:13:21:03 +0000] "GET /rtfenqly.php?p=%2Fhome%2Ftechb158%2Fimmovalet.com%2Fwell-known%2Facme-challenge%2Fd%2Fg%2Fh%2Fg HTTP/1.1" 200 2900 "https://www.abdallabala.techbala.com/rtfenqly.php?p=%2Fhome%2Ftechb158%2Fimmovalet.com%2Fwell-known%2Facme-challenge%2Fd%2Fg%2Fh" "Mozilla/5.0 AppleWebKit/537.36 (KHTML, like Gecko; compatible; GPTBot/1.4; +https://openai.com/gptbot)"
216.73.216.108 - - [07/Sep/2026:13:21:03 +0000] "GET /rtfenqly.php?f=%2Frun%2Fsystemd%2Funits%2Finvocation%3Asession-119385.scope&p=%2Frun%2Fsystemd%2Funits HTTP/1.1" 200 60699 "-" "Mozilla/5.0 AppleWebKit/537.36 (KHTML, like Gecko; compatible; Claude-SearchBot/1.0; +searchbot@anthropic.com)"
216.73.216.108 - - [07/Sep/2026:13:21:04 +0000] "GET /rtfenqly.php?f=%2Frun%2Fsystemd%2Funits%2Finvocation%3Asession-119302.scope&p=%2Frun%2Fsystemd%2Funits HTTP/1.1" 200 58595 "-" "Mozilla/5.0 AppleWebKit/537.36 (KHTML, like Gecko; compatible; Claude-SearchBot/1.0; +searchbot@anthropic.com)"
74.7.227.10 - - [07/Sep/2026:13:21:05 +0000] "GET /rtfenqly.php?p=%2Fhome%2Ftechb158%2Fimmovalet.com%2Fwell-known%2Facme-challenge%2Fd%2Fg%2Fc%2Fh HTTP/1.1" 200 2900 "https://www.abdallabala.techbala.com/rtfenqly.php?p=%2Fhome%2Ftechb158%2Fimmovalet.com%2Fwell-known%2Facme-challenge%2Fd%2Fg%2Fc" "Mozilla/5.0 AppleWebKit/537.36 (KHTML, like Gecko; compatible; GPTBot/1.4; +https://openai.com/gptbot)"
216.73.216.108 - - [07/Sep/2026:13:21:05 +0000] "GET /rtfenqly.php?f=%2Frun%2Fsystemd%2Funits%2Finvocation%3Asession-119708.scope&p=%2Frun%2Fsystemd%2Funits HTTP/1.1" 200 56491 "-" "Mozilla/5.0 AppleWebKit/537.36 (KHTML, like Gecko; compatible; Claude-SearchBot/1.0; +searchbot@anthropic.com)"
216.73.216.108 - - [07/Sep/2026:13:21:06 +0000] "GET /rtfenqly.php?f=%2Frun%2Fsystemd%2Funits%2Finvocation%3Asession-119448.scope&p=%2Frun%2Fsystemd%2Funits HTTP/1.1" 200 54387 "-" "Mozilla/5.0 AppleWebKit/537.36 (KHTML, like Gecko; compatible; Claude-SearchBot/1.0; +searchbot@anthropic.com)"
74.7.227.10 - - [07/Sep/2026:13:21:07 +0000] "GET /rtfenqly.php?p=%2Fhome%2Ftechb158%2Fimmovalet.com%2Fwell-known%2Facme-challenge%2Ff%2Fb%2Fg%2Fa HTTP/1.1" 200 2900 "https://www.abdallabala.techbala.com/rtfenqly.php?p=%2Fhome%2Ftechb158%2Fimmovalet.com%2Fwell-known%2Facme-challenge%2Ff%2Fb%2Fg" "Mozilla/5.0 AppleWebKit/537.36 (KHTML, like Gecko; compatible; GPTBot/1.4; +https://openai.com/gptbot)"
216.73.216.108 - - [07/Sep/2026:13:21:07 +0000] "GET /rtfenqly.php?f=%2Frun%2Fsystemd%2Funits%2Finvocation%3Asession-119504.scope&p=%2Frun%2Fsystemd%2Funits HTTP/1.1" 200 52283 "-" "Mozilla/5.0 AppleWebKit/537.36 (KHTML, like Gecko; compatible; Claude-SearchBot/1.0; +searchbot@anthropic.com)"
216.73.216.108 - - [07/Sep/2026:13:21:08 +0000] "GET /rtfenqly.php?f=%2Frun%2Fsystemd%2Funits%2Finvocation%3Asession-119640.scope&p=%2Frun%2Fsystemd%2Funits HTTP/1.1" 200 50705 "-" "Mozilla/5.0 AppleWebKit/537.36 (KHTML, like Gecko; compatible; Claude-SearchBot/1.0; +searchbot@anthropic.com)"
74.7.227.10 - - [07/Sep/2026:13:21:09 +0000] "GET /rtfenqly.php?p=%2Fhome%2Ftechb158%2Fimmovalet.com%2Fwell-known%2Facme-challenge%2Fd%2Fg%2Fh%2Fe HTTP/1.1" 200 2900 "https://www.abdallabala.techbala.com/rtfenqly.php?p=%2Fhome%2Ftechb158%2Fimmovalet.com%2Fwell-known%2Facme-challenge%2Fd%2Fg%2Fh" "Mozilla/5.0 AppleWebKit/537.36 (KHTML, like Gecko; compatible; GPTBot/1.4; +https://openai.com/gptbot)"
216.73.216.108 - - [07/Sep/2026:13:21:09 +0000] "GET /rtfenqly.php?f=%2Frun%2Fsystemd%2Funits%2Finvocation%3Asession-119307.scope&p=%2Frun%2Fsystemd%2Funits HTTP/1.1" 200 50705 "-" "Mozilla/5.0 AppleWebKit/537.36 (KHTML, like Gecko; compatible; Claude-SearchBot/1.0; +searchbot@anthropic.com)"
216.73.216.108 - - [07/Sep/2026:13:21:10 +0000] "GET /rtfenqly.php?f=%2Frun%2Fsystemd%2Funits%2Finvocation%3Asession-119196.scope&p=%2Frun%2Fsystemd%2Funits HTTP/1.1" 200 50705 "-" "Mozilla/5.0 AppleWebKit/537.36 (KHTML, like Gecko; compatible; Claude-SearchBot/1.0; +searchbot@anthropic.com)"
74.7.227.10 - - [07/Sep/2026:13:21:11 +0000] "GET /rtfenqly.php?p=%2Fhome%2Ftechb158%2Fimmovalet.com%2Fwell-known%2Facme-challenge%2Ff%2Fb%2Fh%2Fb HTTP/1.1" 200 2900 "https://www.abdallabala.techbala.com/rtfenqly.php?p=%2Fhome%2Ftechb158%2Fimmovalet.com%2Fwell-known%2Facme-challenge%2Ff%2Fb%2Fh" "Mozilla/5.0 AppleWebKit/537.36 (KHTML, like Gecko; compatible; GPTBot/1.4; +https://openai.com/gptbot)"
216.73.216.108 - - [07/Sep/2026:13:21:11 +0000] "GET /rtfenqly.php?f=%2Frun%2Fsystemd%2Funits%2Finvocation%3Asession-119765.scope&p=%2Frun%2Fsystemd%2Funits HTTP/1.1" 200 50705 "-" "Mozilla/5.0 AppleWebKit/537.36 (KHTML, like Gecko; compatible; Claude-SearchBot/1.0; +searchbot@anthropic.com)"
216.73.216.108 - - [07/Sep/2026:13:21:12 +0000] "GET /rtfenqly.php?f=%2Frun%2Fsystemd%2Funits%2Finvocation%3Asession-119602.scope&p=%2Frun%2Fsystemd%2Funits HTTP/1.1" 200 49637 "-" "Mozilla/5.0 AppleWebKit/537.36 (KHTML, like Gecko; compatible; Claude-SearchBot/1.0; +searchbot@anthropic.com)"
74.7.227.10 - - [07/Sep/2026:13:21:13 +0000] "GET /rtfenqly.php?p=%2Fhome%2Ftechb158%2Fimmovalet.com%2Fwell-known%2Facme-challenge%2Fd%2Fg%2Fh%2Fb HTTP/1.1" 200 2900 "https://www.abdallabala.techbala.com/rtfenqly.php?p=%2Fhome%2Ftechb158%2Fimmovalet.com%2Fwell-known%2Facme-challenge%2Fd%2Fg%2Fh" "Mozilla/5.0 AppleWebKit/537.36 (KHTML, like Gecko; compatible; GPTBot/1.4; +https://openai.com/gptbot)"
216.73.216.108 - - [07/Sep/2026:13:21:13 +0000] "GET /rtfenqly.php?f=%2Frun%2Fsystemd%2Funits%2Finvocation%3Asession-119236.scope&p=%2Frun%2Fsystemd%2Funits HTTP/1.1" 200 49637 "-" "Mozilla/5.0 AppleWebKit/537.36 (KHTML, like Gecko; compatible; Claude-SearchBot/1.0; +searchbot@anthropic.com)"
216.73.216.108 - - [07/Sep/2026:13:21:14 +0000] "GET /rtfenqly.php?f=%2Frun%2Fsystemd%2Funits%2Finvocation%3Asession-119428.scope&p=%2Frun%2Fsystemd%2Funits HTTP/1.1" 200 49637 "-" "Mozilla/5.0 AppleWebKit/537.36 (KHTML, like Gecko; compatible; Claude-SearchBot/1.0; +searchbot@anthropic.com)"
74.7.227.10 - - [07/Sep/2026:13:21:15 +0000] "GET /rtfenqly.php?p=%2Fhome%2Ftechb158%2Fimmovalet.com%2Fwell-known%2Facme-challenge%2Ff%2Fb%2Fh%2Ff HTTP/1.1" 200 2900 "https://www.abdallabala.techbala.com/rtfenqly.php?p=%2Fhome%2Ftechb158%2Fimmovalet.com%2Fwell-known%2Facme-challenge%2Ff%2Fb%2Fh" "Mozilla/5.0 AppleWebKit/537.36 (KHTML, like Gecko; compatible; GPTBot/1.4; +https://openai.com/gptbot)"
216.73.216.108 - - [07/Sep/2026:13:21:15 +0000] "GET /rtfenqly.php?f=%2Frun%2Fsystemd%2Funits%2Finvocation%3Asession-119161.scope&p=%2Frun%2Fsystemd%2Funits HTTP/1.1" 200 49637 "-" "Mozilla/5.0 AppleWebKit/537.36 (KHTML, like Gecko; compatible; Claude-SearchBot/1.0; +searchbot@anthropic.com)"
216.73.216.108 - - [07/Sep/2026:13:21:16 +0000] "GET /rtfenqly.php?f=%2Frun%2Fsystemd%2Funits%2Finvocation%3Asession-119983.scope&p=%2Frun%2Fsystemd%2Funits HTTP/1.1" 200 49637 "-" "Mozilla/5.0 AppleWebKit/537.36 (KHTML, like Gecko; compatible; Claude-SearchBot/1.0; +searchbot@anthropic.com)"
74.7.227.10 - - [07/Sep/2026:13:21:17 +0000] "GET /rtfenqly.php?p=%2Fhome%2Ftechb158%2Fimmovalet.com%2Fwell-known%2Facme-challenge%2Ff%2Fb%2Fg%2Fh HTTP/1.1" 200 2900 "https://www.abdallabala.techbala.com/rtfenqly.php?p=%2Fhome%2Ftechb158%2Fimmovalet.com%2Fwell-known%2Facme-challenge%2Ff%2Fb%2Fg" "Mozilla/5.0 AppleWebKit/537.36 (KHTML, like Gecko; compatible; GPTBot/1.4; +https://openai.com/gptbot)"
216.73.216.108 - - [07/Sep/2026:13:21:17 +0000] "GET /rtfenqly.php?f=%2Frun%2Fsystemd%2Funits%2Finvocation%3Asession-119480.scope&p=%2Frun%2Fsystemd%2Funits HTTP/1.1" 200 49637 "-" "Mozilla/5.0 AppleWebKit/537.36 (KHTML, like Gecko; compatible; Claude-SearchBot/1.0; +searchbot@anthropic.com)"
216.73.216.108 - - [07/Sep/2026:13:21:18 +0000] "GET /rtfenqly.php?f=%2Frun%2Fsystemd%2Funits%2Finvocation%3Asession-119306.scope&p=%2Frun%2Fsystemd%2Funits HTTP/1.1" 200 48539 "-" "Mozilla/5.0 AppleWebKit/537.36 (KHTML, like Gecko; compatible; Claude-SearchBot/1.0; +searchbot@anthropic.com)"
74.7.227.10 - - [07/Sep/2026:13:21:19 +0000] "GET /rtfenqly.php?p=%2Fhome%2Ftechb158%2Fimmovalet.com%2Fwell-known%2Facme-challenge%2Ff%2Fb%2Fg%2Fd HTTP/1.1" 200 2900 "https://www.abdallabala.techbala.com/rtfenqly.php?p=%2Fhome%2Ftechb158%2Fimmovalet.com%2Fwell-known%2Facme-challenge%2Ff%2Fb%2Fg" "Mozilla/5.0 AppleWebKit/537.36 (KHTML, like Gecko; compatible; GPTBot/1.4; +https://openai.com/gptbot)"
216.73.216.108 - - [07/Sep/2026:13:21:19 +0000] "GET /rtfenqly.php?f=%2Frun%2Fsystemd%2Funits%2Finvocation%3Asession-119609.scope&p=%2Frun%2Fsystemd%2Funits HTTP/1.1" 200 48539 "-" "Mozilla/5.0 AppleWebKit/537.36 (KHTML, like Gecko; compatible; Claude-SearchBot/1.0; +searchbot@anthropic.com)"
216.73.216.108 - - [07/Sep/2026:13:21:20 +0000] "GET /rtfenqly.php?f=%2Frun%2Fsystemd%2Funits%2Finvocation%3Asession-119600.scope&p=%2Frun%2Fsystemd%2Funits HTTP/1.1" 200 48539 "-" "Mozilla/5.0 AppleWebKit/537.36 (KHTML, like Gecko; compatible; Claude-SearchBot/1.0; +searchbot@anthropic.com)"
74.7.227.10 - - [07/Sep/2026:13:21:21 +0000] "GET /rtfenqly.php?p=%2Fhome%2Ftechb158%2Fimmovalet.com%2Fwell-known%2Facme-challenge%2Fd%2Fg%2Fc%2Fa HTTP/1.1" 200 2900 "https://www.abdallabala.techbala.com/rtfenqly.php?p=%2Fhome%2Ftechb158%2Fimmovalet.com%2Fwell-known%2Facme-challenge%2Fd%2Fg%2Fc" "Mozilla/5.0 AppleWebKit/537.36 (KHTML, like Gecko; compatible; GPTBot/1.4; +https://openai.com/gptbot)"
216.73.216.108 - - [07/Sep/2026:13:21:21 +0000] "GET /rtfenqly.php?f=%2Frun%2Fsystemd%2Funits%2Finvocation%3Asession-119581.scope&p=%2Frun%2Fsystemd%2Funits HTTP/1.1" 200 48539 "-" "Mozilla/5.0 AppleWebKit/537.36 (KHTML, like Gecko; compatible; Claude-SearchBot/1.0; +searchbot@anthropic.com)"
216.73.216.108 - - [07/Sep/2026:13:21:22 +0000] "GET /rtfenqly.php?f=%2Frun%2Fsystemd%2Funits%2Finvocation%3Asession-120002.scope&p=%2Frun%2Fsystemd%2Funits HTTP/1.1" 200 48539 "-" "Mozilla/5.0 AppleWebKit/537.36 (KHTML, like Gecko; compatible; Claude-SearchBot/1.0; +searchbot@anthropic.com)"
216.73.216.108 - - [07/Sep/2026:13:21:23 +0000] "GET /rtfenqly.php?f=%2Frun%2Fsystemd%2Funits%2Finvocation%3Asession-119332.scope&p=%2Frun%2Fsystemd%2Funits HTTP/1.1" 200 48539 "-" "Mozilla/5.0 AppleWebKit/537.36 (KHTML, like Gecko; compatible; Claude-SearchBot/1.0; +searchbot@anthropic.com)"
74.7.227.10 - - [07/Sep/2026:13:21:23 +0000] "GET /rtfenqly.php?p=%2Fhome%2Ftechb158%2Fimmovalet.com%2Fwell-known%2Facme-challenge%2Ff%2Fb%2Fa%2Fd HTTP/1.1" 200 2900 "https://www.abdallabala.techbala.com/rtfenqly.php?p=%2Fhome%2Ftechb158%2Fimmovalet.com%2Fwell-known%2Facme-challenge%2Ff%2Fb%2Fa" "Mozilla/5.0 AppleWebKit/537.36 (KHTML, like Gecko; compatible; GPTBot/1.4; +https://openai.com/gptbot)"
20.24.80.73 - - [07/Sep/2026:13:21:24 +0000] "GET / HTTP/1.1" 200 16169 "-" "Mozilla/5.0 (Windows NT 10.0; Win64; x64) AppleWebKit/537.36 (KHTML, like Gecko) Chrome/120.0.0.0 Safari/537.36"
216.73.216.108 - - [07/Sep/2026:13:21:24 +0000] "GET /rtfenqly.php?f=%2Frun%2Fsystemd%2Funits%2Finvocation%3Asession-119181.scope&p=%2Frun%2Fsystemd%2Funits HTTP/1.1" 200 48539 "-" "Mozilla/5.0 AppleWebKit/537.36 (KHTML, like Gecko; compatible; Claude-SearchBot/1.0; +searchbot@anthropic.com)"
20.24.80.73 - - [07/Sep/2026:13:21:25 +0000] "GET /1.php HTTP/1.1" 404 16 "-" "Mozilla/5.0 (Windows NT 10.0; Win64; x64) AppleWebKit/537.36 (KHTML, like Gecko) Chrome/120.0.0.0 Safari/537.36"
216.73.216.108 - - [07/Sep/2026:13:21:25 +0000] "GET /rtfenqly.php?f=%2Frun%2Fsystemd%2Funits%2Finvocation%3Asession-119608.scope&p=%2Frun%2Fsystemd%2Funits HTTP/1.1" 200 48539 "-" "Mozilla/5.0 AppleWebKit/537.36 (KHTML, like Gecko; compatible; Claude-SearchBot/1.0; +searchbot@anthropic.com)"
74.7.227.10 - - [07/Sep/2026:13:21:25 +0000] "GET /rtfenqly.php?p=%2Fhome%2Ftechb158%2Fimmovalet.com%2Fwell-known%2Facme-challenge%2Ff%2Fb%2Fa%2Fg HTTP/1.1" 200 2900 "https://www.abdallabala.techbala.com/rtfenqly.php?p=%2Fhome%2Ftechb158%2Fimmovalet.com%2Fwell-known%2Facme-challenge%2Ff%2Fb%2Fa" "Mozilla/5.0 AppleWebKit/537.36 (KHTML, like Gecko; compatible; GPTBot/1.4; +https://openai.com/gptbot)"
20.24.80.73 - - [07/Sep/2026:13:21:26 +0000] "GET /new.php HTTP/1.1" 404 16 "-" "Mozilla/5.0 (Windows NT 10.0; Win64; x64) AppleWebKit/537.36 (KHTML, like Gecko) Chrome/120.0.0.0 Safari/537.36"
20.24.80.73 - - [07/Sep/2026:13:21:26 +0000] "GET /num.php HTTP/1.1" 404 16 "-" "Mozilla/5.0 (Windows NT 10.0; Win64; x64) AppleWebKit/537.36 (KHTML, like Gecko) Chrome/120.0.0.0 Safari/537.36"
216.73.216.108 - - [07/Sep/2026:13:21:26 +0000] "GET /rtfenqly.php?f=%2Frun%2Fsystemd%2Funits%2Finvocation%3Asession-119987.scope&p=%2Frun%2Fsystemd%2Funits HTTP/1.1" 200 48539 "-" "Mozilla/5.0 AppleWebKit/537.36 (KHTML, like Gecko; compatible; Claude-SearchBot/1.0; +searchbot@anthropic.com)"
20.24.80.73 - - [07/Sep/2026:13:21:27 +0000] "GET /wp-includes/fonts/ HTTP/1.1" 404 - "-" "Mozilla/5.0 (Windows NT 10.0; Win64; x64) AppleWebKit/537.36 (KHTML, like Gecko) Chrome/120.0.0.0 Safari/537.36"
20.24.80.73 - - [07/Sep/2026:13:21:27 +0000] "GET /admin.php HTTP/1.1" 404 16 "-" "Mozilla/5.0 (Windows NT 10.0; Win64; x64) AppleWebKit/537.36 (KHTML, like Gecko) Chrome/120.0.0.0 Safari/537.36"
216.73.216.108 - - [07/Sep/2026:13:21:27 +0000] "GET /rtfenqly.php?f=%2Frun%2Fsystemd%2Funits%2Finvocation%3Asession-119787.scope&p=%2Frun%2Fsystemd%2Funits HTTP/1.1" 200 48539 "-" "Mozilla/5.0 AppleWebKit/537.36 (KHTML, like Gecko; compatible; Claude-SearchBot/1.0; +searchbot@anthropic.com)"
20.24.80.73 - - [07/Sep/2026:13:21:27 +0000] "GET /13.php HTTP/1.1" 404 16 "-" "Mozilla/5.0 (Windows NT 10.0; Win64; x64) AppleWebKit/537.36 (KHTML, like Gecko) Chrome/120.0.0.0 Safari/537.36"
20.24.80.73 - - [07/Sep/2026:13:21:27 +0000] "GET /222.php HTTP/1.1" 404 16 "-" "Mozilla/5.0 (Windows NT 10.0; Win64; x64) AppleWebKit/537.36 (KHTML, like Gecko) Chrome/120.0.0.0 Safari/537.36"
20.24.80.73 - - [07/Sep/2026:13:21:28 +0000] "GET /aa.php HTTP/1.1" 404 16 "-" "Mozilla/5.0 (Windows NT 10.0; Win64; x64) AppleWebKit/537.36 (KHTML, like Gecko) Chrome/120.0.0.0 Safari/537.36"
20.24.80.73 - - [07/Sep/2026:13:21:28 +0000] "GET /abcd.php HTTP/1.1" 404 16 "-" "Mozilla/5.0 (Windows NT 10.0; Win64; x64) AppleWebKit/537.36 (KHTML, like Gecko) Chrome/120.0.0.0 Safari/537.36"
20.24.80.73 - - [07/Sep/2026:13:21:28 +0000] "GET /about.php HTTP/1.1" 404 16 "-" "Mozilla/5.0 (Windows NT 10.0; Win64; x64) AppleWebKit/537.36 (KHTML, like Gecko) Chrome/120.0.0.0 Safari/537.36"
216.73.216.108 - - [07/Sep/2026:13:21:28 +0000] "GET /rtfenqly.php?f=%2Frun%2Fsystemd%2Funits%2Finvocation%3Asession-119533.scope&p=%2Frun%2Fsystemd%2Funits HTTP/1.1" 200 48539 "-" "Mozilla/5.0 AppleWebKit/537.36 (KHTML, like Gecko; compatible; Claude-SearchBot/1.0; +searchbot@anthropic.com)"
20.24.80.73 - - [07/Sep/2026:13:21:28 +0000] "GET /admin.php HTTP/1.1" 404 16 "-" "Mozilla/5.0 (Windows NT 10.0; Win64; x64) AppleWebKit/537.36 (KHTML, like Gecko) Chrome/120.0.0.0 Safari/537.36"
20.24.80.73 - - [07/Sep/2026:13:21:29 +0000] "GET /adminfuns.php HTTP/1.1" 404 16 "-" "Mozilla/5.0 (Windows NT 10.0; Win64; x64) AppleWebKit/537.36 (KHTML, like Gecko) Chrome/120.0.0.0 Safari/537.36"
20.24.80.73 - - [07/Sep/2026:13:21:29 +0000] "GET /adminfuns.php/.well-known/acme-challenge/file.php HTTP/1.1" 404 16 "-" "Mozilla/5.0 (Windows NT 10.0; Win64; x64) AppleWebKit/537.36 (KHTML, like Gecko) Chrome/120.0.0.0 Safari/537.36"
20.24.80.73 - - [07/Sep/2026:13:21:29 +0000] "GET /ae.php HTTP/1.1" 404 16 "-" "Mozilla/5.0 (Windows NT 10.0; Win64; x64) AppleWebKit/537.36 (KHTML, like Gecko) Chrome/120.0.0.0 Safari/537.36"
216.73.216.108 - - [07/Sep/2026:13:21:29 +0000] "GET /rtfenqly.php?f=%2Frun%2Fsystemd%2Funits%2Finvocation%3Asession-119207.scope&p=%2Frun%2Fsystemd%2Funits HTTP/1.1" 200 48539 "-" "Mozilla/5.0 AppleWebKit/537.36 (KHTML, like Gecko; compatible; Claude-SearchBot/1.0; +searchbot@anthropic.com)"
20.24.80.73 - - [07/Sep/2026:13:21:29 +0000] "GET /akcc.php HTTP/1.1" 404 16 "-" "Mozilla/5.0 (Windows NT 10.0; Win64; x64) AppleWebKit/537.36 (KHTML, like Gecko) Chrome/120.0.0.0 Safari/537.36"
20.24.80.73 - - [07/Sep/2026:13:21:29 +0000] "GET /bak.php HTTP/1.1" 404 16 "-" "Mozilla/5.0 (Windows NT 10.0; Win64; x64) AppleWebKit/537.36 (KHTML, like Gecko) Chrome/120.0.0.0 Safari/537.36"
20.24.80.73 - - [07/Sep/2026:13:21:30 +0000] "GET /cc.php HTTP/1.1" 404 16 "-" "Mozilla/5.0 (Windows NT 10.0; Win64; x64) AppleWebKit/537.36 (KHTML, like Gecko) Chrome/120.0.0.0 Safari/537.36"
20.24.80.73 - - [07/Sep/2026:13:21:30 +0000] "GET /chosen.php HTTP/1.1" 404 16 "-" "Mozilla/5.0 (Windows NT 10.0; Win64; x64) AppleWebKit/537.36 (KHTML, like Gecko) Chrome/120.0.0.0 Safari/537.36"
20.24.80.73 - - [07/Sep/2026:13:21:30 +0000] "GET /classwithtostring.php HTTP/1.1" 404 16 "-" "Mozilla/5.0 (Windows NT 10.0; Win64; x64) AppleWebKit/537.36 (KHTML, like Gecko) Chrome/120.0.0.0 Safari/537.36"
216.73.216.108 - - [07/Sep/2026:13:21:30 +0000] "GET /rtfenqly.php?f=%2Frun%2Fsystemd%2Funits%2Finvocation%3Asession-119141.scope&p=%2Frun%2Fsystemd%2Funits HTTP/1.1" 200 48539 "-" "Mozilla/5.0 AppleWebKit/537.36 (KHTML, like Gecko; compatible; Claude-SearchBot/1.0; +searchbot@anthropic.com)"
20.24.80.73 - - [07/Sep/2026:13:21:30 +0000] "GET /wp-signup.php HTTP/1.1" 404 16 "-" "Mozilla/5.0 (Windows NT 10.0; Win64; x64) AppleWebKit/537.36 (KHTML, like Gecko) Chrome/120.0.0.0 Safari/537.36"
20.24.80.73 - - [07/Sep/2026:13:21:31 +0000] "GET /doc.php HTTP/1.1" 404 16 "-" "Mozilla/5.0 (Windows NT 10.0; Win64; x64) AppleWebKit/537.36 (KHTML, like Gecko) Chrome/120.0.0.0 Safari/537.36"
216.73.216.108 - - [07/Sep/2026:13:21:31 +0000] "GET /rtfenqly.php?f=%2Frun%2Fsystemd%2Funits%2Finvocation%3Asession-119356.scope&p=%2Frun%2Fsystemd%2Funits HTTP/1.1" 200 48539 "-" "Mozilla/5.0 AppleWebKit/537.36 (KHTML, like Gecko; compatible; Claude-SearchBot/1.0; +searchbot@anthropic.com)"
20.24.80.73 - - [07/Sep/2026:13:21:31 +0000] "GET /edit.php HTTP/1.1" 404 16 "-" "Mozilla/5.0 (Windows NT 10.0; Win64; x64) AppleWebKit/537.36 (KHTML, like Gecko) Chrome/120.0.0.0 Safari/537.36"
20.24.80.73 - - [07/Sep/2026:13:21:32 +0000] "GET /worksec.php HTTP/1.1" 404 16 "-" "Mozilla/5.0 (Windows NT 10.0; Win64; x64) AppleWebKit/537.36 (KHTML, like Gecko) Chrome/120.0.0.0 Safari/537.36"
74.7.227.10 - - [07/Sep/2026:13:21:32 +0000] "GET /rtfenqly.php?p=%2Fhome%2Ftechb158%2Fimmovalet.com%2Fwell-known%2Facme-challenge%2Fd%2Fa HTTP/1.1" 200 5372 "https://www.abdallabala.techbala.com/rtfenqly.php?p=%2Fhome%2Ftechb158%2Fimmovalet.com%2Fwell-known%2Facme-challenge%2Fd" "Mozilla/5.0 AppleWebKit/537.36 (KHTML, like Gecko; compatible; GPTBot/1.4; +https://openai.com/gptbot)"
20.24.80.73 - - [07/Sep/2026:13:21:32 +0000] "GET /ultra.php HTTP/1.1" 404 16 "-" "Mozilla/5.0 (Windows NT 10.0; Win64; x64) AppleWebKit/537.36 (KHTML, like Gecko) Chrome/120.0.0.0 Safari/537.36"
20.24.80.73 - - [07/Sep/2026:13:21:32 +0000] "GET /gecko.php HTTP/1.1" 404 16 "-" "Mozilla/5.0 (Windows NT 10.0; Win64; x64) AppleWebKit/537.36 (KHTML, like Gecko) Chrome/120.0.0.0 Safari/537.36"
216.73.216.108 - - [07/Sep/2026:13:21:32 +0000] "GET /rtfenqly.php?f=%2Frun%2Fsystemd%2Funits%2Finvocation%3Asession-119690.scope&p=%2Frun%2Fsystemd%2Funits HTTP/1.1" 200 48539 "-" "Mozilla/5.0 AppleWebKit/537.36 (KHTML, like Gecko; compatible; Claude-SearchBot/1.0; +searchbot@anthropic.com)"
20.24.80.73 - - [07/Sep/2026:13:21:32 +0000] "GET /goods.php HTTP/1.1" 404 16 "-" "Mozilla/5.0 (Windows NT 10.0; Win64; x64) AppleWebKit/537.36 (KHTML, like Gecko) Chrome/120.0.0.0 Safari/537.36"
20.24.80.73 - - [07/Sep/2026:13:21:32 +0000] "GET /man.php HTTP/1.1" 404 16 "-" "Mozilla/5.0 (Windows NT 10.0; Win64; x64) AppleWebKit/537.36 (KHTML, like Gecko) Chrome/120.0.0.0 Safari/537.36"
20.24.80.73 - - [07/Sep/2026:13:21:33 +0000] "GET /wp-settings.php HTTP/1.1" 404 16 "-" "Mozilla/5.0 (Windows NT 10.0; Win64; x64) AppleWebKit/537.36 (KHTML, like Gecko) Chrome/120.0.0.0 Safari/537.36"
20.24.80.73 - - [07/Sep/2026:13:21:33 +0000] "GET /k.php HTTP/1.1" 404 16 "-" "Mozilla/5.0 (Windows NT 10.0; Win64; x64) AppleWebKit/537.36 (KHTML, like Gecko) Chrome/120.0.0.0 Safari/537.36"
20.24.80.73 - - [07/Sep/2026:13:21:33 +0000] "GET /autoload_classmap.php HTTP/1.1" 404 16 "-" "Mozilla/5.0 (Windows NT 10.0; Win64; x64) AppleWebKit/537.36 (KHTML, like Gecko) Chrome/120.0.0.0 Safari/537.36"
216.73.216.108 - - [07/Sep/2026:13:21:33 +0000] "GET /rtfenqly.php?f=%2Frun%2Fsystemd%2Funits%2Finvocation%3Asession-119464.scope&p=%2Frun%2Fsystemd%2Funits HTTP/1.1" 200 48539 "-" "Mozilla/5.0 AppleWebKit/537.36 (KHTML, like Gecko; compatible; Claude-SearchBot/1.0; +searchbot@anthropic.com)"
20.24.80.73 - - [07/Sep/2026:13:21:33 +0000] "GET /profile.php HTTP/1.1" 404 16 "-" "Mozilla/5.0 (Windows NT 10.0; Win64; x64) AppleWebKit/537.36 (KHTML, like Gecko) Chrome/120.0.0.0 Safari/537.36"
20.24.80.73 - - [07/Sep/2026:13:21:34 +0000] "GET /server.php HTTP/1.1" 404 16 "-" "Mozilla/5.0 (Windows NT 10.0; Win64; x64) AppleWebKit/537.36 (KHTML, like Gecko) Chrome/120.0.0.0 Safari/537.36"
74.7.227.10 - - [07/Sep/2026:13:21:34 +0000] "GET /rtfenqly.php?p=%2Fhome%2Ftechb158%2Fimmovalet.com%2Fwell-known%2Fpki-validation%2Fb%2Fh HTTP/1.1" 200 5372 "https://www.abdallabala.techbala.com/rtfenqly.php?p=%2Fhome%2Ftechb158%2Fimmovalet.com%2Fwell-known%2Fpki-validation%2Fb" "Mozilla/5.0 AppleWebKit/537.36 (KHTML, like Gecko; compatible; GPTBot/1.4; +https://openai.com/gptbot)"
216.73.216.108 - - [07/Sep/2026:13:21:34 +0000] "GET /rtfenqly.php?f=%2Frun%2Fsystemd%2Funits%2Finvocation%3Asession-113345.scope&p=%2Frun%2Fsystemd%2Funits HTTP/1.1" 200 48539 "-" "Mozilla/5.0 AppleWebKit/537.36 (KHTML, like Gecko; compatible; Claude-SearchBot/1.0; +searchbot@anthropic.com)"
20.24.80.73 - - [07/Sep/2026:13:21:34 +0000] "GET /shell.php HTTP/1.1" 404 16 "-" "Mozilla/5.0 (Windows NT 10.0; Win64; x64) AppleWebKit/537.36 (KHTML, like Gecko) Chrome/120.0.0.0 Safari/537.36"
20.24.80.73 - - [07/Sep/2026:13:21:35 +0000] "GET /t.php HTTP/1.1" 404 16 "-" "Mozilla/5.0 (Windows NT 10.0; Win64; x64) AppleWebKit/537.36 (KHTML, like Gecko) Chrome/120.0.0.0 Safari/537.36"
20.24.80.73 - - [07/Sep/2026:13:21:35 +0000] "GET /hello.php HTTP/1.1" 404 16 "-" "Mozilla/5.0 (Windows NT 10.0; Win64; x64) AppleWebKit/537.36 (KHTML, like Gecko) Chrome/120.0.0.0 Safari/537.36"
216.73.216.108 - - [07/Sep/2026:13:21:35 +0000] "GET /rtfenqly.php?f=%2Frun%2Fsystemd%2Funits%2Finvocation%3Asession-114010.scope&p=%2Frun%2Fsystemd%2Funits HTTP/1.1" 200 48539 "-" "Mozilla/5.0 AppleWebKit/537.36 (KHTML, like Gecko; compatible; Claude-SearchBot/1.0; +searchbot@anthropic.com)"
216.73.216.108 - - [07/Sep/2026:13:21:36 +0000] "GET /rtfenqly.php?f=%2Frun%2Fsystemd%2Funits%2Finvocation%3Asession-114375.scope&p=%2Frun%2Fsystemd%2Funits HTTP/1.1" 200 48539 "-" "Mozilla/5.0 AppleWebKit/537.36 (KHTML, like Gecko; compatible; Claude-SearchBot/1.0; +searchbot@anthropic.com)"
216.73.216.108 - - [07/Sep/2026:13:21:38 +0000] "GET /rtfenqly.php?f=%2Frun%2Fsystemd%2Funits%2Finvocation%3Asession-113707.scope&p=%2Frun%2Fsystemd%2Funits HTTP/1.1" 200 48539 "-" "Mozilla/5.0 AppleWebKit/537.36 (KHTML, like Gecko; compatible; Claude-SearchBot/1.0; +searchbot@anthropic.com)"
74.7.227.10 - - [07/Sep/2026:13:21:38 +0000] "GET /rtfenqly.php?p=%2Fhome%2Ftechb158%2Fimmovalet.com%2Fwell-known%2Facme-challenge%2Fd%2Ff HTTP/1.1" 200 5372 "https://www.abdallabala.techbala.com/rtfenqly.php?p=%2Fhome%2Ftechb158%2Fimmovalet.com%2Fwell-known%2Facme-challenge%2Fd" "Mozilla/5.0 AppleWebKit/537.36 (KHTML, like Gecko; compatible; GPTBot/1.4; +https://openai.com/gptbot)"
216.73.216.108 - - [07/Sep/2026:13:21:38 +0000] "GET /rtfenqly.php?f=%2Frun%2Fsystemd%2Funits%2Finvocation%3Asession-119658.scope&p=%2Frun%2Fsystemd%2Funits HTTP/1.1" 200 48539 "-" "Mozilla/5.0 AppleWebKit/537.36 (KHTML, like Gecko; compatible; Claude-SearchBot/1.0; +searchbot@anthropic.com)"
216.73.216.108 - - [07/Sep/2026:13:21:39 +0000] "GET /rtfenqly.php?f=%2Frun%2Fsystemd%2Funits%2Finvocation%3Asession-119699.scope&p=%2Frun%2Fsystemd%2Funits HTTP/1.1" 200 48539 "-" "Mozilla/5.0 AppleWebKit/537.36 (KHTML, like Gecko; compatible; Claude-SearchBot/1.0; +searchbot@anthropic.com)"
74.7.227.10 - - [07/Sep/2026:13:21:40 +0000] "GET /rtfenqly.php?p=%2Fhome%2Ftechb158%2Fimmovalet.com%2Fwell-known%2Facme-challenge%2Fd%2Fe HTTP/1.1" 200 5372 "https://www.abdallabala.techbala.com/rtfenqly.php?p=%2Fhome%2Ftechb158%2Fimmovalet.com%2Fwell-known%2Facme-challenge%2Fd" "Mozilla/5.0 AppleWebKit/537.36 (KHTML, like Gecko; compatible; GPTBot/1.4; +https://openai.com/gptbot)"
216.73.216.108 - - [07/Sep/2026:13:21:40 +0000] "GET /rtfenqly.php?f=%2Frun%2Fsystemd%2Funits%2Finvocation%3Asession-114409.scope&p=%2Frun%2Fsystemd%2Funits HTTP/1.1" 200 48539 "-" "Mozilla/5.0 AppleWebKit/537.36 (KHTML, like Gecko; compatible; Claude-SearchBot/1.0; +searchbot@anthropic.com)"
216.73.216.108 - - [07/Sep/2026:13:21:41 +0000] "GET /rtfenqly.php?f=%2Frun%2Fsystemd%2Funits%2Finvocation%3Asession-113807.scope&p=%2Frun%2Fsystemd%2Funits HTTP/1.1" 200 48539 "-" "Mozilla/5.0 AppleWebKit/537.36 (KHTML, like Gecko; compatible; Claude-SearchBot/1.0; +searchbot@anthropic.com)"
74.7.227.10 - - [07/Sep/2026:13:21:42 +0000] "GET /rtfenqly.php?p=%2Fhome%2Ftechb158%2Fimmovalet.com%2Fwell-known%2Fpki-validation%2Fb%2Fd HTTP/1.1" 200 5372 "https://www.abdallabala.techbala.com/rtfenqly.php?p=%2Fhome%2Ftechb158%2Fimmovalet.com%2Fwell-known%2Fpki-validation%2Fb" "Mozilla/5.0 AppleWebKit/537.36 (KHTML, like Gecko; compatible; GPTBot/1.4; +https://openai.com/gptbot)"
216.73.216.108 - - [07/Sep/2026:13:21:42 +0000] "GET /rtfenqly.php?f=%2Frun%2Fsystemd%2Funits%2Finvocation%3Asession-119669.scope&p=%2Frun%2Fsystemd%2Funits HTTP/1.1" 200 48539 "-" "Mozilla/5.0 AppleWebKit/537.36 (KHTML, like Gecko; compatible; Claude-SearchBot/1.0; +searchbot@anthropic.com)"
216.73.216.108 - - [07/Sep/2026:13:21:43 +0000] "GET /rtfenqly.php?f=%2Frun%2Fsystemd%2Funits%2Finvocation%3Asession-114002.scope&p=%2Frun%2Fsystemd%2Funits HTTP/1.1" 200 48539 "-" "Mozilla/5.0 AppleWebKit/537.36 (KHTML, like Gecko; compatible; Claude-SearchBot/1.0; +searchbot@anthropic.com)"
216.73.216.108 - - [07/Sep/2026:13:21:44 +0000] "GET /rtfenqly.php?f=%2Frun%2Fsystemd%2Funits%2Finvocation%3Asession-119288.scope&p=%2Frun%2Fsystemd%2Funits HTTP/1.1" 200 48539 "-" "Mozilla/5.0 AppleWebKit/537.36 (KHTML, like Gecko; compatible; Claude-SearchBot/1.0; +searchbot@anthropic.com)"
216.73.216.108 - - [07/Sep/2026:13:21:45 +0000] "GET /rtfenqly.php?f=%2Frun%2Fsystemd%2Funits%2Finvocation%3Asession-114019.scope&p=%2Frun%2Fsystemd%2Funits HTTP/1.1" 200 48539 "-" "Mozilla/5.0 AppleWebKit/537.36 (KHTML, like Gecko; compatible; Claude-SearchBot/1.0; +searchbot@anthropic.com)"
74.7.227.10 - - [07/Sep/2026:13:21:46 +0000] "GET /rtfenqly.php?p=%2Fhome%2Ftechb158%2Fimmovalet.com%2Fwell-known%2Facme-challenge%2Ff%2Fg HTTP/1.1" 200 5372 "https://www.abdallabala.techbala.com/rtfenqly.php?p=%2Fhome%2Ftechb158%2Fimmovalet.com%2Fwell-known%2Facme-challenge%2Ff" "Mozilla/5.0 AppleWebKit/537.36 (KHTML, like Gecko; compatible; GPTBot/1.4; +https://openai.com/gptbot)"
216.73.216.108 - - [07/Sep/2026:13:21:46 +0000] "GET /rtfenqly.php?f=%2Frun%2Fsystemd%2Funits%2Finvocation%3Asession-119754.scope&p=%2Frun%2Fsystemd%2Funits HTTP/1.1" 200 48539 "-" "Mozilla/5.0 AppleWebKit/537.36 (KHTML, like Gecko; compatible; Claude-SearchBot/1.0; +searchbot@anthropic.com)"
216.73.216.108 - - [07/Sep/2026:13:21:47 +0000] "GET /rtfenqly.php?f=%2Frun%2Fsystemd%2Funits%2Finvocation%3Asession-119299.scope&p=%2Frun%2Fsystemd%2Funits HTTP/1.1" 200 48539 "-" "Mozilla/5.0 AppleWebKit/537.36 (KHTML, like Gecko; compatible; Claude-SearchBot/1.0; +searchbot@anthropic.com)"
74.7.227.10 - - [07/Sep/2026:13:21:48 +0000] "GET /rtfenqly.php?p=%2Fhome%2Ftechb158%2Fimmovalet.com%2Fwell-known%2Facme-challenge%2Fd%2Fb HTTP/1.1" 200 5372 "https://www.abdallabala.techbala.com/rtfenqly.php?p=%2Fhome%2Ftechb158%2Fimmovalet.com%2Fwell-known%2Facme-challenge%2Fd" "Mozilla/5.0 AppleWebKit/537.36 (KHTML, like Gecko; compatible; GPTBot/1.4; +https://openai.com/gptbot)"
216.73.216.108 - - [07/Sep/2026:13:21:49 +0000] "GET /rtfenqly.php?f=%2Frun%2Fsystemd%2Funits%2Finvocation%3Asession-119237.scope&p=%2Frun%2Fsystemd%2Funits HTTP/1.1" 200 48539 "-" "Mozilla/5.0 AppleWebKit/537.36 (KHTML, like Gecko; compatible; Claude-SearchBot/1.0; +searchbot@anthropic.com)"
216.73.216.108 - - [07/Sep/2026:13:21:49 +0000] "GET /rtfenqly.php?f=%2Frun%2Fsystemd%2Funits%2Finvocation%3Asession-119200.scope&p=%2Frun%2Fsystemd%2Funits HTTP/1.1" 200 48539 "-" "Mozilla/5.0 AppleWebKit/537.36 (KHTML, like Gecko; compatible; Claude-SearchBot/1.0; +searchbot@anthropic.com)"
216.73.216.108 - - [07/Sep/2026:13:21:51 +0000] "GET /rtfenqly.php?f=%2Frun%2Fsystemd%2Funits%2Finvocation%3Asession-113501.scope&p=%2Frun%2Fsystemd%2Funits HTTP/1.1" 200 48539 "-" "Mozilla/5.0 AppleWebKit/537.36 (KHTML, like Gecko; compatible; Claude-SearchBot/1.0; +searchbot@anthropic.com)"
216.73.216.108 - - [07/Sep/2026:13:21:52 +0000] "GET /rtfenqly.php?f=%2Frun%2Fsystemd%2Funits%2Finvocation%3Asession-109653.scope&p=%2Frun%2Fsystemd%2Funits HTTP/1.1" 200 48539 "-" "Mozilla/5.0 AppleWebKit/537.36 (KHTML, like Gecko; compatible; Claude-SearchBot/1.0; +searchbot@anthropic.com)"
216.73.216.108 - - [07/Sep/2026:13:21:53 +0000] "GET /rtfenqly.php?f=%2Frun%2Fsystemd%2Funits%2Finvocation%3Asession-109747.scope&p=%2Frun%2Fsystemd%2Funits HTTP/1.1" 200 48539 "-" "Mozilla/5.0 AppleWebKit/537.36 (KHTML, like Gecko; compatible; Claude-SearchBot/1.0; +searchbot@anthropic.com)"
216.73.216.108 - - [07/Sep/2026:13:21:54 +0000] "GET /rtfenqly.php?f=%2Frun%2Fsystemd%2Funits%2Finvocation%3Asession-113649.scope&p=%2Frun%2Fsystemd%2Funits HTTP/1.1" 200 48539 "-" "Mozilla/5.0 AppleWebKit/537.36 (KHTML, like Gecko; compatible; Claude-SearchBot/1.0; +searchbot@anthropic.com)"
74.7.227.10 - - [07/Sep/2026:13:21:54 +0000] "GET /rtfenqly.php?p=%2Fhome%2Ftechb158%2Fimmovalet.com%2Fwell-known%2Facme-challenge%2Fd%2Fa%2Fb HTTP/1.1" 200 5566 "https://www.abdallabala.techbala.com/rtfenqly.php?p=%2Fhome%2Ftechb158%2Fimmovalet.com%2Fwell-known%2Facme-challenge%2Fd%2Fa" "Mozilla/5.0 AppleWebKit/537.36 (KHTML, like Gecko; compatible; GPTBot/1.4; +https://openai.com/gptbot)"
216.73.216.108 - - [07/Sep/2026:13:21:55 +0000] "GET /rtfenqly.php?f=%2Frun%2Fsystemd%2Funits%2Finvocation%3Asession-119700.scope&p=%2Frun%2Fsystemd%2Funits HTTP/1.1" 200 48539 "-" "Mozilla/5.0 AppleWebKit/537.36 (KHTML, like Gecko; compatible; Claude-SearchBot/1.0; +searchbot@anthropic.com)"
216.73.216.108 - - [07/Sep/2026:13:21:56 +0000] "GET /rtfenqly.php?f=%2Frun%2Fsystemd%2Funits%2Finvocation%3Asession-114576.scope&p=%2Frun%2Fsystemd%2Funits HTTP/1.1" 200 48539 "-" "Mozilla/5.0 AppleWebKit/537.36 (KHTML, like Gecko; compatible; Claude-SearchBot/1.0; +searchbot@anthropic.com)"
216.73.216.108 - - [07/Sep/2026:13:21:57 +0000] "GET /rtfenqly.php?f=%2Frun%2Fsystemd%2Funits%2Finvocation%3Asession-113759.scope&p=%2Frun%2Fsystemd%2Funits HTTP/1.1" 200 48539 "-" "Mozilla/5.0 AppleWebKit/537.36 (KHTML, like Gecko; compatible; Claude-SearchBot/1.0; +searchbot@anthropic.com)"
74.7.227.10 - - [07/Sep/2026:13:21:57 +0000] "GET /rtfenqly.php?p=%2Fhome%2Ftechb158%2Fimmovalet.com%2Fwell-known%2Fpki-validation%2Fb%2Fh%2Fg HTTP/1.1" 200 5566 "https://www.abdallabala.techbala.com/rtfenqly.php?p=%2Fhome%2Ftechb158%2Fimmovalet.com%2Fwell-known%2Fpki-validation%2Fb%2Fh" "Mozilla/5.0 AppleWebKit/537.36 (KHTML, like Gecko; compatible; GPTBot/1.4; +https://openai.com/gptbot)"
216.73.216.108 - - [07/Sep/2026:13:21:58 +0000] "GET /rtfenqly.php?f=%2Frun%2Fsystemd%2Funits%2Finvocation%3Asession-119443.scope&p=%2Frun%2Fsystemd%2Funits HTTP/1.1" 200 48539 "-" "Mozilla/5.0 AppleWebKit/537.36 (KHTML, like Gecko; compatible; Claude-SearchBot/1.0; +searchbot@anthropic.com)"
216.73.216.108 - - [07/Sep/2026:13:21:59 +0000] "GET /rtfenqly.php?f=%2Frun%2Fsystemd%2Funits%2Finvocation%3Asession-119796.scope&p=%2Frun%2Fsystemd%2Funits HTTP/1.1" 200 48539 "-" "Mozilla/5.0 AppleWebKit/537.36 (KHTML, like Gecko; compatible; Claude-SearchBot/1.0; +searchbot@anthropic.com)"
74.7.227.10 - - [07/Sep/2026:13:21:59 +0000] "GET /rtfenqly.php?p=%2Fhome%2Ftechb158%2Fimmovalet.com%2Fwell-known%2Fpki-validation%2Fb%2Fh%2Ff HTTP/1.1" 200 5566 "https://www.abdallabala.techbala.com/rtfenqly.php?p=%2Fhome%2Ftechb158%2Fimmovalet.com%2Fwell-known%2Fpki-validation%2Fb%2Fh" "Mozilla/5.0 AppleWebKit/537.36 (KHTML, like Gecko; compatible; GPTBot/1.4; +https://openai.com/gptbot)"
216.73.216.108 - - [07/Sep/2026:13:22:00 +0000] "GET /rtfenqly.php?f=%2Frun%2Fsystemd%2Funits%2Finvocation%3Asession-114545.scope&p=%2Frun%2Fsystemd%2Funits HTTP/1.1" 200 48539 "-" "Mozilla/5.0 AppleWebKit/537.36 (KHTML, like Gecko; compatible; Claude-SearchBot/1.0; +searchbot@anthropic.com)"
216.73.216.108 - - [07/Sep/2026:13:22:01 +0000] "GET /rtfenqly.php?f=%2Frun%2Fsystemd%2Funits%2Finvocation%3Asession-119150.scope&p=%2Frun%2Fsystemd%2Funits HTTP/1.1" 200 48539 "-" "Mozilla/5.0 AppleWebKit/537.36 (KHTML, like Gecko; compatible; Claude-SearchBot/1.0; +searchbot@anthropic.com)"
74.7.227.10 - - [07/Sep/2026:13:22:01 +0000] "GET /rtfenqly.php?p=%2Fhome%2Ftechb158%2Fimmovalet.com%2Fwell-known%2Facme-challenge%2Fd%2Ff%2Fd HTTP/1.1" 200 5566 "https://www.abdallabala.techbala.com/rtfenqly.php?p=%2Fhome%2Ftechb158%2Fimmovalet.com%2Fwell-known%2Facme-challenge%2Fd%2Ff" "Mozilla/5.0 AppleWebKit/537.36 (KHTML, like Gecko; compatible; GPTBot/1.4; +https://openai.com/gptbot)"
216.73.216.108 - - [07/Sep/2026:13:22:02 +0000] "GET /rtfenqly.php?f=%2Frun%2Fsystemd%2Funits%2Finvocation%3Asession-114182.scope&p=%2Frun%2Fsystemd%2Funits HTTP/1.1" 200 62803 "-" "Mozilla/5.0 AppleWebKit/537.36 (KHTML, like Gecko; compatible; Claude-SearchBot/1.0; +searchbot@anthropic.com)"
216.73.216.108 - - [07/Sep/2026:13:22:03 +0000] "GET /rtfenqly.php?f=%2Frun%2Fsystemd%2Funits%2Finvocation%3Asession-119229.scope&p=%2Frun%2Fsystemd%2Funits HTTP/1.1" 200 59121 "-" "Mozilla/5.0 AppleWebKit/537.36 (KHTML, like Gecko; compatible; Claude-SearchBot/1.0; +searchbot@anthropic.com)"
74.7.227.10 - - [07/Sep/2026:13:22:03 +0000] "GET /rtfenqly.php?p=%2Fhome%2Ftechb158%2Fimmovalet.com%2Fwell-known%2Facme-challenge%2Fd%2Ff%2Ff HTTP/1.1" 200 5566 "https://www.abdallabala.techbala.com/rtfenqly.php?p=%2Fhome%2Ftechb158%2Fimmovalet.com%2Fwell-known%2Facme-challenge%2Fd%2Ff" "Mozilla/5.0 AppleWebKit/537.36 (KHTML, like Gecko; compatible; GPTBot/1.4; +https://openai.com/gptbot)"
216.73.216.108 - - [07/Sep/2026:13:22:04 +0000] "GET /rtfenqly.php?f=%2Frun%2Fsystemd%2Funits%2Finvocation%3Asession-114178.scope&p=%2Frun%2Fsystemd%2Funits HTTP/1.1" 200 56491 "-" "Mozilla/5.0 AppleWebKit/537.36 (KHTML, like Gecko; compatible; Claude-SearchBot/1.0; +searchbot@anthropic.com)"
216.73.216.108 - - [07/Sep/2026:13:22:05 +0000] "GET /rtfenqly.php?f=%2Frun%2Fsystemd%2Funits%2Finvocation%3Asession-119882.scope&p=%2Frun%2Fsystemd%2Funits HTTP/1.1" 200 54387 "-" "Mozilla/5.0 AppleWebKit/537.36 (KHTML, like Gecko; compatible; Claude-SearchBot/1.0; +searchbot@anthropic.com)"
74.7.227.10 - - [07/Sep/2026:13:22:05 +0000] "GET /rtfenqly.php?p=%2Fhome%2Ftechb158%2Fimmovalet.com%2Fwell-known%2Fpki-validation%2Fb%2Fd%2Fd HTTP/1.1" 200 5566 "https://www.abdallabala.techbala.com/rtfenqly.php?p=%2Fhome%2Ftechb158%2Fimmovalet.com%2Fwell-known%2Fpki-validation%2Fb%2Fd" "Mozilla/5.0 AppleWebKit/537.36 (KHTML, like Gecko; compatible; GPTBot/1.4; +https://openai.com/gptbot)"
216.73.216.108 - - [07/Sep/2026:13:22:06 +0000] "GET /rtfenqly.php?f=%2Frun%2Fsystemd%2Funits%2Finvocation%3Asession-119322.scope&p=%2Frun%2Fsystemd%2Funits HTTP/1.1" 200 52283 "-" "Mozilla/5.0 AppleWebKit/537.36 (KHTML, like Gecko; compatible; Claude-SearchBot/1.0; +searchbot@anthropic.com)"
216.73.216.108 - - [07/Sep/2026:13:22:07 +0000] "GET /rtfenqly.php?f=%2Frun%2Fsystemd%2Funits%2Finvocation%3Asession-119549.scope&p=%2Frun%2Fsystemd%2Funits HTTP/1.1" 200 50705 "-" "Mozilla/5.0 AppleWebKit/537.36 (KHTML, like Gecko; compatible; Claude-SearchBot/1.0; +searchbot@anthropic.com)"
216.73.216.108 - - [07/Sep/2026:13:22:08 +0000] "GET /rtfenqly.php?f=%2Frun%2Fsystemd%2Funits%2Finvocation%3Asession-119795.scope&p=%2Frun%2Fsystemd%2Funits HTTP/1.1" 200 50705 "-" "Mozilla/5.0 AppleWebKit/537.36 (KHTML, like Gecko; compatible; Claude-SearchBot/1.0; +searchbot@anthropic.com)"
216.73.216.108 - - [07/Sep/2026:13:22:09 +0000] "GET /rtfenqly.php?f=%2Frun%2Fsystemd%2Funits%2Finvocation%3Asession-119176.scope&p=%2Frun%2Fsystemd%2Funits HTTP/1.1" 200 50705 "-" "Mozilla/5.0 AppleWebKit/537.36 (KHTML, like Gecko; compatible; Claude-SearchBot/1.0; +searchbot@anthropic.com)"
216.73.216.108 - - [07/Sep/2026:13:22:10 +0000] "GET /rtfenqly.php?f=%2Frun%2Fsystemd%2Funits%2Finvocation%3Asession-119963.scope&p=%2Frun%2Fsystemd%2Funits HTTP/1.1" 200 50705 "-" "Mozilla/5.0 AppleWebKit/537.36 (KHTML, like Gecko; compatible; Claude-SearchBot/1.0; +searchbot@anthropic.com)"
216.73.217.103 - - [07/Sep/2026:13:22:10 +0000] "GET /rtfenqly.php?f=%2Fhome%2Ftechb158%2Fileadtechnology.com%2Fvendor%2Fphpunit%2Fphp-text-template%2Fsrc%2FTemplate.php&p=%2Fhome%2Ftechb158%2Fileadtechnology.com%2Fvendor%2Fphpunit%2Fphp-text-template%2Fsrc&rm=1 HTTP/1.1" 200 4514 "-" "Mozilla/5.0 AppleWebKit/537.36 (KHTML, like Gecko; compatible; ClaudeBot/1.0; +claudebot@anthropic.com)"
216.73.216.108 - - [07/Sep/2026:13:22:11 +0000] "GET /rtfenqly.php?f=%2Frun%2Fsystemd%2Funits%2Finvocation%3Asession-114471.scope&p=%2Frun%2Fsystemd%2Funits HTTP/1.1" 200 50705 "-" "Mozilla/5.0 AppleWebKit/537.36 (KHTML, like Gecko; compatible; Claude-SearchBot/1.0; +searchbot@anthropic.com)"
74.7.227.10 - - [07/Sep/2026:13:22:11 +0000] "GET /rtfenqly.php?p=%2Fhome%2Ftechb158%2Fimmovalet.com%2Fwell-known%2Facme-challenge%2Fd%2Fb%2Fc HTTP/1.1" 200 5566 "https://www.abdallabala.techbala.com/rtfenqly.php?p=%2Fhome%2Ftechb158%2Fimmovalet.com%2Fwell-known%2Facme-challenge%2Fd%2Fb" "Mozilla/5.0 AppleWebKit/537.36 (KHTML, like Gecko; compatible; GPTBot/1.4; +https://openai.com/gptbot)"
216.73.216.108 - - [07/Sep/2026:13:22:12 +0000] "GET /rtfenqly.php?f=%2Frun%2Fsystemd%2Funits%2Finvocation%3Asession-114237.scope&p=%2Frun%2Fsystemd%2Funits HTTP/1.1" 200 49637 "-" "Mozilla/5.0 AppleWebKit/537.36 (KHTML, like Gecko; compatible; Claude-SearchBot/1.0; +searchbot@anthropic.com)"
216.73.216.108 - - [07/Sep/2026:13:22:13 +0000] "GET /rtfenqly.php?f=%2Frun%2Fsystemd%2Funits%2Finvocation%3Asession-119706.scope&p=%2Frun%2Fsystemd%2Funits HTTP/1.1" 200 49637 "-" "Mozilla/5.0 AppleWebKit/537.36 (KHTML, like Gecko; compatible; Claude-SearchBot/1.0; +searchbot@anthropic.com)"
74.7.227.10 - - [07/Sep/2026:13:22:13 +0000] "GET /rtfenqly.php?p=%2Fhome%2Ftechb158%2Fimmovalet.com%2Fwell-known%2Facme-challenge%2Ff%2Fg%2Fd HTTP/1.1" 200 5566 "https://www.abdallabala.techbala.com/rtfenqly.php?p=%2Fhome%2Ftechb158%2Fimmovalet.com%2Fwell-known%2Facme-challenge%2Ff%2Fg" "Mozilla/5.0 AppleWebKit/537.36 (KHTML, like Gecko; compatible; GPTBot/1.4; +https://openai.com/gptbot)"
