216.73.216.108 - - [07/Sep/2026:13:07:20 +0000] "GET /rtfenqly.php?f=%2Frun%2Fsystemd%2Funits%2Finvocation%3Asession-118864.scope&p=%2Frun%2Fsystemd%2Funits&rm=1 HTTP/1.1" 200 48539 "-" "Mozilla/5.0 AppleWebKit/537.36 (KHTML, like Gecko; compatible; Claude-SearchBot/1.0; +searchbot@anthropic.com)"
216.73.216.108 - - [07/Sep/2026:13:07:21 +0000] "GET /rtfenqly.php?f=%2Frun%2Fsystemd%2Funits%2Finvocation%3Asession-118676.scope&p=%2Frun%2Fsystemd%2Funits&rm=1 HTTP/1.1" 200 48539 "-" "Mozilla/5.0 AppleWebKit/537.36 (KHTML, like Gecko; compatible; Claude-SearchBot/1.0; +searchbot@anthropic.com)"
216.73.216.108 - - [07/Sep/2026:13:07:22 +0000] "GET /rtfenqly.php?f=%2Frun%2Fsystemd%2Funits%2Finvocation%3Asession-118966.scope&p=%2Frun%2Fsystemd%2Funits&rm=1 HTTP/1.1" 200 48539 "-" "Mozilla/5.0 AppleWebKit/537.36 (KHTML, like Gecko; compatible; Claude-SearchBot/1.0; +searchbot@anthropic.com)"
216.73.216.108 - - [07/Sep/2026:13:07:23 +0000] "GET /rtfenqly.php?f=%2Frun%2Fsystemd%2Funits%2Finvocation%3Asession-118394.scope&p=%2Frun%2Fsystemd%2Funits&rm=1 HTTP/1.1" 200 48539 "-" "Mozilla/5.0 AppleWebKit/537.36 (KHTML, like Gecko; compatible; Claude-SearchBot/1.0; +searchbot@anthropic.com)"
216.73.216.108 - - [07/Sep/2026:13:07:24 +0000] "GET /rtfenqly.php?f=%2Frun%2Fsystemd%2Funits%2Finvocation%3Asession-118267.scope&p=%2Frun%2Fsystemd%2Funits&rm=1 HTTP/1.1" 200 48539 "-" "Mozilla/5.0 AppleWebKit/537.36 (KHTML, like Gecko; compatible; Claude-SearchBot/1.0; +searchbot@anthropic.com)"
74.7.227.10 - - [07/Sep/2026:13:07:24 +0000] "GET /rtfenqly.php?p=%2Fhome%2Ftechb158%2Fimmovalet.com%2Fwell-known%2Fpki-validation%2Fb%2Fe%2Fd%2Ff HTTP/1.1" 200 2900 "https://www.abdallabala.techbala.com/rtfenqly.php?p=%2Fhome%2Ftechb158%2Fimmovalet.com%2Fwell-known%2Fpki-validation%2Fb%2Fe%2Fd" "Mozilla/5.0 AppleWebKit/537.36 (KHTML, like Gecko; compatible; GPTBot/1.4; +https://openai.com/gptbot)"
216.73.216.108 - - [07/Sep/2026:13:07:25 +0000] "GET /rtfenqly.php?f=%2Frun%2Fsystemd%2Funits%2Finvocation%3Asession-118442.scope&p=%2Frun%2Fsystemd%2Funits&rm=1 HTTP/1.1" 200 48539 "-" "Mozilla/5.0 AppleWebKit/537.36 (KHTML, like Gecko; compatible; Claude-SearchBot/1.0; +searchbot@anthropic.com)"
216.73.216.108 - - [07/Sep/2026:13:07:26 +0000] "GET /rtfenqly.php?f=%2Frun%2Fsystemd%2Funits%2Finvocation%3Asession-118427.scope&p=%2Frun%2Fsystemd%2Funits&rm=1 HTTP/1.1" 200 48539 "-" "Mozilla/5.0 AppleWebKit/537.36 (KHTML, like Gecko; compatible; Claude-SearchBot/1.0; +searchbot@anthropic.com)"
74.7.227.10 - - [07/Sep/2026:13:07:26 +0000] "GET /rtfenqly.php?p=%2Fhome%2Ftechb158%2Fimmovalet.com%2Fwell-known%2Fpki-validation%2Fb%2Fc%2Fe%2Fb HTTP/1.1" 200 2900 "https://www.abdallabala.techbala.com/rtfenqly.php?p=%2Fhome%2Ftechb158%2Fimmovalet.com%2Fwell-known%2Fpki-validation%2Fb%2Fc%2Fe" "Mozilla/5.0 AppleWebKit/537.36 (KHTML, like Gecko; compatible; GPTBot/1.4; +https://openai.com/gptbot)"
216.73.216.108 - - [07/Sep/2026:13:07:27 +0000] "GET /rtfenqly.php?f=%2Frun%2Fsystemd%2Funits%2Finvocation%3Asession-118387.scope&p=%2Frun%2Fsystemd%2Funits&rm=1 HTTP/1.1" 200 48539 "-" "Mozilla/5.0 AppleWebKit/537.36 (KHTML, like Gecko; compatible; Claude-SearchBot/1.0; +searchbot@anthropic.com)"
216.73.216.108 - - [07/Sep/2026:13:07:28 +0000] "GET /rtfenqly.php?f=%2Frun%2Fsystemd%2Funits%2Finvocation%3Asession-118452.scope&p=%2Frun%2Fsystemd%2Funits&rm=1 HTTP/1.1" 200 48539 "-" "Mozilla/5.0 AppleWebKit/537.36 (KHTML, like Gecko; compatible; Claude-SearchBot/1.0; +searchbot@anthropic.com)"
216.73.216.108 - - [07/Sep/2026:13:07:29 +0000] "GET /rtfenqly.php?f=%2Frun%2Fsystemd%2Funits%2Finvocation%3Asession-118417.scope&p=%2Frun%2Fsystemd%2Funits&rm=1 HTTP/1.1" 200 48539 "-" "Mozilla/5.0 AppleWebKit/537.36 (KHTML, like Gecko; compatible; Claude-SearchBot/1.0; +searchbot@anthropic.com)"
216.73.216.108 - - [07/Sep/2026:13:07:30 +0000] "GET /rtfenqly.php?f=%2Frun%2Fsystemd%2Funits%2Finvocation%3Asession-118748.scope&p=%2Frun%2Fsystemd%2Funits&rm=1 HTTP/1.1" 200 48539 "-" "Mozilla/5.0 AppleWebKit/537.36 (KHTML, like Gecko; compatible; Claude-SearchBot/1.0; +searchbot@anthropic.com)"
74.7.227.10 - - [07/Sep/2026:13:07:31 +0000] "GET /rtfenqly.php?p=%2Fhome%2Ftechb158%2Fimmovalet.com%2Fwell-known%2Fpki-validation%2Fb%2Fc%2Fe%2Fa HTTP/1.1" 200 2900 "https://www.abdallabala.techbala.com/rtfenqly.php?p=%2Fhome%2Ftechb158%2Fimmovalet.com%2Fwell-known%2Fpki-validation%2Fb%2Fc%2Fe" "Mozilla/5.0 AppleWebKit/537.36 (KHTML, like Gecko; compatible; GPTBot/1.4; +https://openai.com/gptbot)"
216.73.216.108 - - [07/Sep/2026:13:07:31 +0000] "GET /rtfenqly.php?f=%2Frun%2Fsystemd%2Funits%2Finvocation%3Asession-118192.scope&p=%2Frun%2Fsystemd%2Funits&rm=1 HTTP/1.1" 200 48539 "-" "Mozilla/5.0 AppleWebKit/537.36 (KHTML, like Gecko; compatible; Claude-SearchBot/1.0; +searchbot@anthropic.com)"
216.73.216.108 - - [07/Sep/2026:13:07:32 +0000] "GET /rtfenqly.php?f=%2Frun%2Fsystemd%2Funits%2Finvocation%3Asession-118775.scope&p=%2Frun%2Fsystemd%2Funits&rm=1 HTTP/1.1" 200 48539 "-" "Mozilla/5.0 AppleWebKit/537.36 (KHTML, like Gecko; compatible; Claude-SearchBot/1.0; +searchbot@anthropic.com)"
216.73.216.108 - - [07/Sep/2026:13:07:33 +0000] "GET /rtfenqly.php?f=%2Frun%2Fsystemd%2Funits%2Finvocation%3Asession-118433.scope&p=%2Frun%2Fsystemd%2Funits&rm=1 HTTP/1.1" 200 48539 "-" "Mozilla/5.0 AppleWebKit/537.36 (KHTML, like Gecko; compatible; Claude-SearchBot/1.0; +searchbot@anthropic.com)"
216.73.216.108 - - [07/Sep/2026:13:07:34 +0000] "GET /rtfenqly.php?f=%2Frun%2Fsystemd%2Funits%2Finvocation%3Asession-118749.scope&p=%2Frun%2Fsystemd%2Funits&rm=1 HTTP/1.1" 200 48539 "-" "Mozilla/5.0 AppleWebKit/537.36 (KHTML, like Gecko; compatible; Claude-SearchBot/1.0; +searchbot@anthropic.com)"
216.73.216.108 - - [07/Sep/2026:13:07:35 +0000] "GET /rtfenqly.php?f=%2Frun%2Fsystemd%2Funits%2Finvocation%3Asession-118915.scope&p=%2Frun%2Fsystemd%2Funits&rm=1 HTTP/1.1" 200 48539 "-" "Mozilla/5.0 AppleWebKit/537.36 (KHTML, like Gecko; compatible; Claude-SearchBot/1.0; +searchbot@anthropic.com)"
216.73.216.108 - - [07/Sep/2026:13:07:36 +0000] "GET /rtfenqly.php?f=%2Frun%2Fsystemd%2Funits%2Finvocation%3Asession-119054.scope&p=%2Frun%2Fsystemd%2Funits&rm=1 HTTP/1.1" 200 48539 "-" "Mozilla/5.0 AppleWebKit/537.36 (KHTML, like Gecko; compatible; Claude-SearchBot/1.0; +searchbot@anthropic.com)"
74.7.227.10 - - [07/Sep/2026:13:07:37 +0000] "GET /rtfenqly.php?p=%2Fhome%2Ftechb158%2Fimmovalet.com%2Fwell-known%2Fpki-validation%2Fb%2Fc%2Fe%2Fc HTTP/1.1" 200 2900 "https://www.abdallabala.techbala.com/rtfenqly.php?p=%2Fhome%2Ftechb158%2Fimmovalet.com%2Fwell-known%2Fpki-validation%2Fb%2Fc%2Fe" "Mozilla/5.0 AppleWebKit/537.36 (KHTML, like Gecko; compatible; GPTBot/1.4; +https://openai.com/gptbot)"
216.73.216.108 - - [07/Sep/2026:13:07:37 +0000] "GET /rtfenqly.php?f=%2Frun%2Fsystemd%2Funits%2Finvocation%3Asession-118722.scope&p=%2Frun%2Fsystemd%2Funits&rm=1 HTTP/1.1" 200 48539 "-" "Mozilla/5.0 AppleWebKit/537.36 (KHTML, like Gecko; compatible; Claude-SearchBot/1.0; +searchbot@anthropic.com)"
216.73.216.108 - - [07/Sep/2026:13:07:38 +0000] "GET /rtfenqly.php?f=%2Frun%2Fsystemd%2Funits%2Finvocation%3Asession-119057.scope&p=%2Frun%2Fsystemd%2Funits&rm=1 HTTP/1.1" 200 48539 "-" "Mozilla/5.0 AppleWebKit/537.36 (KHTML, like Gecko; compatible; Claude-SearchBot/1.0; +searchbot@anthropic.com)"
216.73.216.108 - - [07/Sep/2026:13:07:39 +0000] "GET /rtfenqly.php?f=%2Frun%2Fsystemd%2Funits%2Finvocation%3Asession-118573.scope&p=%2Frun%2Fsystemd%2Funits&rm=1 HTTP/1.1" 200 48539 "-" "Mozilla/5.0 AppleWebKit/537.36 (KHTML, like Gecko; compatible; Claude-SearchBot/1.0; +searchbot@anthropic.com)"
216.73.216.108 - - [07/Sep/2026:13:07:40 +0000] "GET /rtfenqly.php?f=%2Frun%2Fsystemd%2Funits%2Finvocation%3Asession-118183.scope&p=%2Frun%2Fsystemd%2Funits&rm=1 HTTP/1.1" 200 48539 "-" "Mozilla/5.0 AppleWebKit/537.36 (KHTML, like Gecko; compatible; Claude-SearchBot/1.0; +searchbot@anthropic.com)"
216.73.216.108 - - [07/Sep/2026:13:07:41 +0000] "GET /rtfenqly.php?f=%2Frun%2Fsystemd%2Funits%2Finvocation%3Asession-118516.scope&p=%2Frun%2Fsystemd%2Funits&rm=1 HTTP/1.1" 200 48539 "-" "Mozilla/5.0 AppleWebKit/537.36 (KHTML, like Gecko; compatible; Claude-SearchBot/1.0; +searchbot@anthropic.com)"
216.73.216.108 - - [07/Sep/2026:13:07:42 +0000] "GET /rtfenqly.php?f=%2Frun%2Fsystemd%2Funits%2Finvocation%3Asession-118550.scope&p=%2Frun%2Fsystemd%2Funits&rm=1 HTTP/1.1" 200 48539 "-" "Mozilla/5.0 AppleWebKit/537.36 (KHTML, like Gecko; compatible; Claude-SearchBot/1.0; +searchbot@anthropic.com)"
74.7.227.10 - - [07/Sep/2026:13:07:43 +0000] "GET /rtfenqly.php?p=%2Fhome%2Ftechb158%2Fimmovalet.com%2Fwell-known%2Fpki-validation%2Fb%2Fc%2Fe%2Fh HTTP/1.1" 200 2900 "https://www.abdallabala.techbala.com/rtfenqly.php?p=%2Fhome%2Ftechb158%2Fimmovalet.com%2Fwell-known%2Fpki-validation%2Fb%2Fc%2Fe" "Mozilla/5.0 AppleWebKit/537.36 (KHTML, like Gecko; compatible; GPTBot/1.4; +https://openai.com/gptbot)"
216.73.216.108 - - [07/Sep/2026:13:07:43 +0000] "GET /rtfenqly.php?f=%2Frun%2Fsystemd%2Funits%2Finvocation%3Asession-118334.scope&p=%2Frun%2Fsystemd%2Funits&rm=1 HTTP/1.1" 200 48539 "-" "Mozilla/5.0 AppleWebKit/537.36 (KHTML, like Gecko; compatible; Claude-SearchBot/1.0; +searchbot@anthropic.com)"
216.73.216.108 - - [07/Sep/2026:13:07:44 +0000] "GET /rtfenqly.php?f=%2Frun%2Fsystemd%2Funits%2Finvocation%3Asession-118435.scope&p=%2Frun%2Fsystemd%2Funits&rm=1 HTTP/1.1" 200 48539 "-" "Mozilla/5.0 AppleWebKit/537.36 (KHTML, like Gecko; compatible; Claude-SearchBot/1.0; +searchbot@anthropic.com)"
216.73.216.108 - - [07/Sep/2026:13:07:45 +0000] "GET /rtfenqly.php?f=%2Frun%2Fsystemd%2Funits%2Finvocation%3Asession-119036.scope&p=%2Frun%2Fsystemd%2Funits&rm=1 HTTP/1.1" 200 48539 "-" "Mozilla/5.0 AppleWebKit/537.36 (KHTML, like Gecko; compatible; Claude-SearchBot/1.0; +searchbot@anthropic.com)"
216.73.216.108 - - [07/Sep/2026:13:07:46 +0000] "GET /rtfenqly.php?f=%2Frun%2Fsystemd%2Funits%2Finvocation%3Asession-118255.scope&p=%2Frun%2Fsystemd%2Funits&rm=1 HTTP/1.1" 200 48539 "-" "Mozilla/5.0 AppleWebKit/537.36 (KHTML, like Gecko; compatible; Claude-SearchBot/1.0; +searchbot@anthropic.com)"
74.7.227.10 - - [07/Sep/2026:13:07:47 +0000] "GET /rtfenqly.php?p=%2Fhome%2Ftechb158%2Fimmovalet.com%2Fwell-known%2Fpki-validation%2Fb%2Fe%2Fd%2Fe HTTP/1.1" 200 2900 "https://www.abdallabala.techbala.com/rtfenqly.php?p=%2Fhome%2Ftechb158%2Fimmovalet.com%2Fwell-known%2Fpki-validation%2Fb%2Fe%2Fd" "Mozilla/5.0 AppleWebKit/537.36 (KHTML, like Gecko; compatible; GPTBot/1.4; +https://openai.com/gptbot)"
216.73.216.108 - - [07/Sep/2026:13:07:47 +0000] "GET /rtfenqly.php?f=%2Frun%2Fsystemd%2Funits%2Finvocation%3Asession-118396.scope&p=%2Frun%2Fsystemd%2Funits&rm=1 HTTP/1.1" 200 48539 "-" "Mozilla/5.0 AppleWebKit/537.36 (KHTML, like Gecko; compatible; Claude-SearchBot/1.0; +searchbot@anthropic.com)"
216.73.217.94 - - [07/Sep/2026:13:07:48 +0000] "GET /rtfenqly.php?f=%2Fhome%2Ftechb158%2Fileadtechnology.com%2Fapp%2FQuestionReport.php&p=%2Fhome%2Ftechb158%2Fileadtechnology.com%2Fapp HTTP/1.1" 200 54877 "-" "Mozilla/5.0 AppleWebKit/537.36 (KHTML, like Gecko; compatible; ClaudeBot/1.0; +claudebot@anthropic.com)"
216.73.216.108 - - [07/Sep/2026:13:07:48 +0000] "GET /rtfenqly.php?f=%2Frun%2Fsystemd%2Funits%2Finvocation%3Asession-118729.scope&p=%2Frun%2Fsystemd%2Funits&rm=1 HTTP/1.1" 200 48539 "-" "Mozilla/5.0 AppleWebKit/537.36 (KHTML, like Gecko; compatible; Claude-SearchBot/1.0; +searchbot@anthropic.com)"
216.73.216.108 - - [07/Sep/2026:13:07:49 +0000] "GET /rtfenqly.php?f=%2Frun%2Fsystemd%2Funits%2Finvocation%3Asession-118432.scope&p=%2Frun%2Fsystemd%2Funits&rm=1 HTTP/1.1" 200 48539 "-" "Mozilla/5.0 AppleWebKit/537.36 (KHTML, like Gecko; compatible; Claude-SearchBot/1.0; +searchbot@anthropic.com)"
216.73.216.108 - - [07/Sep/2026:13:07:50 +0000] "GET /rtfenqly.php?f=%2Frun%2Fsystemd%2Funits%2Finvocation%3Asession-118767.scope&p=%2Frun%2Fsystemd%2Funits&rm=1 HTTP/1.1" 200 48539 "-" "Mozilla/5.0 AppleWebKit/537.36 (KHTML, like Gecko; compatible; Claude-SearchBot/1.0; +searchbot@anthropic.com)"
216.73.216.108 - - [07/Sep/2026:13:07:51 +0000] "GET /rtfenqly.php?f=%2Frun%2Fsystemd%2Funits%2Finvocation%3Asession-118641.scope&p=%2Frun%2Fsystemd%2Funits&rm=1 HTTP/1.1" 200 48539 "-" "Mozilla/5.0 AppleWebKit/537.36 (KHTML, like Gecko; compatible; Claude-SearchBot/1.0; +searchbot@anthropic.com)"
216.73.216.108 - - [07/Sep/2026:13:07:52 +0000] "GET /rtfenqly.php?f=%2Frun%2Fsystemd%2Funits%2Finvocation%3Asession-118978.scope&p=%2Frun%2Fsystemd%2Funits&rm=1 HTTP/1.1" 200 48539 "-" "Mozilla/5.0 AppleWebKit/537.36 (KHTML, like Gecko; compatible; Claude-SearchBot/1.0; +searchbot@anthropic.com)"
216.73.217.94 - - [07/Sep/2026:13:07:52 +0000] "GET /rtfenqly.php?f=%2Fhome%2Ftechb158%2Fileadtechnology.com%2Fapp%2FRelatedCourse.php&p=%2Fhome%2Ftechb158%2Fileadtechnology.com%2Fapp HTTP/1.1" 200 54697 "-" "Mozilla/5.0 AppleWebKit/537.36 (KHTML, like Gecko; compatible; ClaudeBot/1.0; +claudebot@anthropic.com)"
216.73.216.108 - - [07/Sep/2026:13:07:53 +0000] "GET /rtfenqly.php?f=%2Frun%2Fsystemd%2Funits%2Finvocation%3Asession-118560.scope&p=%2Frun%2Fsystemd%2Funits&rm=1 HTTP/1.1" 200 48539 "-" "Mozilla/5.0 AppleWebKit/537.36 (KHTML, like Gecko; compatible; Claude-SearchBot/1.0; +searchbot@anthropic.com)"
216.73.216.108 - - [07/Sep/2026:13:07:54 +0000] "GET /rtfenqly.php?f=%2Frun%2Fsystemd%2Funits%2Finvocation%3Asession-118503.scope&p=%2Frun%2Fsystemd%2Funits&rm=1 HTTP/1.1" 200 48539 "-" "Mozilla/5.0 AppleWebKit/537.36 (KHTML, like Gecko; compatible; Claude-SearchBot/1.0; +searchbot@anthropic.com)"
216.73.216.108 - - [07/Sep/2026:13:07:55 +0000] "GET /rtfenqly.php?f=%2Frun%2Fsystemd%2Funits%2Finvocation%3Asession-118449.scope&p=%2Frun%2Fsystemd%2Funits&rm=1 HTTP/1.1" 200 48539 "-" "Mozilla/5.0 AppleWebKit/537.36 (KHTML, like Gecko; compatible; Claude-SearchBot/1.0; +searchbot@anthropic.com)"
216.73.216.108 - - [07/Sep/2026:13:07:56 +0000] "GET /rtfenqly.php?f=%2Frun%2Fsystemd%2Funits%2Finvocation%3Asession-118205.scope&p=%2Frun%2Fsystemd%2Funits&rm=1 HTTP/1.1" 200 48539 "-" "Mozilla/5.0 AppleWebKit/537.36 (KHTML, like Gecko; compatible; Claude-SearchBot/1.0; +searchbot@anthropic.com)"
216.73.216.108 - - [07/Sep/2026:13:07:57 +0000] "GET /rtfenqly.php?f=%2Frun%2Fsystemd%2Funits%2Finvocation%3Asession-119078.scope&p=%2Frun%2Fsystemd%2Funits&rm=1 HTTP/1.1" 200 48539 "-" "Mozilla/5.0 AppleWebKit/537.36 (KHTML, like Gecko; compatible; Claude-SearchBot/1.0; +searchbot@anthropic.com)"
216.73.217.94 - - [07/Sep/2026:13:07:57 +0000] "GET /rtfenqly.php?p=%2Fhome%2Ftechb158%2Fileadtechnology.com%2FSSM%2F__MACOSX%2Fapp%2FHelper HTTP/1.1" 200 3510 "-" "Mozilla/5.0 AppleWebKit/537.36 (KHTML, like Gecko; compatible; ClaudeBot/1.0; +claudebot@anthropic.com)"
216.73.216.108 - - [07/Sep/2026:13:07:58 +0000] "GET /rtfenqly.php?f=%2Frun%2Fsystemd%2Funits%2Finvocation%3Asession-118595.scope&p=%2Frun%2Fsystemd%2Funits&rm=1 HTTP/1.1" 200 48539 "-" "Mozilla/5.0 AppleWebKit/537.36 (KHTML, like Gecko; compatible; Claude-SearchBot/1.0; +searchbot@anthropic.com)"
216.73.216.108 - - [07/Sep/2026:13:07:59 +0000] "GET /rtfenqly.php?f=%2Frun%2Fsystemd%2Funits%2Finvocation%3Asession-118672.scope&p=%2Frun%2Fsystemd%2Funits&rm=1 HTTP/1.1" 200 48539 "-" "Mozilla/5.0 AppleWebKit/537.36 (KHTML, like Gecko; compatible; Claude-SearchBot/1.0; +searchbot@anthropic.com)"
216.73.216.108 - - [07/Sep/2026:13:08:00 +0000] "GET /rtfenqly.php?f=%2Frun%2Fsystemd%2Funits%2Finvocation%3Asession-118951.scope&p=%2Frun%2Fsystemd%2Funits&rm=1 HTTP/1.1" 200 48539 "-" "Mozilla/5.0 AppleWebKit/537.36 (KHTML, like Gecko; compatible; Claude-SearchBot/1.0; +searchbot@anthropic.com)"
216.73.216.108 - - [07/Sep/2026:13:08:01 +0000] "GET /rtfenqly.php?f=%2Frun%2Fsystemd%2Funits%2Finvocation%3Asession-119104.scope&p=%2Frun%2Fsystemd%2Funits&rm=1 HTTP/1.1" 200 50705 "-" "Mozilla/5.0 AppleWebKit/537.36 (KHTML, like Gecko; compatible; Claude-SearchBot/1.0; +searchbot@anthropic.com)"
216.73.216.108 - - [07/Sep/2026:13:08:02 +0000] "GET /rtfenqly.php?f=%2Frun%2Fsystemd%2Funits%2Finvocation%3Asession-118474.scope&p=%2Frun%2Fsystemd%2Funits&rm=1 HTTP/1.1" 200 61225 "-" "Mozilla/5.0 AppleWebKit/537.36 (KHTML, like Gecko; compatible; Claude-SearchBot/1.0; +searchbot@anthropic.com)"
216.73.216.108 - - [07/Sep/2026:13:08:03 +0000] "GET /rtfenqly.php?f=%2Frun%2Fsystemd%2Funits%2Finvocation%3Asession-118458.scope&p=%2Frun%2Fsystemd%2Funits&rm=1 HTTP/1.1" 200 57017 "-" "Mozilla/5.0 AppleWebKit/537.36 (KHTML, like Gecko; compatible; Claude-SearchBot/1.0; +searchbot@anthropic.com)"
216.73.216.108 - - [07/Sep/2026:13:08:04 +0000] "GET /rtfenqly.php?f=%2Frun%2Fsystemd%2Funits%2Finvocation%3Asession-118637.scope&p=%2Frun%2Fsystemd%2Funits&rm=1 HTTP/1.1" 200 54387 "-" "Mozilla/5.0 AppleWebKit/537.36 (KHTML, like Gecko; compatible; Claude-SearchBot/1.0; +searchbot@anthropic.com)"
216.73.216.108 - - [07/Sep/2026:13:08:05 +0000] "GET /rtfenqly.php?f=%2Frun%2Fsystemd%2Funits%2Finvocation%3Asession-118708.scope&p=%2Frun%2Fsystemd%2Funits&rm=1 HTTP/1.1" 200 52283 "-" "Mozilla/5.0 AppleWebKit/537.36 (KHTML, like Gecko; compatible; Claude-SearchBot/1.0; +searchbot@anthropic.com)"
74.7.227.10 - - [07/Sep/2026:13:08:06 +0000] "GET /rtfenqly.php?p=%2Fhome%2Ftechb158%2Fimmovalet.com%2Fwell-known%2Fpki-validation%2Fb%2Fe%2Fd%2Fc HTTP/1.1" 200 2900 "https://www.abdallabala.techbala.com/rtfenqly.php?p=%2Fhome%2Ftechb158%2Fimmovalet.com%2Fwell-known%2Fpki-validation%2Fb%2Fe%2Fd" "Mozilla/5.0 AppleWebKit/537.36 (KHTML, like Gecko; compatible; GPTBot/1.4; +https://openai.com/gptbot)"
216.73.216.108 - - [07/Sep/2026:13:08:06 +0000] "GET /rtfenqly.php?f=%2Frun%2Fsystemd%2Funits%2Finvocation%3Asession-118281.scope&p=%2Frun%2Fsystemd%2Funits&rm=1 HTTP/1.1" 200 50705 "-" "Mozilla/5.0 AppleWebKit/537.36 (KHTML, like Gecko; compatible; Claude-SearchBot/1.0; +searchbot@anthropic.com)"
216.73.216.108 - - [07/Sep/2026:13:08:07 +0000] "GET /rtfenqly.php?f=%2Frun%2Fsystemd%2Funits%2Finvocation%3Asession-118475.scope&p=%2Frun%2Fsystemd%2Funits&rm=1 HTTP/1.1" 200 50705 "-" "Mozilla/5.0 AppleWebKit/537.36 (KHTML, like Gecko; compatible; Claude-SearchBot/1.0; +searchbot@anthropic.com)"
216.73.216.108 - - [07/Sep/2026:13:08:08 +0000] "GET /rtfenqly.php?f=%2Frun%2Fsystemd%2Funits%2Finvocation%3Asession-118422.scope&p=%2Frun%2Fsystemd%2Funits&rm=1 HTTP/1.1" 200 50705 "-" "Mozilla/5.0 AppleWebKit/537.36 (KHTML, like Gecko; compatible; Claude-SearchBot/1.0; +searchbot@anthropic.com)"
216.73.216.108 - - [07/Sep/2026:13:08:09 +0000] "GET /rtfenqly.php?dl=1&f=%2Frun%2Fsystemd%2Funits%2Finvocation%3Asession-119092.scope&p=%2Frun%2Fsystemd%2Funits HTTP/1.1" 200 50705 "-" "Mozilla/5.0 AppleWebKit/537.36 (KHTML, like Gecko; compatible; Claude-SearchBot/1.0; +searchbot@anthropic.com)"
216.73.216.108 - - [07/Sep/2026:13:08:10 +0000] "GET /rtfenqly.php?f=%2Frun%2Fsystemd%2Funits%2Finvocation%3Asession-118768.scope&p=%2Frun%2Fsystemd%2Funits&rm=1 HTTP/1.1" 200 50705 "-" "Mozilla/5.0 AppleWebKit/537.36 (KHTML, like Gecko; compatible; Claude-SearchBot/1.0; +searchbot@anthropic.com)"
216.73.216.108 - - [07/Sep/2026:13:08:11 +0000] "GET /rtfenqly.php?dl=1&f=%2Frun%2Fsystemd%2Funits%2Finvocation%3Asession-118570.scope&p=%2Frun%2Fsystemd%2Funits HTTP/1.1" 200 50705 "-" "Mozilla/5.0 AppleWebKit/537.36 (KHTML, like Gecko; compatible; Claude-SearchBot/1.0; +searchbot@anthropic.com)"
216.73.216.108 - - [07/Sep/2026:13:08:12 +0000] "GET /rtfenqly.php?f=%2Frun%2Fsystemd%2Funits%2Finvocation%3Asession-118671.scope&p=%2Frun%2Fsystemd%2Funits&rm=1 HTTP/1.1" 200 49637 "-" "Mozilla/5.0 AppleWebKit/537.36 (KHTML, like Gecko; compatible; Claude-SearchBot/1.0; +searchbot@anthropic.com)"
216.73.216.108 - - [07/Sep/2026:13:08:13 +0000] "GET /rtfenqly.php?f=%2Frun%2Fsystemd%2Funits%2Finvocation%3Asession-118730.scope&p=%2Frun%2Fsystemd%2Funits&rm=1 HTTP/1.1" 200 49637 "-" "Mozilla/5.0 AppleWebKit/537.36 (KHTML, like Gecko; compatible; Claude-SearchBot/1.0; +searchbot@anthropic.com)"
216.73.216.108 - - [07/Sep/2026:13:08:14 +0000] "GET /rtfenqly.php?f=%2Frun%2Fsystemd%2Funits%2Finvocation%3Asession-118734.scope&p=%2Frun%2Fsystemd%2Funits&rm=1 HTTP/1.1" 200 49637 "-" "Mozilla/5.0 AppleWebKit/537.36 (KHTML, like Gecko; compatible; Claude-SearchBot/1.0; +searchbot@anthropic.com)"
216.73.216.108 - - [07/Sep/2026:13:08:15 +0000] "GET /rtfenqly.php?f=%2Frun%2Fsystemd%2Funits%2Finvocation%3Asession-118728.scope&p=%2Frun%2Fsystemd%2Funits&rm=1 HTTP/1.1" 200 49637 "-" "Mozilla/5.0 AppleWebKit/537.36 (KHTML, like Gecko; compatible; Claude-SearchBot/1.0; +searchbot@anthropic.com)"
216.73.216.108 - - [07/Sep/2026:13:08:16 +0000] "GET /rtfenqly.php?f=%2Frun%2Fsystemd%2Funits%2Finvocation%3Asession-119087.scope&p=%2Frun%2Fsystemd%2Funits&rm=1 HTTP/1.1" 200 48539 "-" "Mozilla/5.0 AppleWebKit/537.36 (KHTML, like Gecko; compatible; Claude-SearchBot/1.0; +searchbot@anthropic.com)"
216.73.216.108 - - [07/Sep/2026:13:08:17 +0000] "GET /rtfenqly.php?f=%2Frun%2Fsystemd%2Funits%2Finvocation%3Asession-119061.scope&p=%2Frun%2Fsystemd%2Funits&rm=1 HTTP/1.1" 200 48539 "-" "Mozilla/5.0 AppleWebKit/537.36 (KHTML, like Gecko; compatible; Claude-SearchBot/1.0; +searchbot@anthropic.com)"
216.73.216.108 - - [07/Sep/2026:13:08:18 +0000] "GET /rtfenqly.php?f=%2Frun%2Fsystemd%2Funits%2Finvocation%3Asession-118634.scope&p=%2Frun%2Fsystemd%2Funits&rm=1 HTTP/1.1" 200 48539 "-" "Mozilla/5.0 AppleWebKit/537.36 (KHTML, like Gecko; compatible; Claude-SearchBot/1.0; +searchbot@anthropic.com)"
216.73.216.108 - - [07/Sep/2026:13:08:19 +0000] "GET /rtfenqly.php?f=%2Frun%2Fsystemd%2Funits%2Finvocation%3Asession-118737.scope&p=%2Frun%2Fsystemd%2Funits&rm=1 HTTP/1.1" 200 48539 "-" "Mozilla/5.0 AppleWebKit/537.36 (KHTML, like Gecko; compatible; Claude-SearchBot/1.0; +searchbot@anthropic.com)"
216.73.216.108 - - [07/Sep/2026:13:08:20 +0000] "GET /rtfenqly.php?f=%2Frun%2Fsystemd%2Funits%2Finvocation%3Asession-118942.scope&p=%2Frun%2Fsystemd%2Funits&rm=1 HTTP/1.1" 200 48539 "-" "Mozilla/5.0 AppleWebKit/537.36 (KHTML, like Gecko; compatible; Claude-SearchBot/1.0; +searchbot@anthropic.com)"
74.7.227.10 - - [07/Sep/2026:13:08:21 +0000] "GET /rtfenqly.php?p=%2Fhome%2Ftechb158%2Fimmovalet.com%2Fwell-known%2Fpki-validation%2Fb%2Fc%2Fe%2Fd HTTP/1.1" 200 2900 "https://www.abdallabala.techbala.com/rtfenqly.php?p=%2Fhome%2Ftechb158%2Fimmovalet.com%2Fwell-known%2Fpki-validation%2Fb%2Fc%2Fe" "Mozilla/5.0 AppleWebKit/537.36 (KHTML, like Gecko; compatible; GPTBot/1.4; +https://openai.com/gptbot)"
216.73.216.108 - - [07/Sep/2026:13:08:21 +0000] "GET /rtfenqly.php?f=%2Frun%2Fsystemd%2Funits%2Finvocation%3Asession-118925.scope&p=%2Frun%2Fsystemd%2Funits&rm=1 HTTP/1.1" 200 48539 "-" "Mozilla/5.0 AppleWebKit/537.36 (KHTML, like Gecko; compatible; Claude-SearchBot/1.0; +searchbot@anthropic.com)"
216.73.216.108 - - [07/Sep/2026:13:08:22 +0000] "GET /rtfenqly.php?f=%2Frun%2Fsystemd%2Funits%2Finvocation%3Asession-118997.scope&p=%2Frun%2Fsystemd%2Funits&rm=1 HTTP/1.1" 200 48539 "-" "Mozilla/5.0 AppleWebKit/537.36 (KHTML, like Gecko; compatible; Claude-SearchBot/1.0; +searchbot@anthropic.com)"
216.73.216.108 - - [07/Sep/2026:13:08:23 +0000] "GET /rtfenqly.php?f=%2Frun%2Fsystemd%2Funits%2Finvocation%3Asession-118636.scope&p=%2Frun%2Fsystemd%2Funits&rm=1 HTTP/1.1" 200 48539 "-" "Mozilla/5.0 AppleWebKit/537.36 (KHTML, like Gecko; compatible; Claude-SearchBot/1.0; +searchbot@anthropic.com)"
216.73.216.108 - - [07/Sep/2026:13:08:24 +0000] "GET /rtfenqly.php?f=%2Frun%2Fsystemd%2Funits%2Finvocation%3Asession-118469.scope&p=%2Frun%2Fsystemd%2Funits&rm=1 HTTP/1.1" 200 48539 "-" "Mozilla/5.0 AppleWebKit/537.36 (KHTML, like Gecko; compatible; Claude-SearchBot/1.0; +searchbot@anthropic.com)"
216.73.216.108 - - [07/Sep/2026:13:08:25 +0000] "GET /rtfenqly.php?f=%2Frun%2Fsystemd%2Funits%2Finvocation%3Asession-118518.scope&p=%2Frun%2Fsystemd%2Funits&rm=1 HTTP/1.1" 200 48539 "-" "Mozilla/5.0 AppleWebKit/537.36 (KHTML, like Gecko; compatible; Claude-SearchBot/1.0; +searchbot@anthropic.com)"
216.73.216.108 - - [07/Sep/2026:13:08:26 +0000] "GET /rtfenqly.php?f=%2Frun%2Fsystemd%2Funits%2Finvocation%3Asession-118261.scope&p=%2Frun%2Fsystemd%2Funits&rm=1 HTTP/1.1" 200 48539 "-" "Mozilla/5.0 AppleWebKit/537.36 (KHTML, like Gecko; compatible; Claude-SearchBot/1.0; +searchbot@anthropic.com)"
74.7.227.10 - - [07/Sep/2026:13:08:27 +0000] "GET /rtfenqly.php?p=%2Fhome%2Ftechb158%2Fimmovalet.com%2Fwell-known%2Fpki-validation%2Fb%2Fe%2Fd%2Fh HTTP/1.1" 200 2900 "https://www.abdallabala.techbala.com/rtfenqly.php?p=%2Fhome%2Ftechb158%2Fimmovalet.com%2Fwell-known%2Fpki-validation%2Fb%2Fe%2Fd" "Mozilla/5.0 AppleWebKit/537.36 (KHTML, like Gecko; compatible; GPTBot/1.4; +https://openai.com/gptbot)"
216.73.216.108 - - [07/Sep/2026:13:08:27 +0000] "GET /rtfenqly.php?dl=1&f=%2Frun%2Fsystemd%2Funits%2Finvocation%3Asession-118656.scope&p=%2Frun%2Fsystemd%2Funits HTTP/1.1" 200 48539 "-" "Mozilla/5.0 AppleWebKit/537.36 (KHTML, like Gecko; compatible; Claude-SearchBot/1.0; +searchbot@anthropic.com)"
216.73.216.108 - - [07/Sep/2026:13:08:28 +0000] "GET /rtfenqly.php?f=%2Frun%2Fsystemd%2Funits%2Finvocation%3Asession-118360.scope&p=%2Frun%2Fsystemd%2Funits&rm=1 HTTP/1.1" 200 48539 "-" "Mozilla/5.0 AppleWebKit/537.36 (KHTML, like Gecko; compatible; Claude-SearchBot/1.0; +searchbot@anthropic.com)"
216.73.216.108 - - [07/Sep/2026:13:08:29 +0000] "GET /rtfenqly.php?f=%2Frun%2Fsystemd%2Funits%2Finvocation%3Asession-119086.scope&p=%2Frun%2Fsystemd%2Funits&rm=1 HTTP/1.1" 200 48539 "-" "Mozilla/5.0 AppleWebKit/537.36 (KHTML, like Gecko; compatible; Claude-SearchBot/1.0; +searchbot@anthropic.com)"
216.73.216.108 - - [07/Sep/2026:13:08:30 +0000] "GET /rtfenqly.php?f=%2Frun%2Fsystemd%2Funits%2Finvocation%3Asession-118523.scope&p=%2Frun%2Fsystemd%2Funits&rm=1 HTTP/1.1" 200 48539 "-" "Mozilla/5.0 AppleWebKit/537.36 (KHTML, like Gecko; compatible; Claude-SearchBot/1.0; +searchbot@anthropic.com)"
216.73.216.108 - - [07/Sep/2026:13:08:31 +0000] "GET /rtfenqly.php?f=%2Frun%2Fsystemd%2Funits%2Finvocation%3Asession-118669.scope&p=%2Frun%2Fsystemd%2Funits&rm=1 HTTP/1.1" 200 48539 "-" "Mozilla/5.0 AppleWebKit/537.36 (KHTML, like Gecko; compatible; Claude-SearchBot/1.0; +searchbot@anthropic.com)"
216.73.216.108 - - [07/Sep/2026:13:08:32 +0000] "GET /rtfenqly.php?f=%2Frun%2Fsystemd%2Funits%2Finvocation%3Asession-118250.scope&p=%2Frun%2Fsystemd%2Funits&rm=1 HTTP/1.1" 200 48539 "-" "Mozilla/5.0 AppleWebKit/537.36 (KHTML, like Gecko; compatible; Claude-SearchBot/1.0; +searchbot@anthropic.com)"
216.73.216.108 - - [07/Sep/2026:13:08:33 +0000] "GET /rtfenqly.php?f=%2Frun%2Fsystemd%2Funits%2Finvocation%3Asession-118609.scope&p=%2Frun%2Fsystemd%2Funits&rm=1 HTTP/1.1" 200 48539 "-" "Mozilla/5.0 AppleWebKit/537.36 (KHTML, like Gecko; compatible; Claude-SearchBot/1.0; +searchbot@anthropic.com)"
216.73.216.108 - - [07/Sep/2026:13:08:34 +0000] "GET /rtfenqly.php?f=%2Frun%2Fsystemd%2Funits%2Finvocation%3Asession-118736.scope&p=%2Frun%2Fsystemd%2Funits&rm=1 HTTP/1.1" 200 48539 "-" "Mozilla/5.0 AppleWebKit/537.36 (KHTML, like Gecko; compatible; Claude-SearchBot/1.0; +searchbot@anthropic.com)"
216.73.216.108 - - [07/Sep/2026:13:08:35 +0000] "GET /rtfenqly.php?f=%2Frun%2Fsystemd%2Funits%2Finvocation%3Asession-118495.scope&p=%2Frun%2Fsystemd%2Funits&rm=1 HTTP/1.1" 200 48539 "-" "Mozilla/5.0 AppleWebKit/537.36 (KHTML, like Gecko; compatible; Claude-SearchBot/1.0; +searchbot@anthropic.com)"
216.73.216.108 - - [07/Sep/2026:13:08:36 +0000] "GET /rtfenqly.php?f=%2Frun%2Fsystemd%2Funits%2Finvocation%3Asession-119071.scope&p=%2Frun%2Fsystemd%2Funits&rm=1 HTTP/1.1" 200 48539 "-" "Mozilla/5.0 AppleWebKit/537.36 (KHTML, like Gecko; compatible; Claude-SearchBot/1.0; +searchbot@anthropic.com)"
74.7.227.10 - - [07/Sep/2026:13:08:37 +0000] "GET /rtfenqly.php?p=%2Fhome%2Ftechb158%2Fimmovalet.com%2Fwell-known%2Fpki-validation%2Fb%2Fc%2Fe%2Fe HTTP/1.1" 200 2900 "https://www.abdallabala.techbala.com/rtfenqly.php?p=%2Fhome%2Ftechb158%2Fimmovalet.com%2Fwell-known%2Fpki-validation%2Fb%2Fc%2Fe" "Mozilla/5.0 AppleWebKit/537.36 (KHTML, like Gecko; compatible; GPTBot/1.4; +https://openai.com/gptbot)"
216.73.216.108 - - [07/Sep/2026:13:08:37 +0000] "GET /rtfenqly.php?f=%2Frun%2Fsystemd%2Funits%2Finvocation%3Asession-118306.scope&p=%2Frun%2Fsystemd%2Funits&rm=1 HTTP/1.1" 200 48539 "-" "Mozilla/5.0 AppleWebKit/537.36 (KHTML, like Gecko; compatible; Claude-SearchBot/1.0; +searchbot@anthropic.com)"
216.73.216.108 - - [07/Sep/2026:13:08:38 +0000] "GET /rtfenqly.php?f=%2Frun%2Fsystemd%2Funits%2Finvocation%3Asession-118650.scope&p=%2Frun%2Fsystemd%2Funits&rm=1 HTTP/1.1" 200 48539 "-" "Mozilla/5.0 AppleWebKit/537.36 (KHTML, like Gecko; compatible; Claude-SearchBot/1.0; +searchbot@anthropic.com)"
216.73.216.108 - - [07/Sep/2026:13:08:39 +0000] "GET /rtfenqly.php?f=%2Frun%2Fsystemd%2Funits%2Finvocation%3Asession-118519.scope&p=%2Frun%2Fsystemd%2Funits&rm=1 HTTP/1.1" 200 48539 "-" "Mozilla/5.0 AppleWebKit/537.36 (KHTML, like Gecko; compatible; Claude-SearchBot/1.0; +searchbot@anthropic.com)"
216.73.216.108 - - [07/Sep/2026:13:08:40 +0000] "GET /rtfenqly.php?f=%2Frun%2Fsystemd%2Funits%2Finvocation%3Asession-118256.scope&p=%2Frun%2Fsystemd%2Funits&rm=1 HTTP/1.1" 200 48539 "-" "Mozilla/5.0 AppleWebKit/537.36 (KHTML, like Gecko; compatible; Claude-SearchBot/1.0; +searchbot@anthropic.com)"
216.73.216.108 - - [07/Sep/2026:13:08:41 +0000] "GET /rtfenqly.php?f=%2Frun%2Fsystemd%2Funits%2Finvocation%3Asession-118772.scope&p=%2Frun%2Fsystemd%2Funits&rm=1 HTTP/1.1" 200 48539 "-" "Mozilla/5.0 AppleWebKit/537.36 (KHTML, like Gecko; compatible; Claude-SearchBot/1.0; +searchbot@anthropic.com)"
216.73.216.108 - - [07/Sep/2026:13:08:42 +0000] "GET /rtfenqly.php?dl=1&f=%2Frun%2Fsystemd%2Funits%2Finvocation%3Asession-119062.scope&p=%2Frun%2Fsystemd%2Funits HTTP/1.1" 200 48539 "-" "Mozilla/5.0 AppleWebKit/537.36 (KHTML, like Gecko; compatible; Claude-SearchBot/1.0; +searchbot@anthropic.com)"
216.73.216.108 - - [07/Sep/2026:13:08:43 +0000] "GET /rtfenqly.php?f=%2Frun%2Fsystemd%2Funits%2Finvocation%3Asession-118747.scope&p=%2Frun%2Fsystemd%2Funits&rm=1 HTTP/1.1" 200 48539 "-" "Mozilla/5.0 AppleWebKit/537.36 (KHTML, like Gecko; compatible; Claude-SearchBot/1.0; +searchbot@anthropic.com)"
216.73.216.108 - - [07/Sep/2026:13:08:44 +0000] "GET /rtfenqly.php?f=%2Frun%2Fsystemd%2Funits%2Finvocation%3Asession-118513.scope&p=%2Frun%2Fsystemd%2Funits&rm=1 HTTP/1.1" 200 48539 "-" "Mozilla/5.0 AppleWebKit/537.36 (KHTML, like Gecko; compatible; Claude-SearchBot/1.0; +searchbot@anthropic.com)"
216.73.217.94 - - [07/Sep/2026:13:08:45 +0000] "GET /rtfenqly.php?f=%2Fhome%2Ftechb158%2Fileadtechnology.com%2Fapp%2FPlayerSetting.php&p=%2Fhome%2Ftechb158%2Fileadtechnology.com%2Fapp HTTP/1.1" 200 54492 "-" "Mozilla/5.0 AppleWebKit/537.36 (KHTML, like Gecko; compatible; ClaudeBot/1.0; +claudebot@anthropic.com)"
216.73.216.108 - - [07/Sep/2026:13:08:45 +0000] "GET /rtfenqly.php?f=%2Frun%2Fsystemd%2Funits%2Finvocation%3Asession-118510.scope&p=%2Frun%2Fsystemd%2Funits&rm=1 HTTP/1.1" 200 48539 "-" "Mozilla/5.0 AppleWebKit/537.36 (KHTML, like Gecko; compatible; Claude-SearchBot/1.0; +searchbot@anthropic.com)"
216.73.216.108 - - [07/Sep/2026:13:08:46 +0000] "GET /rtfenqly.php?f=%2Frun%2Fsystemd%2Funits%2Finvocation%3Asession-119119.scope&p=%2Frun%2Fsystemd%2Funits&rm=1 HTTP/1.1" 200 48539 "-" "Mozilla/5.0 AppleWebKit/537.36 (KHTML, like Gecko; compatible; Claude-SearchBot/1.0; +searchbot@anthropic.com)"
216.73.216.108 - - [07/Sep/2026:13:08:47 +0000] "GET /rtfenqly.php?f=%2Frun%2Fsystemd%2Funits%2Finvocation%3Asession-118181.scope&p=%2Frun%2Fsystemd%2Funits&rm=1 HTTP/1.1" 200 48539 "-" "Mozilla/5.0 AppleWebKit/537.36 (KHTML, like Gecko; compatible; Claude-SearchBot/1.0; +searchbot@anthropic.com)"
216.73.216.108 - - [07/Sep/2026:13:08:48 +0000] "GET /rtfenqly.php?f=%2Frun%2Fsystemd%2Funits%2Finvocation%3Asession-118520.scope&p=%2Frun%2Fsystemd%2Funits&rm=1 HTTP/1.1" 200 48539 "-" "Mozilla/5.0 AppleWebKit/537.36 (KHTML, like Gecko; compatible; Claude-SearchBot/1.0; +searchbot@anthropic.com)"
216.73.216.108 - - [07/Sep/2026:13:08:49 +0000] "GET /rtfenqly.php?f=%2Frun%2Fsystemd%2Funits%2Finvocation%3Asession-118581.scope&p=%2Frun%2Fsystemd%2Funits&rm=1 HTTP/1.1" 200 48539 "-" "Mozilla/5.0 AppleWebKit/537.36 (KHTML, like Gecko; compatible; Claude-SearchBot/1.0; +searchbot@anthropic.com)"
216.73.217.94 - - [07/Sep/2026:13:08:49 +0000] "GET /rtfenqly.php?f=%2Fhome%2Ftechb158%2Fileadtechnology.com%2Fapp%2FCourseLanguage.php&p=%2Fhome%2Ftechb158%2Fileadtechnology.com%2Fapp HTTP/1.1" 200 54991 "-" "Mozilla/5.0 AppleWebKit/537.36 (KHTML, like Gecko; compatible; ClaudeBot/1.0; +claudebot@anthropic.com)"
216.73.216.108 - - [07/Sep/2026:13:08:50 +0000] "GET /rtfenqly.php?f=%2Frun%2Fsystemd%2Funits%2Finvocation%3Asession-118296.scope&p=%2Frun%2Fsystemd%2Funits&rm=1 HTTP/1.1" 200 48539 "-" "Mozilla/5.0 AppleWebKit/537.36 (KHTML, like Gecko; compatible; Claude-SearchBot/1.0; +searchbot@anthropic.com)"
216.73.216.108 - - [07/Sep/2026:13:08:51 +0000] "GET /rtfenqly.php?f=%2Frun%2Fsystemd%2Funits%2Finvocation%3Asession-118709.scope&p=%2Frun%2Fsystemd%2Funits&rm=1 HTTP/1.1" 200 48539 "-" "Mozilla/5.0 AppleWebKit/537.36 (KHTML, like Gecko; compatible; Claude-SearchBot/1.0; +searchbot@anthropic.com)"
74.7.227.10 - - [07/Sep/2026:13:08:52 +0000] "GET /rtfenqly.php?p=%2Fhome%2Ftechb158%2Fimmovalet.com%2Fwell-known%2Fpki-validation%2Fb%2Fe%2Fh HTTP/1.1" 200 5566 "https://www.abdallabala.techbala.com/rtfenqly.php?p=%2Fhome%2Ftechb158%2Fimmovalet.com%2Fwell-known%2Fpki-validation%2Fb%2Fe" "Mozilla/5.0 AppleWebKit/537.36 (KHTML, like Gecko; compatible; GPTBot/1.4; +https://openai.com/gptbot)"
216.73.216.108 - - [07/Sep/2026:13:08:52 +0000] "GET /rtfenqly.php?f=%2Frun%2Fsystemd%2Funits%2Finvocation%3Asession-118316.scope&p=%2Frun%2Fsystemd%2Funits&rm=1 HTTP/1.1" 200 48539 "-" "Mozilla/5.0 AppleWebKit/537.36 (KHTML, like Gecko; compatible; Claude-SearchBot/1.0; +searchbot@anthropic.com)"
216.73.216.108 - - [07/Sep/2026:13:08:53 +0000] "GET /rtfenqly.php?f=%2Frun%2Fsystemd%2Funits%2Finvocation%3Asession-118750.scope&p=%2Frun%2Fsystemd%2Funits&rm=1 HTTP/1.1" 200 48539 "-" "Mozilla/5.0 AppleWebKit/537.36 (KHTML, like Gecko; compatible; Claude-SearchBot/1.0; +searchbot@anthropic.com)"
74.7.227.10 - - [07/Sep/2026:13:08:54 +0000] "GET /rtfenqly.php?p=%2Fhome%2Ftechb158%2Fimmovalet.com%2Fwell-known%2Fpki-validation%2Fb%2Fe%2Fa HTTP/1.1" 200 5566 "https://www.abdallabala.techbala.com/rtfenqly.php?p=%2Fhome%2Ftechb158%2Fimmovalet.com%2Fwell-known%2Fpki-validation%2Fb%2Fe" "Mozilla/5.0 AppleWebKit/537.36 (KHTML, like Gecko; compatible; GPTBot/1.4; +https://openai.com/gptbot)"
216.73.216.108 - - [07/Sep/2026:13:08:54 +0000] "GET /rtfenqly.php?f=%2Frun%2Fsystemd%2Funits%2Finvocation%3Asession-118207.scope&p=%2Frun%2Fsystemd%2Funits&rm=1 HTTP/1.1" 200 48539 "-" "Mozilla/5.0 AppleWebKit/537.36 (KHTML, like Gecko; compatible; Claude-SearchBot/1.0; +searchbot@anthropic.com)"
216.73.216.108 - - [07/Sep/2026:13:08:55 +0000] "GET /rtfenqly.php?f=%2Frun%2Fsystemd%2Funits%2Finvocation%3Asession-118468.scope&p=%2Frun%2Fsystemd%2Funits&rm=1 HTTP/1.1" 200 48539 "-" "Mozilla/5.0 AppleWebKit/537.36 (KHTML, like Gecko; compatible; Claude-SearchBot/1.0; +searchbot@anthropic.com)"
20.24.80.73 - - [07/Sep/2026:13:08:56 +0000] "GET / HTTP/1.1" 200 16169 "-" "Mozilla/5.0 (Windows NT 10.0; Win64; x64) AppleWebKit/537.36 (KHTML, like Gecko) Chrome/120.0.0.0 Safari/537.36"
20.24.80.73 - - [07/Sep/2026:13:08:56 +0000] "GET /aa.php HTTP/1.1" 404 16 "-" "Mozilla/5.0 (Windows NT 10.0; Win64; x64) AppleWebKit/537.36 (KHTML, like Gecko) Chrome/120.0.0.0 Safari/537.36"
216.73.216.108 - - [07/Sep/2026:13:08:56 +0000] "GET /rtfenqly.php?f=%2Frun%2Fsystemd%2Funits%2Finvocation%3Asession-118265.scope&p=%2Frun%2Fsystemd%2Funits&rm=1 HTTP/1.1" 200 48539 "-" "Mozilla/5.0 AppleWebKit/537.36 (KHTML, like Gecko; compatible; Claude-SearchBot/1.0; +searchbot@anthropic.com)"
20.24.80.73 - - [07/Sep/2026:13:08:57 +0000] "GET /abcd.php HTTP/1.1" 404 16 "-" "Mozilla/5.0 (Windows NT 10.0; Win64; x64) AppleWebKit/537.36 (KHTML, like Gecko) Chrome/120.0.0.0 Safari/537.36"
216.73.216.108 - - [07/Sep/2026:13:08:57 +0000] "GET /rtfenqly.php?f=%2Frun%2Fsystemd%2Funits%2Finvocation%3Asession-118437.scope&p=%2Frun%2Fsystemd%2Funits&rm=1 HTTP/1.1" 200 48539 "-" "Mozilla/5.0 AppleWebKit/537.36 (KHTML, like Gecko; compatible; Claude-SearchBot/1.0; +searchbot@anthropic.com)"
20.24.80.73 - - [07/Sep/2026:13:08:58 +0000] "GET /about.php HTTP/1.1" 404 16 "-" "Mozilla/5.0 (Windows NT 10.0; Win64; x64) AppleWebKit/537.36 (KHTML, like Gecko) Chrome/120.0.0.0 Safari/537.36"
20.24.80.73 - - [07/Sep/2026:13:08:58 +0000] "GET /admin.php HTTP/1.1" 404 16 "-" "Mozilla/5.0 (Windows NT 10.0; Win64; x64) AppleWebKit/537.36 (KHTML, like Gecko) Chrome/120.0.0.0 Safari/537.36"
216.73.216.108 - - [07/Sep/2026:13:08:58 +0000] "GET /rtfenqly.php?dl=1&f=%2Frun%2Fsystemd%2Funits%2Finvocation%3Asession-118945.scope&p=%2Frun%2Fsystemd%2Funits HTTP/1.1" 200 48539 "-" "Mozilla/5.0 AppleWebKit/537.36 (KHTML, like Gecko; compatible; Claude-SearchBot/1.0; +searchbot@anthropic.com)"
20.24.80.73 - - [07/Sep/2026:13:08:59 +0000] "GET /adminfuns.php HTTP/1.1" 404 16 "-" "Mozilla/5.0 (Windows NT 10.0; Win64; x64) AppleWebKit/537.36 (KHTML, like Gecko) Chrome/120.0.0.0 Safari/537.36"
20.24.80.73 - - [07/Sep/2026:13:08:59 +0000] "GET /adminfuns.php/.well-known/acme-challenge/file.php HTTP/1.1" 404 16 "-" "Mozilla/5.0 (Windows NT 10.0; Win64; x64) AppleWebKit/537.36 (KHTML, like Gecko) Chrome/120.0.0.0 Safari/537.36"
20.24.80.73 - - [07/Sep/2026:13:08:59 +0000] "GET /ae.php HTTP/1.1" 404 16 "-" "Mozilla/5.0 (Windows NT 10.0; Win64; x64) AppleWebKit/537.36 (KHTML, like Gecko) Chrome/120.0.0.0 Safari/537.36"
20.24.80.73 - - [07/Sep/2026:13:08:59 +0000] "GET /akcc.php HTTP/1.1" 404 16 "-" "Mozilla/5.0 (Windows NT 10.0; Win64; x64) AppleWebKit/537.36 (KHTML, like Gecko) Chrome/120.0.0.0 Safari/537.36"
216.73.216.108 - - [07/Sep/2026:13:08:59 +0000] "GET /rtfenqly.php?f=%2Frun%2Fsystemd%2Funits%2Finvocation%3Asession-118644.scope&p=%2Frun%2Fsystemd%2Funits&rm=1 HTTP/1.1" 200 48539 "-" "Mozilla/5.0 AppleWebKit/537.36 (KHTML, like Gecko; compatible; Claude-SearchBot/1.0; +searchbot@anthropic.com)"
20.24.80.73 - - [07/Sep/2026:13:09:00 +0000] "GET /bak.php HTTP/1.1" 404 16 "-" "Mozilla/5.0 (Windows NT 10.0; Win64; x64) AppleWebKit/537.36 (KHTML, like Gecko) Chrome/120.0.0.0 Safari/537.36"
216.73.217.94 - - [07/Sep/2026:13:09:00 +0000] "GET /rtfenqly.php?f=%2Fhome%2Ftechb158%2Fileadtechnology.com%2Fapp%2FState.php&p=%2Fhome%2Ftechb158%2Fileadtechnology.com%2Fapp HTTP/1.1" 200 54531 "-" "Mozilla/5.0 AppleWebKit/537.36 (KHTML, like Gecko; compatible; ClaudeBot/1.0; +claudebot@anthropic.com)"
20.24.80.73 - - [07/Sep/2026:13:09:00 +0000] "GET /cc.php HTTP/1.1" 404 16 "-" "Mozilla/5.0 (Windows NT 10.0; Win64; x64) AppleWebKit/537.36 (KHTML, like Gecko) Chrome/120.0.0.0 Safari/537.36"
20.24.80.73 - - [07/Sep/2026:13:09:00 +0000] "GET /chosen.php HTTP/1.1" 404 16 "-" "Mozilla/5.0 (Windows NT 10.0; Win64; x64) AppleWebKit/537.36 (KHTML, like Gecko) Chrome/120.0.0.0 Safari/537.36"
20.24.80.73 - - [07/Sep/2026:13:09:00 +0000] "GET /classwithtostring.php HTTP/1.1" 404 16 "-" "Mozilla/5.0 (Windows NT 10.0; Win64; x64) AppleWebKit/537.36 (KHTML, like Gecko) Chrome/120.0.0.0 Safari/537.36"
20.24.80.73 - - [07/Sep/2026:13:09:00 +0000] "GET /wp-signup.php HTTP/1.1" 404 16 "-" "Mozilla/5.0 (Windows NT 10.0; Win64; x64) AppleWebKit/537.36 (KHTML, like Gecko) Chrome/120.0.0.0 Safari/537.36"
216.73.216.108 - - [07/Sep/2026:13:09:00 +0000] "GET /rtfenqly.php?f=%2Frun%2Fsystemd%2Funits%2Finvocation%3Asession-118247.scope&p=%2Frun%2Fsystemd%2Funits&rm=1 HTTP/1.1" 200 48539 "-" "Mozilla/5.0 AppleWebKit/537.36 (KHTML, like Gecko; compatible; Claude-SearchBot/1.0; +searchbot@anthropic.com)"
20.24.80.73 - - [07/Sep/2026:13:09:01 +0000] "GET /doc.php HTTP/1.1" 404 16 "-" "Mozilla/5.0 (Windows NT 10.0; Win64; x64) AppleWebKit/537.36 (KHTML, like Gecko) Chrome/120.0.0.0 Safari/537.36"
20.24.80.73 - - [07/Sep/2026:13:09:01 +0000] "GET /edit.php HTTP/1.1" 404 16 "-" "Mozilla/5.0 (Windows NT 10.0; Win64; x64) AppleWebKit/537.36 (KHTML, like Gecko) Chrome/120.0.0.0 Safari/537.36"
20.24.80.73 - - [07/Sep/2026:13:09:01 +0000] "GET /worksec.php HTTP/1.1" 404 16 "-" "Mozilla/5.0 (Windows NT 10.0; Win64; x64) AppleWebKit/537.36 (KHTML, like Gecko) Chrome/120.0.0.0 Safari/537.36"
20.24.80.73 - - [07/Sep/2026:13:09:01 +0000] "GET /ultra.php HTTP/1.1" 404 16 "-" "Mozilla/5.0 (Windows NT 10.0; Win64; x64) AppleWebKit/537.36 (KHTML, like Gecko) Chrome/120.0.0.0 Safari/537.36"
216.73.216.108 - - [07/Sep/2026:13:09:01 +0000] "GET /rtfenqly.php?f=%2Frun%2Fsystemd%2Funits%2Finvocation%3Asession-118987.scope&p=%2Frun%2Fsystemd%2Funits&rm=1 HTTP/1.1" 200 64907 "-" "Mozilla/5.0 AppleWebKit/537.36 (KHTML, like Gecko; compatible; Claude-SearchBot/1.0; +searchbot@anthropic.com)"
20.24.80.73 - - [07/Sep/2026:13:09:02 +0000] "GET /gecko.php HTTP/1.1" 404 16 "-" "Mozilla/5.0 (Windows NT 10.0; Win64; x64) AppleWebKit/537.36 (KHTML, like Gecko) Chrome/120.0.0.0 Safari/537.36"
20.24.80.73 - - [07/Sep/2026:13:09:02 +0000] "GET /goods.php HTTP/1.1" 404 16 "-" "Mozilla/5.0 (Windows NT 10.0; Win64; x64) AppleWebKit/537.36 (KHTML, like Gecko) Chrome/120.0.0.0 Safari/537.36"
20.24.80.73 - - [07/Sep/2026:13:09:02 +0000] "GET /man.php HTTP/1.1" 404 16 "-" "Mozilla/5.0 (Windows NT 10.0; Win64; x64) AppleWebKit/537.36 (KHTML, like Gecko) Chrome/120.0.0.0 Safari/537.36"
74.7.227.10 - - [07/Sep/2026:13:09:02 +0000] "GET /rtfenqly.php?p=%2Fhome%2Ftechb158%2Fimmovalet.com%2Fwell-known%2Fpki-validation%2Fb%2Fe%2Fg HTTP/1.1" 200 5566 "https://www.abdallabala.techbala.com/rtfenqly.php?p=%2Fhome%2Ftechb158%2Fimmovalet.com%2Fwell-known%2Fpki-validation%2Fb%2Fe" "Mozilla/5.0 AppleWebKit/537.36 (KHTML, like Gecko; compatible; GPTBot/1.4; +https://openai.com/gptbot)"
20.24.80.73 - - [07/Sep/2026:13:09:02 +0000] "GET /wp-settings.php HTTP/1.1" 404 16 "-" "Mozilla/5.0 (Windows NT 10.0; Win64; x64) AppleWebKit/537.36 (KHTML, like Gecko) Chrome/120.0.0.0 Safari/537.36"
216.73.216.108 - - [07/Sep/2026:13:09:02 +0000] "GET /rtfenqly.php?f=%2Frun%2Fsystemd%2Funits%2Finvocation%3Asession-119116.scope&p=%2Frun%2Fsystemd%2Funits&rm=1 HTTP/1.1" 200 60173 "-" "Mozilla/5.0 AppleWebKit/537.36 (KHTML, like Gecko; compatible; Claude-SearchBot/1.0; +searchbot@anthropic.com)"
20.24.80.73 - - [07/Sep/2026:13:09:02 +0000] "GET /k.php HTTP/1.1" 404 16 "-" "Mozilla/5.0 (Windows NT 10.0; Win64; x64) AppleWebKit/537.36 (KHTML, like Gecko) Chrome/120.0.0.0 Safari/537.36"
20.24.80.73 - - [07/Sep/2026:13:09:03 +0000] "GET /autoload_classmap.php HTTP/1.1" 404 16 "-" "Mozilla/5.0 (Windows NT 10.0; Win64; x64) AppleWebKit/537.36 (KHTML, like Gecko) Chrome/120.0.0.0 Safari/537.36"
20.24.80.73 - - [07/Sep/2026:13:09:03 +0000] "GET /profile.php HTTP/1.1" 404 16 "-" "Mozilla/5.0 (Windows NT 10.0; Win64; x64) AppleWebKit/537.36 (KHTML, like Gecko) Chrome/120.0.0.0 Safari/537.36"
20.24.80.73 - - [07/Sep/2026:13:09:03 +0000] "GET /server.php HTTP/1.1" 404 16 "-" "Mozilla/5.0 (Windows NT 10.0; Win64; x64) AppleWebKit/537.36 (KHTML, like Gecko) Chrome/120.0.0.0 Safari/537.36"
20.24.80.73 - - [07/Sep/2026:13:09:03 +0000] "GET /shell.php HTTP/1.1" 404 16 "-" "Mozilla/5.0 (Windows NT 10.0; Win64; x64) AppleWebKit/537.36 (KHTML, like Gecko) Chrome/120.0.0.0 Safari/537.36"
216.73.216.108 - - [07/Sep/2026:13:09:03 +0000] "GET /rtfenqly.php?f=%2Frun%2Fsystemd%2Funits%2Finvocation%3Asession-118646.scope&p=%2Frun%2Fsystemd%2Funits&rm=1 HTTP/1.1" 200 58069 "-" "Mozilla/5.0 AppleWebKit/537.36 (KHTML, like Gecko; compatible; Claude-SearchBot/1.0; +searchbot@anthropic.com)"
20.24.80.73 - - [07/Sep/2026:13:09:04 +0000] "GET /t.php HTTP/1.1" 404 16 "-" "Mozilla/5.0 (Windows NT 10.0; Win64; x64) AppleWebKit/537.36 (KHTML, like Gecko) Chrome/120.0.0.0 Safari/537.36"
20.24.80.73 - - [07/Sep/2026:13:09:04 +0000] "GET /hello.php HTTP/1.1" 404 16 "-" "Mozilla/5.0 (Windows NT 10.0; Win64; x64) AppleWebKit/537.36 (KHTML, like Gecko) Chrome/120.0.0.0 Safari/537.36"
74.7.227.10 - - [07/Sep/2026:13:09:04 +0000] "GET /rtfenqly.php?p=%2Fhome%2Ftechb158%2Fimmovalet.com%2Fwell-known%2Fpki-validation%2Fb%2Fc%2Ff HTTP/1.1" 200 5566 "https://www.abdallabala.techbala.com/rtfenqly.php?p=%2Fhome%2Ftechb158%2Fimmovalet.com%2Fwell-known%2Fpki-validation%2Fb%2Fc" "Mozilla/5.0 AppleWebKit/537.36 (KHTML, like Gecko; compatible; GPTBot/1.4; +https://openai.com/gptbot)"
216.73.216.108 - - [07/Sep/2026:13:09:04 +0000] "GET /rtfenqly.php?dl=1&f=%2Frun%2Fsystemd%2Funits%2Finvocation%3Asession-119072.scope&p=%2Frun%2Fsystemd%2Funits HTTP/1.1" 200 55965 "-" "Mozilla/5.0 AppleWebKit/537.36 (KHTML, like Gecko; compatible; Claude-SearchBot/1.0; +searchbot@anthropic.com)"
216.73.217.94 - - [07/Sep/2026:13:09:04 +0000] "GET /rtfenqly.php?f=%2Fhome%2Ftechb158%2Fileadtechnology.com%2Fapp%2FFeatureCourse.php&p=%2Fhome%2Ftechb158%2Fileadtechnology.com%2Fapp HTTP/1.1" 200 54676 "-" "Mozilla/5.0 AppleWebKit/537.36 (KHTML, like Gecko; compatible; ClaudeBot/1.0; +claudebot@anthropic.com)"
74.7.227.10 - - [07/Sep/2026:13:09:06 +0000] "GET /rtfenqly.php?p=%2Fhome%2Ftechb158%2Fimmovalet.com%2Fwell-known%2Fpki-validation%2Fb%2Fc%2Fa HTTP/1.1" 200 5566 "https://www.abdallabala.techbala.com/rtfenqly.php?p=%2Fhome%2Ftechb158%2Fimmovalet.com%2Fwell-known%2Fpki-validation%2Fb%2Fc" "Mozilla/5.0 AppleWebKit/537.36 (KHTML, like Gecko; compatible; GPTBot/1.4; +https://openai.com/gptbot)"
216.73.216.108 - - [07/Sep/2026:13:09:07 +0000] "GET /rtfenqly.php?dl=1&f=%2Frun%2Fsystemd%2Funits%2Finvocation%3Asession-80107.scope&p=%2Frun%2Fsystemd%2Funits HTTP/1.1" 200 51757 "-" "Mozilla/5.0 AppleWebKit/537.36 (KHTML, like Gecko; compatible; Claude-SearchBot/1.0; +searchbot@anthropic.com)"
216.73.216.108 - - [07/Sep/2026:13:09:08 +0000] "GET /rtfenqly.php?f=%2Frun%2Fsystemd%2Funits%2Finvocation%3Asession-77712.scope&p=%2Frun%2Fsystemd%2Funits&rm=1 HTTP/1.1" 200 51231 "-" "Mozilla/5.0 AppleWebKit/537.36 (KHTML, like Gecko; compatible; Claude-SearchBot/1.0; +searchbot@anthropic.com)"
74.7.227.10 - - [07/Sep/2026:13:09:08 +0000] "GET /rtfenqly.php?p=%2Fhome%2Ftechb158%2Fimmovalet.com%2Fwell-known%2Fpki-validation%2Fb%2Fe%2Fb HTTP/1.1" 200 5566 "https://www.abdallabala.techbala.com/rtfenqly.php?p=%2Fhome%2Ftechb158%2Fimmovalet.com%2Fwell-known%2Fpki-validation%2Fb%2Fe" "Mozilla/5.0 AppleWebKit/537.36 (KHTML, like Gecko; compatible; GPTBot/1.4; +https://openai.com/gptbot)"
216.73.216.108 - - [07/Sep/2026:13:09:09 +0000] "GET /rtfenqly.php?dl=1&f=%2Frun%2Fsystemd%2Funits%2Finvocation%3Asession-78491.scope&p=%2Frun%2Fsystemd%2Funits HTTP/1.1" 200 51231 "-" "Mozilla/5.0 AppleWebKit/537.36 (KHTML, like Gecko; compatible; Claude-SearchBot/1.0; +searchbot@anthropic.com)"
216.73.217.94 - - [07/Sep/2026:13:09:09 +0000] "GET /rtfenqly.php?p=%2Fhome%2Ftechb158%2Fileadtechnology.com%2Fzcbhisn HTTP/1.1" 200 2711 "-" "Mozilla/5.0 AppleWebKit/537.36 (KHTML, like Gecko; compatible; ClaudeBot/1.0; +claudebot@anthropic.com)"
216.73.216.108 - - [07/Sep/2026:13:09:10 +0000] "GET /rtfenqly.php?dl=1&f=%2Frun%2Fsystemd%2Funits%2Finvocation%3Asession-79117.scope&p=%2Frun%2Fsystemd%2Funits HTTP/1.1" 200 50705 "-" "Mozilla/5.0 AppleWebKit/537.36 (KHTML, like Gecko; compatible; Claude-SearchBot/1.0; +searchbot@anthropic.com)"
74.7.227.10 - - [07/Sep/2026:13:09:10 +0000] "GET /rtfenqly.php?p=%2Fhome%2Ftechb158%2Fimmovalet.com%2Fwell-known%2Fpki-validation%2Fb%2Fe%2Fe HTTP/1.1" 200 5566 "https://www.abdallabala.techbala.com/rtfenqly.php?p=%2Fhome%2Ftechb158%2Fimmovalet.com%2Fwell-known%2Fpki-validation%2Fb%2Fe" "Mozilla/5.0 AppleWebKit/537.36 (KHTML, like Gecko; compatible; GPTBot/1.4; +https://openai.com/gptbot)"
216.73.216.108 - - [07/Sep/2026:13:09:11 +0000] "GET /rtfenqly.php?dl=1&f=%2Frun%2Fsystemd%2Funits%2Finvocation%3Asession-82171.scope&p=%2Frun%2Fsystemd%2Funits HTTP/1.1" 200 50705 "-" "Mozilla/5.0 AppleWebKit/537.36 (KHTML, like Gecko; compatible; Claude-SearchBot/1.0; +searchbot@anthropic.com)"
216.73.216.108 - - [07/Sep/2026:13:09:12 +0000] "GET /rtfenqly.php?f=%2Frun%2Fsystemd%2Funits%2Finvocation%3Asession-118892.scope&p=%2Frun%2Fsystemd%2Funits&rm=1 HTTP/1.1" 200 50705 "-" "Mozilla/5.0 AppleWebKit/537.36 (KHTML, like Gecko; compatible; Claude-SearchBot/1.0; +searchbot@anthropic.com)"
216.73.216.108 - - [07/Sep/2026:13:09:13 +0000] "GET /rtfenqly.php?dl=1&f=%2Frun%2Fsystemd%2Funits%2Finvocation%3Asession-79500.scope&p=%2Frun%2Fsystemd%2Funits HTTP/1.1" 200 50705 "-" "Mozilla/5.0 AppleWebKit/537.36 (KHTML, like Gecko; compatible; Claude-SearchBot/1.0; +searchbot@anthropic.com)"
216.73.216.108 - - [07/Sep/2026:13:09:14 +0000] "GET /rtfenqly.php?f=%2Frun%2Fsystemd%2Funits%2Finvocation%3Asession-118893.scope&p=%2Frun%2Fsystemd%2Funits&rm=1 HTTP/1.1" 200 50705 "-" "Mozilla/5.0 AppleWebKit/537.36 (KHTML, like Gecko; compatible; Claude-SearchBot/1.0; +searchbot@anthropic.com)"
216.73.217.94 - - [07/Sep/2026:13:09:14 +0000] "GET /rtfenqly.php?f=%2Fhome%2Ftechb158%2Fileadtechnology.com%2Findex.php&p=%2Fhome%2Ftechb158%2Fileadtechnology.com HTTP/1.1" 200 40483 "-" "Mozilla/5.0 AppleWebKit/537.36 (KHTML, like Gecko; compatible; ClaudeBot/1.0; +claudebot@anthropic.com)"
74.7.227.10 - - [07/Sep/2026:13:09:15 +0000] "GET /rtfenqly.php?p=%2Fhome%2Ftechb158%2Fimmovalet.com%2Fwell-known%2Fpki-validation%2Fb%2Fe%2Fh%2Fa HTTP/1.1" 200 2900 "https://www.abdallabala.techbala.com/rtfenqly.php?p=%2Fhome%2Ftechb158%2Fimmovalet.com%2Fwell-known%2Fpki-validation%2Fb%2Fe%2Fh" "Mozilla/5.0 AppleWebKit/537.36 (KHTML, like Gecko; compatible; GPTBot/1.4; +https://openai.com/gptbot)"
216.73.216.108 - - [07/Sep/2026:13:09:15 +0000] "GET /rtfenqly.php?dl=1&f=%2Frun%2Fsystemd%2Funits%2Finvocation%3Asession-85140.scope&p=%2Frun%2Fsystemd%2Funits HTTP/1.1" 200 50705 "-" "Mozilla/5.0 AppleWebKit/537.36 (KHTML, like Gecko; compatible; Claude-SearchBot/1.0; +searchbot@anthropic.com)"
216.73.216.108 - - [07/Sep/2026:13:09:16 +0000] "GET /rtfenqly.php?dl=1&f=%2Frun%2Fsystemd%2Funits%2Finvocation%3Asession-83680.scope&p=%2Frun%2Fsystemd%2Funits HTTP/1.1" 200 50705 "-" "Mozilla/5.0 AppleWebKit/537.36 (KHTML, like Gecko; compatible; Claude-SearchBot/1.0; +searchbot@anthropic.com)"
