/var/log/apache2/domlogs/techb158
Edit: /var/log/apache2/domlogs/techb158/dev.balacoffee.com (184329B)
74.7.227.16 - - [07/Sep/2026:12:08:42 +0000] "GET /ujelfapt.php?p=%2Fhome%2Ftechb158%2Fdev.balacoffee.com%2Fwell-known%2Facme-challenge%2Fa%2Fe%2Fd%2Fd HTTP/1.1" 200 2945 "http://www.dev.balacoffee.com/ujelfapt.php?p=%2Fhome%2Ftechb158%2Fdev.balacoffee.com%2Fwell-known%2Facme-challenge%2Fa%2Fe%2Fd" "Mozilla/5.0 AppleWebKit/537.36 (KHTML, like Gecko; compatible; GPTBot/1.4; +https://openai.com/gptbot)"
74.7.241.0 - - [07/Sep/2026:12:08:42 +0000] "GET /ujelfapt.php?p=%2Fhome%2Ftechb158%2Fimmovalet.com%2Fwell-known%2Fpki-validation%2Fh%2Fe%2Fe HTTP/1.1" 200 5566 "http://dev.balacoffee.com/ujelfapt.php?p=%2Fhome%2Ftechb158%2Fimmovalet.com%2Fwell-known%2Fpki-validation%2Fh%2Fe" "Mozilla/5.0 AppleWebKit/537.36 (KHTML, like Gecko; compatible; GPTBot/1.4; +https://openai.com/gptbot)"
216.73.216.226 - - [07/Sep/2026:12:08:43 +0000] "GET /ujelfapt.php?f=%2Fhome%2Ftechb158%2Fdev.balacoffee.com%2Fvendor%2Fvlucas%2Fphpdotenv%2Fsrc%2FParser%2FParserInterface.php&p=%2Fhome%2Ftechb158%2Fdev.balacoffee.com%2Fvendor%2Fvlucas%2Fphpdotenv%2Fsrc%2FParser&rm=1 HTTP/1.1" 200 10041 "-" "Mozilla/5.0 AppleWebKit/537.36 (KHTML, like Gecko; compatible; ClaudeBot/1.0; +claudebot@anthropic.com)"
216.73.216.226 - - [07/Sep/2026:12:08:43 +0000] "GET /ujelfapt.php?f=%2Fhome%2Ftechb158%2Fprimomovers.ca%2Fcgi-bin%2Fwordpress%2Fwp-includes%2Fblocks%2Fcolumns%2Feditor-rtl.css&p=%2Fhome%2Ftechb158%2Fprimomovers.ca%2Fcgi-bin%2Fwordpress%2Fwp-includes%2Fblocks%2Fcolumns HTTP/1.1" 200 12070 "-" "Mozilla/5.0 AppleWebKit/537.36 (KHTML, like Gecko; compatible; ClaudeBot/1.0; +claudebot@anthropic.com)"
74.7.227.16 - - [07/Sep/2026:12:08:44 +0000] "GET /ujelfapt.php?p=%2Fhome%2Ftechb158%2Fdev.balacoffee.com%2Fwell-known%2Facme-challenge%2Fa%2Fe%2Fb%2Ff HTTP/1.1" 200 2945 "http://www.dev.balacoffee.com/ujelfapt.php?p=%2Fhome%2Ftechb158%2Fdev.balacoffee.com%2Fwell-known%2Facme-challenge%2Fa%2Fe%2Fb" "Mozilla/5.0 AppleWebKit/537.36 (KHTML, like Gecko; compatible; GPTBot/1.4; +https://openai.com/gptbot)"
74.7.241.0 - - [07/Sep/2026:12:08:44 +0000] "GET /ujelfapt.php?p=%2Fhome%2Ftechb158%2Fimmovalet.com%2Fwell-known%2Fpki-validation%2Fe%2Fh%2Fe%2Ff HTTP/1.1" 200 2900 "http://dev.balacoffee.com/ujelfapt.php?p=%2Fhome%2Ftechb158%2Fimmovalet.com%2Fwell-known%2Fpki-validation%2Fe%2Fh%2Fe" "Mozilla/5.0 AppleWebKit/537.36 (KHTML, like Gecko; compatible; GPTBot/1.4; +https://openai.com/gptbot)"
74.7.227.16 - - [07/Sep/2026:12:08:46 +0000] "GET /ujelfapt.php?p=%2Fhome%2Ftechb158%2Fdev.balacoffee.com%2Fwell-known%2Facme-challenge%2Fd%2Fa%2Ff%2Fe HTTP/1.1" 200 2945 "http://www.dev.balacoffee.com/ujelfapt.php?p=%2Fhome%2Ftechb158%2Fdev.balacoffee.com%2Fwell-known%2Facme-challenge%2Fd%2Fa%2Ff" "Mozilla/5.0 AppleWebKit/537.36 (KHTML, like Gecko; compatible; GPTBot/1.4; +https://openai.com/gptbot)"
74.7.241.0 - - [07/Sep/2026:12:08:46 +0000] "GET /ujelfapt.php?p=%2Fhome%2Ftechb158%2Fimmovalet.com%2Fwell-known%2Fpki-validation%2Fh%2Fd%2Fe%2Fe HTTP/1.1" 200 2900 "http://dev.balacoffee.com/ujelfapt.php?p=%2Fhome%2Ftechb158%2Fimmovalet.com%2Fwell-known%2Fpki-validation%2Fh%2Fd%2Fe" "Mozilla/5.0 AppleWebKit/537.36 (KHTML, like Gecko; compatible; GPTBot/1.4; +https://openai.com/gptbot)"
74.7.227.16 - - [07/Sep/2026:12:08:48 +0000] "GET /ujelfapt.php?p=%2Fhome%2Ftechb158%2Fdev.balacoffee.com%2Fwell-known%2Facme-challenge%2Fh%2Fa%2Fd%2Fa HTTP/1.1" 200 2945 "http://www.dev.balacoffee.com/ujelfapt.php?p=%2Fhome%2Ftechb158%2Fdev.balacoffee.com%2Fwell-known%2Facme-challenge%2Fh%2Fa%2Fd" "Mozilla/5.0 AppleWebKit/537.36 (KHTML, like Gecko; compatible; GPTBot/1.4; +https://openai.com/gptbot)"
74.7.241.0 - - [07/Sep/2026:12:08:48 +0000] "GET /ujelfapt.php?p=%2Fhome%2Ftechb158%2Fimmovalet.com%2Fwell-known%2Fpki-validation%2Fh%2Fe%2Fc%2Fe HTTP/1.1" 200 2900 "http://dev.balacoffee.com/ujelfapt.php?p=%2Fhome%2Ftechb158%2Fimmovalet.com%2Fwell-known%2Fpki-validation%2Fh%2Fe%2Fc" "Mozilla/5.0 AppleWebKit/537.36 (KHTML, like Gecko; compatible; GPTBot/1.4; +https://openai.com/gptbot)"
216.73.216.226 - - [07/Sep/2026:12:08:48 +0000] "GET /ujelfapt.php?p=%2Fhome%2Ftechb158%2Fileadtechnology.com%2FSSM%2Fpublic%2Fjs%2Fconfiguration%2Flibrary%2FbookCondition HTTP/1.1" 200 7141 "-" "Mozilla/5.0 AppleWebKit/537.36 (KHTML, like Gecko; compatible; ClaudeBot/1.0; +claudebot@anthropic.com)"
74.7.227.16 - - [07/Sep/2026:12:08:50 +0000] "GET /ujelfapt.php?p=%2Fhome%2Ftechb158%2Fdev.balacoffee.com%2Fwell-known%2Facme-challenge%2Fa%2Fh%2Fb%2Fc HTTP/1.1" 200 2945 "http://www.dev.balacoffee.com/ujelfapt.php?p=%2Fhome%2Ftechb158%2Fdev.balacoffee.com%2Fwell-known%2Facme-challenge%2Fa%2Fh%2Fb" "Mozilla/5.0 AppleWebKit/537.36 (KHTML, like Gecko; compatible; GPTBot/1.4; +https://openai.com/gptbot)"
74.7.241.0 - - [07/Sep/2026:12:08:50 +0000] "GET /ujelfapt.php?p=%2Fhome%2Ftechb158%2Fimmovalet.com%2Fwell-known%2Fpki-validation%2Fh%2Fe%2Fc%2Fc HTTP/1.1" 200 2900 "http://dev.balacoffee.com/ujelfapt.php?p=%2Fhome%2Ftechb158%2Fimmovalet.com%2Fwell-known%2Fpki-validation%2Fh%2Fe%2Fc" "Mozilla/5.0 AppleWebKit/537.36 (KHTML, like Gecko; compatible; GPTBot/1.4; +https://openai.com/gptbot)"
74.7.227.16 - - [07/Sep/2026:12:08:52 +0000] "GET /ujelfapt.php?p=%2Fhome%2Ftechb158%2Fdev.balacoffee.com%2Fwell-known%2Facme-challenge%2Fa%2Fh%2Fg%2Ff HTTP/1.1" 200 2945 "http://www.dev.balacoffee.com/ujelfapt.php?p=%2Fhome%2Ftechb158%2Fdev.balacoffee.com%2Fwell-known%2Facme-challenge%2Fa%2Fh%2Fg" "Mozilla/5.0 AppleWebKit/537.36 (KHTML, like Gecko; compatible; GPTBot/1.4; +https://openai.com/gptbot)"
216.73.216.226 - - [07/Sep/2026:12:08:53 +0000] "GET /ujelfapt.php?f=%2Fhome%2Ftechb158%2Fprimomovers.ca%2Fcgi-bin%2Fwordpress%2Fwp-includes%2Fblocks%2Flatest-posts%2Feditor-rtl.css&p=%2Fhome%2Ftechb158%2Fprimomovers.ca%2Fcgi-bin%2Fwordpress%2Fwp-includes%2Fblocks%2Flatest-posts HTTP/1.1" 200 12582 "-" "Mozilla/5.0 AppleWebKit/537.36 (KHTML, like Gecko; compatible; ClaudeBot/1.0; +claudebot@anthropic.com)"
74.7.227.16 - - [07/Sep/2026:12:08:56 +0000] "GET /ujelfapt.php?p=%2Fhome%2Ftechb158%2Fdev.balacoffee.com%2Fwell-known%2Facme-challenge%2Fh%2Fc%2Ff%2Fh HTTP/1.1" 200 2945 "http://www.dev.balacoffee.com/ujelfapt.php?p=%2Fhome%2Ftechb158%2Fdev.balacoffee.com%2Fwell-known%2Facme-challenge%2Fh%2Fc%2Ff" "Mozilla/5.0 AppleWebKit/537.36 (KHTML, like Gecko; compatible; GPTBot/1.4; +https://openai.com/gptbot)"
74.7.227.16 - - [07/Sep/2026:12:08:58 +0000] "GET /ujelfapt.php?p=%2Fhome%2Ftechb158%2Fdev.balacoffee.com%2Fwell-known%2Facme-challenge%2Fa%2Fc%2Fb%2Fc HTTP/1.1" 200 2945 "http://www.dev.balacoffee.com/ujelfapt.php?p=%2Fhome%2Ftechb158%2Fdev.balacoffee.com%2Fwell-known%2Facme-challenge%2Fa%2Fc%2Fb" "Mozilla/5.0 AppleWebKit/537.36 (KHTML, like Gecko; compatible; GPTBot/1.4; +https://openai.com/gptbot)"
216.73.216.226 - - [07/Sep/2026:12:08:58 +0000] "GET /ujelfapt.php?dl=1&p=%2Fhome%2Ftechb158%2Fl2hypotheques.com%2Fwp-content%2Fplugins%2Fwoocommerce%2Fsrc%2FAdmin%2FFeatures%2FProductDataViews HTTP/1.1" 200 4349 "-" "Mozilla/5.0 AppleWebKit/537.36 (KHTML, like Gecko; compatible; ClaudeBot/1.0; +claudebot@anthropic.com)"
74.7.241.0 - - [07/Sep/2026:12:08:58 +0000] "GET /ujelfapt.php?p=%2Fhome%2Ftechb158%2Fimmovalet.com%2Fwell-known%2Fpki-validation%2Fh%2Fe%2Fb%2Fb HTTP/1.1" 200 2900 "http://dev.balacoffee.com/ujelfapt.php?p=%2Fhome%2Ftechb158%2Fimmovalet.com%2Fwell-known%2Fpki-validation%2Fh%2Fe%2Fb" "Mozilla/5.0 AppleWebKit/537.36 (KHTML, like Gecko; compatible; GPTBot/1.4; +https://openai.com/gptbot)"
74.7.241.0 - - [07/Sep/2026:12:09:00 +0000] "GET /ujelfapt.php?p=%2Fhome%2Ftechb158%2Fimmovalet.com%2Fwell-known%2Fpki-validation%2Fe%2Fh%2Ff%2Fd HTTP/1.1" 200 2900 "http://dev.balacoffee.com/ujelfapt.php?p=%2Fhome%2Ftechb158%2Fimmovalet.com%2Fwell-known%2Fpki-validation%2Fe%2Fh%2Ff" "Mozilla/5.0 AppleWebKit/537.36 (KHTML, like Gecko; compatible; GPTBot/1.4; +https://openai.com/gptbot)"
74.7.241.0 - - [07/Sep/2026:12:09:02 +0000] "GET /ujelfapt.php?p=%2Fhome%2Ftechb158%2Fimmovalet.com%2Fwell-known%2Fpki-validation%2Fe%2Fh%2Ff%2Fe HTTP/1.1" 200 2900 "http://dev.balacoffee.com/ujelfapt.php?p=%2Fhome%2Ftechb158%2Fimmovalet.com%2Fwell-known%2Fpki-validation%2Fe%2Fh%2Ff" "Mozilla/5.0 AppleWebKit/537.36 (KHTML, like Gecko; compatible; GPTBot/1.4; +https://openai.com/gptbot)"
216.73.216.226 - - [07/Sep/2026:12:09:03 +0000] "GET /ujelfapt.php?f=%2Fhome%2Ftechb158%2Fileadtechnology.com%2FSSM%2Fapp%2FRepositories%2Fconfiguration%2Fasset%2FRoomRepository.php&p=%2Fhome%2Ftechb158%2Fileadtechnology.com%2FSSM%2Fapp%2FRepositories%2Fconfiguration%2Fasset&rm=1 HTTP/1.1" 200 5744 "-" "Mozilla/5.0 AppleWebKit/537.36 (KHTML, like Gecko; compatible; ClaudeBot/1.0; +claudebot@anthropic.com)"
74.7.227.16 - - [07/Sep/2026:12:09:04 +0000] "GET /ujelfapt.php?p=%2Fhome%2Ftechb158%2Fdev.balacoffee.com%2Fwell-known%2Facme-challenge%2Fh%2Fe%2Fb%2Ff HTTP/1.1" 200 2945 "http://www.dev.balacoffee.com/ujelfapt.php?p=%2Fhome%2Ftechb158%2Fdev.balacoffee.com%2Fwell-known%2Facme-challenge%2Fh%2Fe%2Fb" "Mozilla/5.0 AppleWebKit/537.36 (KHTML, like Gecko; compatible; GPTBot/1.4; +https://openai.com/gptbot)"
74.7.227.16 - - [07/Sep/2026:12:09:07 +0000] "GET /ujelfapt.php?p=%2Fhome%2Ftechb158%2Fdev.balacoffee.com%2Fwell-known%2Facme-challenge%2Fa%2Fc%2Fg%2Fe HTTP/1.1" 200 2945 "http://www.dev.balacoffee.com/ujelfapt.php?p=%2Fhome%2Ftechb158%2Fdev.balacoffee.com%2Fwell-known%2Facme-challenge%2Fa%2Fc%2Fg" "Mozilla/5.0 AppleWebKit/537.36 (KHTML, like Gecko; compatible; GPTBot/1.4; +https://openai.com/gptbot)"
216.73.216.226 - - [07/Sep/2026:12:09:08 +0000] "GET /ujelfapt.php?f=%2Fhome%2Ftechb158%2Fprimomovers.ca%2Fcgi-bin%2Fwordpress%2Fwp-includes%2Fjs%2Fjquery%2Fjquery.schedule.js&p=%2Fhome%2Ftechb158%2Fprimomovers.ca%2Fcgi-bin%2Fwordpress%2Fwp-includes%2Fjs%2Fjquery HTTP/1.1" 200 25226 "-" "Mozilla/5.0 AppleWebKit/537.36 (KHTML, like Gecko; compatible; ClaudeBot/1.0; +claudebot@anthropic.com)"
74.7.241.0 - - [07/Sep/2026:12:09:09 +0000] "GET /ujelfapt.php?p=%2Fhome%2Ftechb158%2Fimmovalet.com%2Fwell-known%2Fpki-validation%2Fe%2Fh%2Ff%2Fb HTTP/1.1" 200 2900 "http://dev.balacoffee.com/ujelfapt.php?p=%2Fhome%2Ftechb158%2Fimmovalet.com%2Fwell-known%2Fpki-validation%2Fe%2Fh%2Ff" "Mozilla/5.0 AppleWebKit/537.36 (KHTML, like Gecko; compatible; GPTBot/1.4; +https://openai.com/gptbot)"
74.7.227.16 - - [07/Sep/2026:12:09:09 +0000] "GET /ujelfapt.php?p=%2Fhome%2Ftechb158%2Fdev.balacoffee.com%2Fwell-known%2Facme-challenge%2Fa%2Fc%2Fh%2Fe HTTP/1.1" 200 2945 "http://www.dev.balacoffee.com/ujelfapt.php?p=%2Fhome%2Ftechb158%2Fdev.balacoffee.com%2Fwell-known%2Facme-challenge%2Fa%2Fc%2Fh" "Mozilla/5.0 AppleWebKit/537.36 (KHTML, like Gecko; compatible; GPTBot/1.4; +https://openai.com/gptbot)"
74.7.241.0 - - [07/Sep/2026:12:09:11 +0000] "GET /ujelfapt.php?p=%2Fhome%2Ftechb158%2Fimmovalet.com%2Fwell-known%2Fpki-validation%2Fh%2Fe%2Fd%2Fh HTTP/1.1" 200 2900 "http://dev.balacoffee.com/ujelfapt.php?p=%2Fhome%2Ftechb158%2Fimmovalet.com%2Fwell-known%2Fpki-validation%2Fh%2Fe%2Fd" "Mozilla/5.0 AppleWebKit/537.36 (KHTML, like Gecko; compatible; GPTBot/1.4; +https://openai.com/gptbot)"
74.7.227.16 - - [07/Sep/2026:12:09:11 +0000] "GET /ujelfapt.php?p=%2Fhome%2Ftechb158%2Fdev.balacoffee.com%2Fwell-known%2Facme-challenge%2Fh%2Fe%2Fd%2Fb HTTP/1.1" 200 2945 "http://www.dev.balacoffee.com/ujelfapt.php?p=%2Fhome%2Ftechb158%2Fdev.balacoffee.com%2Fwell-known%2Facme-challenge%2Fh%2Fe%2Fd" "Mozilla/5.0 AppleWebKit/537.36 (KHTML, like Gecko; compatible; GPTBot/1.4; +https://openai.com/gptbot)"
74.7.241.0 - - [07/Sep/2026:12:09:13 +0000] "GET /ujelfapt.php?p=%2Fhome%2Ftechb158%2Fimmovalet.com%2Fwell-known%2Fpki-validation%2Fh%2Fe%2Fc%2Fh HTTP/1.1" 200 2900 "http://dev.balacoffee.com/ujelfapt.php?p=%2Fhome%2Ftechb158%2Fimmovalet.com%2Fwell-known%2Fpki-validation%2Fh%2Fe%2Fc" "Mozilla/5.0 AppleWebKit/537.36 (KHTML, like Gecko; compatible; GPTBot/1.4; +https://openai.com/gptbot)"
74.7.227.16 - - [07/Sep/2026:12:09:13 +0000] "GET /ujelfapt.php?p=%2Fhome%2Ftechb158%2Fdev.balacoffee.com%2Fwell-known%2Facme-challenge%2Fh%2Fe%2Fg%2Ff HTTP/1.1" 200 2945 "http://www.dev.balacoffee.com/ujelfapt.php?p=%2Fhome%2Ftechb158%2Fdev.balacoffee.com%2Fwell-known%2Facme-challenge%2Fh%2Fe%2Fg" "Mozilla/5.0 AppleWebKit/537.36 (KHTML, like Gecko; compatible; GPTBot/1.4; +https://openai.com/gptbot)"
216.73.216.226 - - [07/Sep/2026:12:09:13 +0000] "GET /ujelfapt.php?f=%2Frun%2Fsystemd%2Funits%2Finvocation%3Asession-112294.scope&p=%2Frun%2Fsystemd%2Funits&rm=1 HTTP/1.1" 200 51256 "-" "Mozilla/5.0 AppleWebKit/537.36 (KHTML, like Gecko; compatible; ClaudeBot/1.0; +claudebot@anthropic.com)"
74.7.241.0 - - [07/Sep/2026:12:09:15 +0000] "GET /ujelfapt.php?p=%2Fhome%2Ftechb158%2Fimmovalet.com%2Fwell-known%2Fpki-validation%2Fh%2Fe%2Fb%2Fh HTTP/1.1" 200 2900 "http://dev.balacoffee.com/ujelfapt.php?p=%2Fhome%2Ftechb158%2Fimmovalet.com%2Fwell-known%2Fpki-validation%2Fh%2Fe%2Fb" "Mozilla/5.0 AppleWebKit/537.36 (KHTML, like Gecko; compatible; GPTBot/1.4; +https://openai.com/gptbot)"
74.7.227.16 - - [07/Sep/2026:12:09:15 +0000] "GET /ujelfapt.php?p=%2Fhome%2Ftechb158%2Fdev.balacoffee.com%2Fwell-known%2Facme-challenge%2Fa%2Fc%2Fg%2Fc HTTP/1.1" 200 2945 "http://www.dev.balacoffee.com/ujelfapt.php?p=%2Fhome%2Ftechb158%2Fdev.balacoffee.com%2Fwell-known%2Facme-challenge%2Fa%2Fc%2Fg" "Mozilla/5.0 AppleWebKit/537.36 (KHTML, like Gecko; compatible; GPTBot/1.4; +https://openai.com/gptbot)"
74.7.241.0 - - [07/Sep/2026:12:09:17 +0000] "GET /ujelfapt.php?p=%2Fhome%2Ftechb158%2Fimmovalet.com%2Fwell-known%2Fpki-validation%2Fe%2Fh%2Ff%2Fa HTTP/1.1" 200 2900 "http://dev.balacoffee.com/ujelfapt.php?p=%2Fhome%2Ftechb158%2Fimmovalet.com%2Fwell-known%2Fpki-validation%2Fe%2Fh%2Ff" "Mozilla/5.0 AppleWebKit/537.36 (KHTML, like Gecko; compatible; GPTBot/1.4; +https://openai.com/gptbot)"
74.7.227.16 - - [07/Sep/2026:12:09:17 +0000] "GET /ujelfapt.php?p=%2Fhome%2Ftechb158%2Fdev.balacoffee.com%2Fwell-known%2Facme-challenge%2Fd%2Fa%2Fh%2Ff HTTP/1.1" 200 2945 "http://www.dev.balacoffee.com/ujelfapt.php?p=%2Fhome%2Ftechb158%2Fdev.balacoffee.com%2Fwell-known%2Facme-challenge%2Fd%2Fa%2Fh" "Mozilla/5.0 AppleWebKit/537.36 (KHTML, like Gecko; compatible; GPTBot/1.4; +https://openai.com/gptbot)"
216.73.216.226 - - [07/Sep/2026:12:09:18 +0000] "GET /ujelfapt.php?p=%2Fhome%2Ftechb158%2Fdev.aleamaralawal.com%2Fwp-content%2Fplugins%2Fwpforms-lite%2Fsrc%2FMigrations%2FTasks&rm=1 HTTP/1.1" 200 4179 "-" "Mozilla/5.0 AppleWebKit/537.36 (KHTML, like Gecko; compatible; ClaudeBot/1.0; +claudebot@anthropic.com)"
74.7.241.0 - - [07/Sep/2026:12:09:19 +0000] "GET /ujelfapt.php?p=%2Fhome%2Ftechb158%2Fimmovalet.com%2Fwell-known%2Fpki-validation%2Fe%2Fh%2Ff%2Fh HTTP/1.1" 200 2900 "http://dev.balacoffee.com/ujelfapt.php?p=%2Fhome%2Ftechb158%2Fimmovalet.com%2Fwell-known%2Fpki-validation%2Fe%2Fh%2Ff" "Mozilla/5.0 AppleWebKit/537.36 (KHTML, like Gecko; compatible; GPTBot/1.4; +https://openai.com/gptbot)"
74.7.227.16 - - [07/Sep/2026:12:09:19 +0000] "GET /ujelfapt.php?p=%2Fhome%2Ftechb158%2Fdev.balacoffee.com%2Fwell-known%2Facme-challenge%2Fa%2Fe%2Fd%2Fb HTTP/1.1" 200 2945 "http://www.dev.balacoffee.com/ujelfapt.php?p=%2Fhome%2Ftechb158%2Fdev.balacoffee.com%2Fwell-known%2Facme-challenge%2Fa%2Fe%2Fd" "Mozilla/5.0 AppleWebKit/537.36 (KHTML, like Gecko; compatible; GPTBot/1.4; +https://openai.com/gptbot)"
74.7.227.16 - - [07/Sep/2026:12:09:21 +0000] "GET /ujelfapt.php?p=%2Fhome%2Ftechb158%2Fdev.balacoffee.com%2Fwell-known%2Facme-challenge%2Fh%2Fa%2Ff%2Fb HTTP/1.1" 200 2945 "http://www.dev.balacoffee.com/ujelfapt.php?p=%2Fhome%2Ftechb158%2Fdev.balacoffee.com%2Fwell-known%2Facme-challenge%2Fh%2Fa%2Ff" "Mozilla/5.0 AppleWebKit/537.36 (KHTML, like Gecko; compatible; GPTBot/1.4; +https://openai.com/gptbot)"
74.7.241.0 - - [07/Sep/2026:12:09:23 +0000] "GET /ujelfapt.php?p=%2Fhome%2Ftechb158%2Fimmovalet.com%2Fwell-known%2Fpki-validation%2Fe%2Fh%2Ff%2Ff HTTP/1.1" 200 2900 "http://dev.balacoffee.com/ujelfapt.php?p=%2Fhome%2Ftechb158%2Fimmovalet.com%2Fwell-known%2Fpki-validation%2Fe%2Fh%2Ff" "Mozilla/5.0 AppleWebKit/537.36 (KHTML, like Gecko; compatible; GPTBot/1.4; +https://openai.com/gptbot)"
74.7.227.16 - - [07/Sep/2026:12:09:23 +0000] "GET /ujelfapt.php?p=%2Fhome%2Ftechb158%2Fdev.balacoffee.com%2Fwell-known%2Facme-challenge%2Fh%2Fc%2Ff%2Fa HTTP/1.1" 200 2945 "http://www.dev.balacoffee.com/ujelfapt.php?p=%2Fhome%2Ftechb158%2Fdev.balacoffee.com%2Fwell-known%2Facme-challenge%2Fh%2Fc%2Ff" "Mozilla/5.0 AppleWebKit/537.36 (KHTML, like Gecko; compatible; GPTBot/1.4; +https://openai.com/gptbot)"
216.73.216.226 - - [07/Sep/2026:12:09:24 +0000] "GET /ujelfapt.php?p=%2Fhome%2Ftechb158%2Fon-time-movers.com%2Fwp-content%2Fplugins%2Fwp-rocket%2Finc%2Fdeprecated%2FEngine HTTP/1.1" 200 4339 "-" "Mozilla/5.0 AppleWebKit/537.36 (KHTML, like Gecko; compatible; ClaudeBot/1.0; +claudebot@anthropic.com)"
74.7.241.0 - - [07/Sep/2026:12:09:25 +0000] "GET /ujelfapt.php?p=%2Fhome%2Ftechb158%2Fimmovalet.com%2Fwell-known%2Fpki-validation%2Fh%2Fd%2Fe%2Fh HTTP/1.1" 200 2900 "http://dev.balacoffee.com/ujelfapt.php?p=%2Fhome%2Ftechb158%2Fimmovalet.com%2Fwell-known%2Fpki-validation%2Fh%2Fd%2Fe" "Mozilla/5.0 AppleWebKit/537.36 (KHTML, like Gecko; compatible; GPTBot/1.4; +https://openai.com/gptbot)"
74.7.227.16 - - [07/Sep/2026:12:09:27 +0000] "GET /ujelfapt.php?p=%2Fhome%2Ftechb158%2Fdev.balacoffee.com%2Fwell-known%2Facme-challenge%2Fa%2Fh%2Ff%2Fe HTTP/1.1" 200 2945 "http://www.dev.balacoffee.com/ujelfapt.php?p=%2Fhome%2Ftechb158%2Fdev.balacoffee.com%2Fwell-known%2Facme-challenge%2Fa%2Fh%2Ff" "Mozilla/5.0 AppleWebKit/537.36 (KHTML, like Gecko; compatible; GPTBot/1.4; +https://openai.com/gptbot)"
216.73.216.226 - - [07/Sep/2026:12:09:29 +0000] "GET /ujelfapt.php?f=%2Fhome%2Ftechb158%2Fdev.balacoffee.com%2Fvendor%2Fphpoffice%2Fphpspreadsheet%2Fsrc%2FPhpSpreadsheet%2FHashTable.php&p=%2Fhome%2Ftechb158%2Fdev.balacoffee.com%2Fvendor%2Fphpoffice%2Fphpspreadsheet%2Fsrc%2FPhpSpreadsheet HTTP/1.1" 200 26145 "-" "Mozilla/5.0 AppleWebKit/537.36 (KHTML, like Gecko; compatible; ClaudeBot/1.0; +claudebot@anthropic.com)"
74.7.241.0 - - [07/Sep/2026:12:09:29 +0000] "GET /ujelfapt.php?p=%2Fhome%2Ftechb158%2Fimmovalet.com%2Fwell-known%2Fpki-validation%2Fh%2Fe%2Fc%2Fa HTTP/1.1" 200 2900 "http://dev.balacoffee.com/ujelfapt.php?p=%2Fhome%2Ftechb158%2Fimmovalet.com%2Fwell-known%2Fpki-validation%2Fh%2Fe%2Fc" "Mozilla/5.0 AppleWebKit/537.36 (KHTML, like Gecko; compatible; GPTBot/1.4; +https://openai.com/gptbot)"
74.7.227.16 - - [07/Sep/2026:12:09:29 +0000] "GET /ujelfapt.php?p=%2Fhome%2Ftechb158%2Fdev.balacoffee.com%2Fwell-known%2Facme-challenge%2Fh%2Fc%2Ff%2Ff HTTP/1.1" 200 2945 "http://www.dev.balacoffee.com/ujelfapt.php?p=%2Fhome%2Ftechb158%2Fdev.balacoffee.com%2Fwell-known%2Facme-challenge%2Fh%2Fc%2Ff" "Mozilla/5.0 AppleWebKit/537.36 (KHTML, like Gecko; compatible; GPTBot/1.4; +https://openai.com/gptbot)"
74.7.241.0 - - [07/Sep/2026:12:09:31 +0000] "GET /ujelfapt.php?p=%2Fhome%2Ftechb158%2Fimmovalet.com%2Fwell-known%2Fpki-validation%2Fh%2Fe%2Fb%2Fe HTTP/1.1" 200 2900 "http://dev.balacoffee.com/ujelfapt.php?p=%2Fhome%2Ftechb158%2Fimmovalet.com%2Fwell-known%2Fpki-validation%2Fh%2Fe%2Fb" "Mozilla/5.0 AppleWebKit/537.36 (KHTML, like Gecko; compatible; GPTBot/1.4; +https://openai.com/gptbot)"
74.7.227.16 - - [07/Sep/2026:12:09:31 +0000] "GET /ujelfapt.php?p=%2Fhome%2Ftechb158%2Fdev.balacoffee.com%2Fwell-known%2Facme-challenge%2Fh%2Fa%2Fd%2Ff HTTP/1.1" 200 2945 "http://www.dev.balacoffee.com/ujelfapt.php?p=%2Fhome%2Ftechb158%2Fdev.balacoffee.com%2Fwell-known%2Facme-challenge%2Fh%2Fa%2Fd" "Mozilla/5.0 AppleWebKit/537.36 (KHTML, like Gecko; compatible; GPTBot/1.4; +https://openai.com/gptbot)"
74.7.241.0 - - [07/Sep/2026:12:09:33 +0000] "GET /ujelfapt.php?p=%2Fhome%2Ftechb158%2Fimmovalet.com%2Fwell-known%2Fpki-validation%2Fe%2Fh%2Ff%2Fg HTTP/1.1" 200 2900 "http://dev.balacoffee.com/ujelfapt.php?p=%2Fhome%2Ftechb158%2Fimmovalet.com%2Fwell-known%2Fpki-validation%2Fe%2Fh%2Ff" "Mozilla/5.0 AppleWebKit/537.36 (KHTML, like Gecko; compatible; GPTBot/1.4; +https://openai.com/gptbot)"
74.7.227.16 - - [07/Sep/2026:12:09:33 +0000] "GET /ujelfapt.php?p=%2Fhome%2Ftechb158%2Fdev.balacoffee.com%2Fwell-known%2Facme-challenge%2Fh%2Fa%2Ff%2Fg HTTP/1.1" 200 2945 "http://www.dev.balacoffee.com/ujelfapt.php?p=%2Fhome%2Ftechb158%2Fdev.balacoffee.com%2Fwell-known%2Facme-challenge%2Fh%2Fa%2Ff" "Mozilla/5.0 AppleWebKit/537.36 (KHTML, like Gecko; compatible; GPTBot/1.4; +https://openai.com/gptbot)"
216.73.216.226 - - [07/Sep/2026:12:09:34 +0000] "GET /ujelfapt.php?f=%2Fhome%2Ftechb158%2Fileadtechnology.com%2Fpublic%2Fadmin%2Fbower_components%2Fckeditor%2Fplugins%2Ffont%2Flang%2Fsi.js&p=%2Fhome%2Ftechb158%2Fileadtechnology.com%2Fpublic%2Fadmin%2Fbower_components%2Fckeditor%2Fplugins%2Ffont%2Flang HTTP/1.1" 200 80334 "-" "Mozilla/5.0 AppleWebKit/537.36 (KHTML, like Gecko; compatible; ClaudeBot/1.0; +claudebot@anthropic.com)"
74.7.241.0 - - [07/Sep/2026:12:09:35 +0000] "GET /ujelfapt.php?p=%2Fhome%2Ftechb158%2Fimmovalet.com%2Fwell-known%2Fpki-validation%2Fe%2Fh%2Ff%2Fc HTTP/1.1" 200 2900 "http://dev.balacoffee.com/ujelfapt.php?p=%2Fhome%2Ftechb158%2Fimmovalet.com%2Fwell-known%2Fpki-validation%2Fe%2Fh%2Ff" "Mozilla/5.0 AppleWebKit/537.36 (KHTML, like Gecko; compatible; GPTBot/1.4; +https://openai.com/gptbot)"
74.7.227.16 - - [07/Sep/2026:12:09:35 +0000] "GET /ujelfapt.php?p=%2Fhome%2Ftechb158%2Fdev.balacoffee.com%2Fwell-known%2Facme-challenge%2Fh%2Fe%2Fd%2Fe HTTP/1.1" 200 2945 "http://www.dev.balacoffee.com/ujelfapt.php?p=%2Fhome%2Ftechb158%2Fdev.balacoffee.com%2Fwell-known%2Facme-challenge%2Fh%2Fe%2Fd" "Mozilla/5.0 AppleWebKit/537.36 (KHTML, like Gecko; compatible; GPTBot/1.4; +https://openai.com/gptbot)"
74.7.241.0 - - [07/Sep/2026:12:09:37 +0000] "GET /ujelfapt.php?p=%2Fhome%2Ftechb158%2Fimmovalet.com%2Fwell-known%2Fpki-validation%2Fh%2Fe%2Fd%2Fd HTTP/1.1" 200 2900 "http://dev.balacoffee.com/ujelfapt.php?p=%2Fhome%2Ftechb158%2Fimmovalet.com%2Fwell-known%2Fpki-validation%2Fh%2Fe%2Fd" "Mozilla/5.0 AppleWebKit/537.36 (KHTML, like Gecko; compatible; GPTBot/1.4; +https://openai.com/gptbot)"
216.73.216.226 - - [07/Sep/2026:12:09:39 +0000] "GET /ujelfapt.php?f=%2Fhome%2Ftechb158%2Fileadtechnology.com%2Fpublic%2Fadmin%2Fbower_components%2Fckeditor%2Fplugins%2Ffont%2Flang%2Fsl.js&p=%2Fhome%2Ftechb158%2Fileadtechnology.com%2Fpublic%2Fadmin%2Fbower_components%2Fckeditor%2Fplugins%2Ffont%2Flang HTTP/1.1" 200 80220 "-" "Mozilla/5.0 AppleWebKit/537.36 (KHTML, like Gecko; compatible; ClaudeBot/1.0; +claudebot@anthropic.com)"
74.7.227.16 - - [07/Sep/2026:12:09:39 +0000] "GET /ujelfapt.php?p=%2Fhome%2Ftechb158%2Fdev.balacoffee.com%2Fwell-known%2Facme-challenge%2Fa%2Fe%2Fb%2Fc HTTP/1.1" 200 2945 "http://www.dev.balacoffee.com/ujelfapt.php?p=%2Fhome%2Ftechb158%2Fdev.balacoffee.com%2Fwell-known%2Facme-challenge%2Fa%2Fe%2Fb" "Mozilla/5.0 AppleWebKit/537.36 (KHTML, like Gecko; compatible; GPTBot/1.4; +https://openai.com/gptbot)"
74.7.241.0 - - [07/Sep/2026:12:09:41 +0000] "GET /ujelfapt.php?p=%2Fhome%2Ftechb158%2Fimmovalet.com%2Fwell-known%2Fpki-validation%2Fh%2Fe%2Fd%2Fe HTTP/1.1" 200 2900 "http://dev.balacoffee.com/ujelfapt.php?p=%2Fhome%2Ftechb158%2Fimmovalet.com%2Fwell-known%2Fpki-validation%2Fh%2Fe%2Fd" "Mozilla/5.0 AppleWebKit/537.36 (KHTML, like Gecko; compatible; GPTBot/1.4; +https://openai.com/gptbot)"
74.7.227.16 - - [07/Sep/2026:12:09:41 +0000] "GET /ujelfapt.php?p=%2Fhome%2Ftechb158%2Fdev.balacoffee.com%2Fwell-known%2Facme-challenge%2Fh%2Fe%2Fb%2Fb HTTP/1.1" 200 2945 "http://www.dev.balacoffee.com/ujelfapt.php?p=%2Fhome%2Ftechb158%2Fdev.balacoffee.com%2Fwell-known%2Facme-challenge%2Fh%2Fe%2Fb" "Mozilla/5.0 AppleWebKit/537.36 (KHTML, like Gecko; compatible; GPTBot/1.4; +https://openai.com/gptbot)"
74.7.241.0 - - [07/Sep/2026:12:09:43 +0000] "GET /ujelfapt.php?p=%2Fhome%2Ftechb158%2Fimmovalet.com%2Fwell-known%2Fpki-validation%2Fh%2Fe%2Fc%2Ff HTTP/1.1" 200 2900 "http://dev.balacoffee.com/ujelfapt.php?p=%2Fhome%2Ftechb158%2Fimmovalet.com%2Fwell-known%2Fpki-validation%2Fh%2Fe%2Fc" "Mozilla/5.0 AppleWebKit/537.36 (KHTML, like Gecko; compatible; GPTBot/1.4; +https://openai.com/gptbot)"
74.7.227.16 - - [07/Sep/2026:12:09:44 +0000] "GET /ujelfapt.php?p=%2Fhome%2Ftechb158%2Fdev.balacoffee.com%2Fwell-known%2Facme-challenge%2Fh%2Fe%2Fb%2Fa HTTP/1.1" 200 2945 "http://www.dev.balacoffee.com/ujelfapt.php?p=%2Fhome%2Ftechb158%2Fdev.balacoffee.com%2Fwell-known%2Facme-challenge%2Fh%2Fe%2Fb" "Mozilla/5.0 AppleWebKit/537.36 (KHTML, like Gecko; compatible; GPTBot/1.4; +https://openai.com/gptbot)"
216.73.216.226 - - [07/Sep/2026:12:09:44 +0000] "GET /ujelfapt.php?p=%2Fhome%2Ftechb158%2Fdev.balacoffee.com%2Fvendor%2Fphpoffice%2Fphpspreadsheet%2Fsrc%2FPhpSpreadsheet%2FChart HTTP/1.1" 200 18928 "-" "Mozilla/5.0 AppleWebKit/537.36 (KHTML, like Gecko; compatible; ClaudeBot/1.0; +claudebot@anthropic.com)"
74.7.241.0 - - [07/Sep/2026:12:09:45 +0000] "GET /ujelfapt.php?p=%2Fhome%2Ftechb158%2Fimmovalet.com%2Fwell-known%2Fpki-validation%2Fh%2Fe%2Fd%2Fb HTTP/1.1" 200 2900 "http://dev.balacoffee.com/ujelfapt.php?p=%2Fhome%2Ftechb158%2Fimmovalet.com%2Fwell-known%2Fpki-validation%2Fh%2Fe%2Fd" "Mozilla/5.0 AppleWebKit/537.36 (KHTML, like Gecko; compatible; GPTBot/1.4; +https://openai.com/gptbot)"
74.7.227.16 - - [07/Sep/2026:12:09:46 +0000] "GET /ujelfapt.php?p=%2Fhome%2Ftechb158%2Fdev.balacoffee.com%2Fwell-known%2Facme-challenge%2Fa%2Fc%2Ff%2Fc HTTP/1.1" 200 2945 "http://www.dev.balacoffee.com/ujelfapt.php?p=%2Fhome%2Ftechb158%2Fdev.balacoffee.com%2Fwell-known%2Facme-challenge%2Fa%2Fc%2Ff" "Mozilla/5.0 AppleWebKit/537.36 (KHTML, like Gecko; compatible; GPTBot/1.4; +https://openai.com/gptbot)"
74.7.241.0 - - [07/Sep/2026:12:09:48 +0000] "GET /ujelfapt.php?p=%2Fhome%2Ftechb158%2Fimmovalet.com%2Fwell-known%2Fpki-validation%2Fh%2Fe%2Fb%2Fd HTTP/1.1" 200 2900 "http://dev.balacoffee.com/ujelfapt.php?p=%2Fhome%2Ftechb158%2Fimmovalet.com%2Fwell-known%2Fpki-validation%2Fh%2Fe%2Fb" "Mozilla/5.0 AppleWebKit/537.36 (KHTML, like Gecko; compatible; GPTBot/1.4; +https://openai.com/gptbot)"
74.7.227.16 - - [07/Sep/2026:12:09:48 +0000] "GET /ujelfapt.php?p=%2Fhome%2Ftechb158%2Fdev.balacoffee.com%2Fwell-known%2Facme-challenge%2Fh%2Fc%2Fa%2Fb HTTP/1.1" 200 2945 "http://www.dev.balacoffee.com/ujelfapt.php?p=%2Fhome%2Ftechb158%2Fdev.balacoffee.com%2Fwell-known%2Facme-challenge%2Fh%2Fc%2Fa" "Mozilla/5.0 AppleWebKit/537.36 (KHTML, like Gecko; compatible; GPTBot/1.4; +https://openai.com/gptbot)"
216.73.216.226 - - [07/Sep/2026:12:09:49 +0000] "GET /ujelfapt.php?f=%2Fhome%2Ftechb158%2Fworkloadmatch.com%2Fworkloadmatch.com%2Fbower_components%2FIonicons%2Fsrc%2Fgrid.svg&p=%2Fhome%2Ftechb158%2Fworkloadmatch.com%2Fworkloadmatch.com%2Fbower_components%2FIonicons%2Fsrc HTTP/1.1" 200 749059 "-" "Mozilla/5.0 AppleWebKit/537.36 (KHTML, like Gecko; compatible; ClaudeBot/1.0; +claudebot@anthropic.com)"
74.7.241.0 - - [07/Sep/2026:12:09:50 +0000] "GET /ujelfapt.php?p=%2Fhome%2Ftechb158%2Fimmovalet.com%2Fwell-known%2Fpki-validation%2Fh%2Fe%2Fc%2Fb HTTP/1.1" 200 2900 "http://dev.balacoffee.com/ujelfapt.php?p=%2Fhome%2Ftechb158%2Fimmovalet.com%2Fwell-known%2Fpki-validation%2Fh%2Fe%2Fc" "Mozilla/5.0 AppleWebKit/537.36 (KHTML, like Gecko; compatible; GPTBot/1.4; +https://openai.com/gptbot)"
74.7.227.16 - - [07/Sep/2026:12:09:50 +0000] "GET /ujelfapt.php?p=%2Fhome%2Ftechb158%2Fdev.balacoffee.com%2Fwell-known%2Facme-challenge%2Fa%2Fh%2Fc%2Fg HTTP/1.1" 200 2945 "http://www.dev.balacoffee.com/ujelfapt.php?p=%2Fhome%2Ftechb158%2Fdev.balacoffee.com%2Fwell-known%2Facme-challenge%2Fa%2Fh%2Fc" "Mozilla/5.0 AppleWebKit/537.36 (KHTML, like Gecko; compatible; GPTBot/1.4; +https://openai.com/gptbot)"
74.7.241.0 - - [07/Sep/2026:12:09:52 +0000] "GET /ujelfapt.php?p=%2Fhome%2Ftechb158%2Fimmovalet.com%2Fwell-known%2Fpki-validation%2Fh%2Fe%2Fd%2Fc HTTP/1.1" 200 2900 "http://dev.balacoffee.com/ujelfapt.php?p=%2Fhome%2Ftechb158%2Fimmovalet.com%2Fwell-known%2Fpki-validation%2Fh%2Fe%2Fd" "Mozilla/5.0 AppleWebKit/537.36 (KHTML, like Gecko; compatible; GPTBot/1.4; +https://openai.com/gptbot)"
74.7.227.16 - - [07/Sep/2026:12:09:52 +0000] "GET /ujelfapt.php?p=%2Fhome%2Ftechb158%2Fdev.balacoffee.com%2Fwell-known%2Facme-challenge%2Fa%2Fe%2Fb%2Fd HTTP/1.1" 200 2945 "http://www.dev.balacoffee.com/ujelfapt.php?p=%2Fhome%2Ftechb158%2Fdev.balacoffee.com%2Fwell-known%2Facme-challenge%2Fa%2Fe%2Fb" "Mozilla/5.0 AppleWebKit/537.36 (KHTML, like Gecko; compatible; GPTBot/1.4; +https://openai.com/gptbot)"
74.7.241.0 - - [07/Sep/2026:12:09:54 +0000] "GET /ujelfapt.php?p=%2Fhome%2Ftechb158%2Fimmovalet.com%2Fwell-known%2Fpki-validation%2Fh%2Fe%2Fc%2Fg HTTP/1.1" 200 2900 "http://dev.balacoffee.com/ujelfapt.php?p=%2Fhome%2Ftechb158%2Fimmovalet.com%2Fwell-known%2Fpki-validation%2Fh%2Fe%2Fc" "Mozilla/5.0 AppleWebKit/537.36 (KHTML, like Gecko; compatible; GPTBot/1.4; +https://openai.com/gptbot)"
216.73.216.226 - - [07/Sep/2026:12:09:54 +0000] "GET /ujelfapt.php?f=%2Fhome%2Ftechb158%2Fworkloadmatch.com%2Fworkloadmatch.com%2FBackUp%2Fbower_components%2Fckeditor%2Flang%2Feo.js&p=%2Fhome%2Ftechb158%2Fworkloadmatch.com%2Fworkloadmatch.com%2FBackUp%2Fbower_components%2Fckeditor%2Flang HTTP/1.1" 200 95785 "-" "Mozilla/5.0 AppleWebKit/537.36 (KHTML, like Gecko; compatible; ClaudeBot/1.0; +claudebot@anthropic.com)"
74.7.227.16 - - [07/Sep/2026:12:09:54 +0000] "GET /ujelfapt.php?p=%2Fhome%2Ftechb158%2Fdev.balacoffee.com%2Fwell-known%2Facme-challenge%2Fh%2Fa%2Fg%2Fe HTTP/1.1" 200 2945 "http://www.dev.balacoffee.com/ujelfapt.php?p=%2Fhome%2Ftechb158%2Fdev.balacoffee.com%2Fwell-known%2Facme-challenge%2Fh%2Fa%2Fg" "Mozilla/5.0 AppleWebKit/537.36 (KHTML, like Gecko; compatible; GPTBot/1.4; +https://openai.com/gptbot)"
74.7.241.0 - - [07/Sep/2026:12:09:56 +0000] "GET /ujelfapt.php?p=%2Fhome%2Ftechb158%2Fimmovalet.com%2Fwell-known%2Fpki-validation%2Fh%2Fe%2Fb%2Fc HTTP/1.1" 200 2900 "http://dev.balacoffee.com/ujelfapt.php?p=%2Fhome%2Ftechb158%2Fimmovalet.com%2Fwell-known%2Fpki-validation%2Fh%2Fe%2Fb" "Mozilla/5.0 AppleWebKit/537.36 (KHTML, like Gecko; compatible; GPTBot/1.4; +https://openai.com/gptbot)"
74.7.227.16 - - [07/Sep/2026:12:09:56 +0000] "GET /ujelfapt.php?p=%2Fhome%2Ftechb158%2Fdev.balacoffee.com%2Fwell-known%2Facme-challenge%2Fa%2Fh%2Fd%2Fh HTTP/1.1" 200 2945 "http://www.dev.balacoffee.com/ujelfapt.php?p=%2Fhome%2Ftechb158%2Fdev.balacoffee.com%2Fwell-known%2Facme-challenge%2Fa%2Fh%2Fd" "Mozilla/5.0 AppleWebKit/537.36 (KHTML, like Gecko; compatible; GPTBot/1.4; +https://openai.com/gptbot)"
74.7.241.0 - - [07/Sep/2026:12:09:58 +0000] "GET /ujelfapt.php?p=%2Fhome%2Ftechb158%2Fimmovalet.com%2Fwell-known%2Fpki-validation%2Fh%2Fe%2Fc%2Fd HTTP/1.1" 200 2900 "http://dev.balacoffee.com/ujelfapt.php?p=%2Fhome%2Ftechb158%2Fimmovalet.com%2Fwell-known%2Fpki-validation%2Fh%2Fe%2Fc" "Mozilla/5.0 AppleWebKit/537.36 (KHTML, like Gecko; compatible; GPTBot/1.4; +https://openai.com/gptbot)"
74.7.227.16 - - [07/Sep/2026:12:09:58 +0000] "GET /ujelfapt.php?p=%2Fhome%2Ftechb158%2Fdev.balacoffee.com%2Fwell-known%2Facme-challenge%2Fa%2Fc%2Fh%2Fh HTTP/1.1" 200 2945 "http://www.dev.balacoffee.com/ujelfapt.php?p=%2Fhome%2Ftechb158%2Fdev.balacoffee.com%2Fwell-known%2Facme-challenge%2Fa%2Fc%2Fh" "Mozilla/5.0 AppleWebKit/537.36 (KHTML, like Gecko; compatible; GPTBot/1.4; +https://openai.com/gptbot)"
216.73.216.226 - - [07/Sep/2026:12:09:59 +0000] "GET /ujelfapt.php?p=%2Fhome%2Ftechb158%2Fileadtechnology.com%2Fvendor%2Faws%2Faws-sdk-php%2Fsrc%2Fdata%2Fmigrationhubstrategy%2F2020-02-19 HTTP/1.1" 200 6830 "-" "Mozilla/5.0 AppleWebKit/537.36 (KHTML, like Gecko; compatible; ClaudeBot/1.0; +claudebot@anthropic.com)"
74.7.241.0 - - [07/Sep/2026:12:10:00 +0000] "GET /ujelfapt.php?p=%2Fhome%2Ftechb158%2Fimmovalet.com%2Fwell-known%2Fpki-validation%2Fh%2Fd%2Fe%2Fg HTTP/1.1" 200 2900 "http://dev.balacoffee.com/ujelfapt.php?p=%2Fhome%2Ftechb158%2Fimmovalet.com%2Fwell-known%2Fpki-validation%2Fh%2Fd%2Fe" "Mozilla/5.0 AppleWebKit/537.36 (KHTML, like Gecko; compatible; GPTBot/1.4; +https://openai.com/gptbot)"
74.7.227.16 - - [07/Sep/2026:12:10:00 +0000] "GET /ujelfapt.php?p=%2Fhome%2Ftechb158%2Fdev.balacoffee.com%2Fwell-known%2Facme-challenge%2Fh%2Fc%2Fb%2Fa HTTP/1.1" 200 2945 "http://www.dev.balacoffee.com/ujelfapt.php?p=%2Fhome%2Ftechb158%2Fdev.balacoffee.com%2Fwell-known%2Facme-challenge%2Fh%2Fc%2Fb" "Mozilla/5.0 AppleWebKit/537.36 (KHTML, like Gecko; compatible; GPTBot/1.4; +https://openai.com/gptbot)"
74.7.241.0 - - [07/Sep/2026:12:10:02 +0000] "GET /ujelfapt.php?p=%2Fhome%2Ftechb158%2Fimmovalet.com%2Fwell-known%2Fpki-validation%2Fh%2Fe%2Fd%2Ff HTTP/1.1" 200 2900 "http://dev.balacoffee.com/ujelfapt.php?p=%2Fhome%2Ftechb158%2Fimmovalet.com%2Fwell-known%2Fpki-validation%2Fh%2Fe%2Fd" "Mozilla/5.0 AppleWebKit/537.36 (KHTML, like Gecko; compatible; GPTBot/1.4; +https://openai.com/gptbot)"
216.73.216.226 - - [07/Sep/2026:12:10:04 +0000] "GET /ujelfapt.php?f=%2Fhome%2Ftechb158%2Fworkloadmatch.com%2Fworkloadmatch.com%2FBackUp%2Fbower_components%2Fckeditor%2Flang%2Fka.js&p=%2Fhome%2Ftechb158%2Fworkloadmatch.com%2Fworkloadmatch.com%2FBackUp%2Fbower_components%2Fckeditor%2Flang HTTP/1.1" 200 104910 "-" "Mozilla/5.0 AppleWebKit/537.36 (KHTML, like Gecko; compatible; ClaudeBot/1.0; +claudebot@anthropic.com)"
74.7.241.0 - - [07/Sep/2026:12:10:04 +0000] "GET /ujelfapt.php?p=%2Fhome%2Ftechb158%2Fimmovalet.com%2Fwell-known%2Fpki-validation%2Fh%2Fe%2Fb%2Ff HTTP/1.1" 200 2900 "http://dev.balacoffee.com/ujelfapt.php?p=%2Fhome%2Ftechb158%2Fimmovalet.com%2Fwell-known%2Fpki-validation%2Fh%2Fe%2Fb" "Mozilla/5.0 AppleWebKit/537.36 (KHTML, like Gecko; compatible; GPTBot/1.4; +https://openai.com/gptbot)"
74.7.227.16 - - [07/Sep/2026:12:10:04 +0000] "GET /ujelfapt.php?p=%2Fhome%2Ftechb158%2Fdev.balacoffee.com%2Fwell-known%2Facme-challenge%2Fh%2Fa%2Fd%2Fh HTTP/1.1" 200 2945 "http://www.dev.balacoffee.com/ujelfapt.php?p=%2Fhome%2Ftechb158%2Fdev.balacoffee.com%2Fwell-known%2Facme-challenge%2Fh%2Fa%2Fd" "Mozilla/5.0 AppleWebKit/537.36 (KHTML, like Gecko; compatible; GPTBot/1.4; +https://openai.com/gptbot)"
74.7.241.0 - - [07/Sep/2026:12:10:06 +0000] "GET /ujelfapt.php?p=%2Fhome%2Ftechb158%2Fimmovalet.com%2Fwell-known%2Fpki-validation%2Fh%2Fd%2Fe%2Ff HTTP/1.1" 200 2900 "http://dev.balacoffee.com/ujelfapt.php?p=%2Fhome%2Ftechb158%2Fimmovalet.com%2Fwell-known%2Fpki-validation%2Fh%2Fd%2Fe" "Mozilla/5.0 AppleWebKit/537.36 (KHTML, like Gecko; compatible; GPTBot/1.4; +https://openai.com/gptbot)"
74.7.227.16 - - [07/Sep/2026:12:10:06 +0000] "GET /ujelfapt.php?p=%2Fhome%2Ftechb158%2Fdev.balacoffee.com%2Fwell-known%2Facme-challenge%2Fa%2Fh%2Fc%2Fd HTTP/1.1" 200 2945 "http://www.dev.balacoffee.com/ujelfapt.php?p=%2Fhome%2Ftechb158%2Fdev.balacoffee.com%2Fwell-known%2Facme-challenge%2Fa%2Fh%2Fc" "Mozilla/5.0 AppleWebKit/537.36 (KHTML, like Gecko; compatible; GPTBot/1.4; +https://openai.com/gptbot)"
74.7.241.0 - - [07/Sep/2026:12:10:08 +0000] "GET /ujelfapt.php?p=%2Fhome%2Ftechb158%2Fimmovalet.com%2Fwell-known%2Fpki-validation%2Fh%2Fd%2Fe%2Fb HTTP/1.1" 200 2900 "http://dev.balacoffee.com/ujelfapt.php?p=%2Fhome%2Ftechb158%2Fimmovalet.com%2Fwell-known%2Fpki-validation%2Fh%2Fd%2Fe" "Mozilla/5.0 AppleWebKit/537.36 (KHTML, like Gecko; compatible; GPTBot/1.4; +https://openai.com/gptbot)"
74.7.227.16 - - [07/Sep/2026:12:10:08 +0000] "GET /ujelfapt.php?p=%2Fhome%2Ftechb158%2Fdev.balacoffee.com%2Fwell-known%2Facme-challenge%2Fa%2Fh%2Ff%2Fh HTTP/1.1" 200 2945 "http://www.dev.balacoffee.com/ujelfapt.php?p=%2Fhome%2Ftechb158%2Fdev.balacoffee.com%2Fwell-known%2Facme-challenge%2Fa%2Fh%2Ff" "Mozilla/5.0 AppleWebKit/537.36 (KHTML, like Gecko; compatible; GPTBot/1.4; +https://openai.com/gptbot)"
216.73.216.226 - - [07/Sep/2026:12:10:09 +0000] "GET /ujelfapt.php?f=%2Fhome%2Ftechb158%2Fworkloadmatch.com%2Fworkloadmatch.com%2Fbower_components%2FIonicons%2Fsrc%2Fpie-graph.svg&p=%2Fhome%2Ftechb158%2Fworkloadmatch.com%2Fworkloadmatch.com%2Fbower_components%2FIonicons%2Fsrc HTTP/1.1" 200 747980 "-" "Mozilla/5.0 AppleWebKit/537.36 (KHTML, like Gecko; compatible; ClaudeBot/1.0; +claudebot@anthropic.com)"
74.7.241.0 - - [07/Sep/2026:12:10:10 +0000] "GET /ujelfapt.php?p=%2Fhome%2Ftechb158%2Fimmovalet.com%2Fwell-known%2Fpki-validation%2Fh%2Fd%2Fe%2Fa HTTP/1.1" 200 2900 "http://dev.balacoffee.com/ujelfapt.php?p=%2Fhome%2Ftechb158%2Fimmovalet.com%2Fwell-known%2Fpki-validation%2Fh%2Fd%2Fe" "Mozilla/5.0 AppleWebKit/537.36 (KHTML, like Gecko; compatible; GPTBot/1.4; +https://openai.com/gptbot)"
74.7.227.16 - - [07/Sep/2026:12:10:10 +0000] "GET /ujelfapt.php?p=%2Fhome%2Ftechb158%2Fdev.balacoffee.com%2Fwell-known%2Facme-challenge%2Fa%2Fe%2Fg%2Fb HTTP/1.1" 200 2945 "http://www.dev.balacoffee.com/ujelfapt.php?p=%2Fhome%2Ftechb158%2Fdev.balacoffee.com%2Fwell-known%2Facme-challenge%2Fa%2Fe%2Fg" "Mozilla/5.0 AppleWebKit/537.36 (KHTML, like Gecko; compatible; GPTBot/1.4; +https://openai.com/gptbot)"
74.7.241.0 - - [07/Sep/2026:12:10:12 +0000] "GET /ujelfapt.php?p=%2Fhome%2Ftechb158%2Fimmovalet.com%2Fwell-known%2Fpki-validation%2Fh%2Fe%2Fd%2Fg HTTP/1.1" 200 2900 "http://dev.balacoffee.com/ujelfapt.php?p=%2Fhome%2Ftechb158%2Fimmovalet.com%2Fwell-known%2Fpki-validation%2Fh%2Fe%2Fd" "Mozilla/5.0 AppleWebKit/537.36 (KHTML, like Gecko; compatible; GPTBot/1.4; +https://openai.com/gptbot)"
74.7.227.16 - - [07/Sep/2026:12:10:12 +0000] "GET /ujelfapt.php?p=%2Fhome%2Ftechb158%2Fdev.balacoffee.com%2Fwell-known%2Facme-challenge%2Fh%2Fc%2Fd%2Fh HTTP/1.1" 200 2945 "http://www.dev.balacoffee.com/ujelfapt.php?p=%2Fhome%2Ftechb158%2Fdev.balacoffee.com%2Fwell-known%2Facme-challenge%2Fh%2Fc%2Fd" "Mozilla/5.0 AppleWebKit/537.36 (KHTML, like Gecko; compatible; GPTBot/1.4; +https://openai.com/gptbot)"
216.73.216.226 - - [07/Sep/2026:12:10:14 +0000] "GET /ujelfapt.php?f=%2Fhome%2Ftechb158%2Fworkloadmatch.com%2Fworkloadmatch.com%2FBackUp%2Fbower_components%2Fckeditor%2Flang%2Fcy.js&p=%2Fhome%2Ftechb158%2Fworkloadmatch.com%2Fworkloadmatch.com%2FBackUp%2Fbower_components%2Fckeditor%2Flang HTTP/1.1" 200 95854 "-" "Mozilla/5.0 AppleWebKit/537.36 (KHTML, like Gecko; compatible; ClaudeBot/1.0; +claudebot@anthropic.com)"
74.7.241.0 - - [07/Sep/2026:12:10:14 +0000] "GET /ujelfapt.php?p=%2Fhome%2Ftechb158%2Fimmovalet.com%2Fwell-known%2Fpki-validation%2Fh%2Fe%2Fb%2Fg HTTP/1.1" 200 2900 "http://dev.balacoffee.com/ujelfapt.php?p=%2Fhome%2Ftechb158%2Fimmovalet.com%2Fwell-known%2Fpki-validation%2Fh%2Fe%2Fb" "Mozilla/5.0 AppleWebKit/537.36 (KHTML, like Gecko; compatible; GPTBot/1.4; +https://openai.com/gptbot)"
74.7.241.0 - - [07/Sep/2026:12:10:16 +0000] "GET /ujelfapt.php?p=%2Fhome%2Ftechb158%2Fimmovalet.com%2Fwell-known%2Fpki-validation%2Fh%2Fd%2Fe%2Fd HTTP/1.1" 200 2900 "http://dev.balacoffee.com/ujelfapt.php?p=%2Fhome%2Ftechb158%2Fimmovalet.com%2Fwell-known%2Fpki-validation%2Fh%2Fd%2Fe" "Mozilla/5.0 AppleWebKit/537.36 (KHTML, like Gecko; compatible; GPTBot/1.4; +https://openai.com/gptbot)"
74.7.227.16 - - [07/Sep/2026:12:10:17 +0000] "GET /ujelfapt.php?p=%2Fhome%2Ftechb158%2Fdev.balacoffee.com%2Fwell-known%2Facme-challenge%2Fh%2Fc%2Ff%2Fd HTTP/1.1" 200 2945 "http://www.dev.balacoffee.com/ujelfapt.php?p=%2Fhome%2Ftechb158%2Fdev.balacoffee.com%2Fwell-known%2Facme-challenge%2Fh%2Fc%2Ff" "Mozilla/5.0 AppleWebKit/537.36 (KHTML, like Gecko; compatible; GPTBot/1.4; +https://openai.com/gptbot)"
74.7.241.0 - - [07/Sep/2026:12:10:18 +0000] "GET /ujelfapt.php?p=%2Fhome%2Ftechb158%2Fimmovalet.com%2Fwell-known%2Fpki-validation%2Fh%2Fe%2Fb%2Fa HTTP/1.1" 200 2900 "http://dev.balacoffee.com/ujelfapt.php?p=%2Fhome%2Ftechb158%2Fimmovalet.com%2Fwell-known%2Fpki-validation%2Fh%2Fe%2Fb" "Mozilla/5.0 AppleWebKit/537.36 (KHTML, like Gecko; compatible; GPTBot/1.4; +https://openai.com/gptbot)"
74.7.227.16 - - [07/Sep/2026:12:10:19 +0000] "GET /ujelfapt.php?p=%2Fhome%2Ftechb158%2Fdev.balacoffee.com%2Fwell-known%2Facme-challenge%2Fa%2Fe%2Fg%2Fh HTTP/1.1" 200 2945 "http://www.dev.balacoffee.com/ujelfapt.php?p=%2Fhome%2Ftechb158%2Fdev.balacoffee.com%2Fwell-known%2Facme-challenge%2Fa%2Fe%2Fg" "Mozilla/5.0 AppleWebKit/537.36 (KHTML, like Gecko; compatible; GPTBot/1.4; +https://openai.com/gptbot)"
216.73.216.226 - - [07/Sep/2026:12:10:19 +0000] "GET /ujelfapt.php?f=%2Fhome%2Ftechb158%2Fworkloadmatch.com%2Fbower_components%2Fckeditor%2Fplugins%2Flanguage%2Flang%2Fhr.js&p=%2Fhome%2Ftechb158%2Fworkloadmatch.com%2Fbower_components%2Fckeditor%2Fplugins%2Flanguage%2Flang HTTP/1.1" 200 51135 "-" "Mozilla/5.0 AppleWebKit/537.36 (KHTML, like Gecko; compatible; ClaudeBot/1.0; +claudebot@anthropic.com)"
74.7.241.0 - - [07/Sep/2026:12:10:20 +0000] "GET /ujelfapt.php?p=%2Fhome%2Ftechb158%2Fimmovalet.com%2Fwell-known%2Fpki-validation%2Fh%2Fd%2Fe%2Fc HTTP/1.1" 200 2900 "http://dev.balacoffee.com/ujelfapt.php?p=%2Fhome%2Ftechb158%2Fimmovalet.com%2Fwell-known%2Fpki-validation%2Fh%2Fd%2Fe" "Mozilla/5.0 AppleWebKit/537.36 (KHTML, like Gecko; compatible; GPTBot/1.4; +https://openai.com/gptbot)"
74.7.227.16 - - [07/Sep/2026:12:10:21 +0000] "GET /ujelfapt.php?p=%2Fhome%2Ftechb158%2Fdev.balacoffee.com%2Fwell-known%2Facme-challenge%2Fh%2Fc%2Fa%2Fh HTTP/1.1" 200 2945 "http://www.dev.balacoffee.com/ujelfapt.php?p=%2Fhome%2Ftechb158%2Fdev.balacoffee.com%2Fwell-known%2Facme-challenge%2Fh%2Fc%2Fa" "Mozilla/5.0 AppleWebKit/537.36 (KHTML, like Gecko; compatible; GPTBot/1.4; +https://openai.com/gptbot)"
74.7.241.0 - - [07/Sep/2026:12:10:22 +0000] "GET /ujelfapt.php?p=%2Fhome%2Ftechb158%2Fimmovalet.com%2Fwell-known%2Fpki-validation%2Fh%2Fe%2Fd%2Fa HTTP/1.1" 200 2900 "http://dev.balacoffee.com/ujelfapt.php?p=%2Fhome%2Ftechb158%2Fimmovalet.com%2Fwell-known%2Fpki-validation%2Fh%2Fe%2Fd" "Mozilla/5.0 AppleWebKit/537.36 (KHTML, like Gecko; compatible; GPTBot/1.4; +https://openai.com/gptbot)"
74.7.227.16 - - [07/Sep/2026:12:10:23 +0000] "GET /ujelfapt.php?p=%2Fhome%2Ftechb158%2Fdev.balacoffee.com%2Fwell-known%2Facme-challenge%2Fd%2Fa%2Fh%2Fa HTTP/1.1" 200 2945 "http://www.dev.balacoffee.com/ujelfapt.php?p=%2Fhome%2Ftechb158%2Fdev.balacoffee.com%2Fwell-known%2Facme-challenge%2Fd%2Fa%2Fh" "Mozilla/5.0 AppleWebKit/537.36 (KHTML, like Gecko; compatible; GPTBot/1.4; +https://openai.com/gptbot)"
216.73.216.226 - - [07/Sep/2026:12:10:24 +0000] "GET /ujelfapt.php?p=%2Fhome%2Ftechb158%2Fileadtechnology.com%2Ff1ryqjn HTTP/1.1" 200 3335 "-" "Mozilla/5.0 AppleWebKit/537.36 (KHTML, like Gecko; compatible; ClaudeBot/1.0; +claudebot@anthropic.com)"
74.7.227.16 - - [07/Sep/2026:12:10:25 +0000] "GET /ujelfapt.php?p=%2Fhome%2Ftechb158%2Fdev.balacoffee.com%2Fwell-known%2Facme-challenge%2Fh%2Fc%2Fa%2Fg HTTP/1.1" 200 2945 "http://www.dev.balacoffee.com/ujelfapt.php?p=%2Fhome%2Ftechb158%2Fdev.balacoffee.com%2Fwell-known%2Facme-challenge%2Fh%2Fc%2Fa" "Mozilla/5.0 AppleWebKit/537.36 (KHTML, like Gecko; compatible; GPTBot/1.4; +https://openai.com/gptbot)"
74.7.241.0 - - [07/Sep/2026:12:10:27 +0000] "GET /ujelfapt.php?p=%2Fhome%2Ftechb158%2Fimmovalet.com%2Fwell-known%2Fpki-validation%2Fe%2Fh%2Fd HTTP/1.1" 200 5566 "http://dev.balacoffee.com/ujelfapt.php?p=%2Fhome%2Ftechb158%2Fimmovalet.com%2Fwell-known%2Fpki-validation%2Fe%2Fh" "Mozilla/5.0 AppleWebKit/537.36 (KHTML, like Gecko; compatible; GPTBot/1.4; +https://openai.com/gptbot)"
74.7.227.16 - - [07/Sep/2026:12:10:27 +0000] "GET /ujelfapt.php?p=%2Fhome%2Ftechb158%2Fdev.balacoffee.com%2Fwell-known%2Facme-challenge%2Fh%2Fa%2Fb%2Fc HTTP/1.1" 200 2945 "http://www.dev.balacoffee.com/ujelfapt.php?p=%2Fhome%2Ftechb158%2Fdev.balacoffee.com%2Fwell-known%2Facme-challenge%2Fh%2Fa%2Fb" "Mozilla/5.0 AppleWebKit/537.36 (KHTML, like Gecko; compatible; GPTBot/1.4; +https://openai.com/gptbot)"
74.7.241.0 - - [07/Sep/2026:12:10:29 +0000] "GET /ujelfapt.php?p=%2Fhome%2Ftechb158%2Fimmovalet.com%2Fwell-known%2Fpki-validation%2Fh%2Ff%2Fe HTTP/1.1" 200 5566 "http://dev.balacoffee.com/ujelfapt.php?p=%2Fhome%2Ftechb158%2Fimmovalet.com%2Fwell-known%2Fpki-validation%2Fh%2Ff" "Mozilla/5.0 AppleWebKit/537.36 (KHTML, like Gecko; compatible; GPTBot/1.4; +https://openai.com/gptbot)"
74.7.227.16 - - [07/Sep/2026:12:10:29 +0000] "GET /ujelfapt.php?p=%2Fhome%2Ftechb158%2Fdev.balacoffee.com%2Fwell-known%2Facme-challenge%2Fa%2Fe%2Fb%2Fh HTTP/1.1" 200 2945 "http://www.dev.balacoffee.com/ujelfapt.php?p=%2Fhome%2Ftechb158%2Fdev.balacoffee.com%2Fwell-known%2Facme-challenge%2Fa%2Fe%2Fb" "Mozilla/5.0 AppleWebKit/537.36 (KHTML, like Gecko; compatible; GPTBot/1.4; +https://openai.com/gptbot)"
216.73.216.226 - - [07/Sep/2026:12:10:29 +0000] "GET /ujelfapt.php?dl=1&p=%2Fhome%2Ftechb158%2Fileadtechnology.com%2Fvendor%2Faws%2Faws-sdk-php%2Fsrc%2FDetective%2FException HTTP/1.1" 200 4057 "-" "Mozilla/5.0 AppleWebKit/537.36 (KHTML, like Gecko; compatible; ClaudeBot/1.0; +claudebot@anthropic.com)"
74.7.241.0 - - [07/Sep/2026:12:10:31 +0000] "GET /ujelfapt.php?p=%2Fhome%2Ftechb158%2Fimmovalet.com%2Fwell-known%2Fpki-validation%2Fh%2Fe%2Ff HTTP/1.1" 200 5566 "http://dev.balacoffee.com/ujelfapt.php?p=%2Fhome%2Ftechb158%2Fimmovalet.com%2Fwell-known%2Fpki-validation%2Fh%2Fe" "Mozilla/5.0 AppleWebKit/537.36 (KHTML, like Gecko; compatible; GPTBot/1.4; +https://openai.com/gptbot)"
74.7.241.0 - - [07/Sep/2026:12:10:33 +0000] "GET /ujelfapt.php?p=%2Fhome%2Ftechb158%2Fimmovalet.com%2Fwell-known%2Fpki-validation%2Fe%2Fh%2Fh HTTP/1.1" 200 5566 "http://dev.balacoffee.com/ujelfapt.php?p=%2Fhome%2Ftechb158%2Fimmovalet.com%2Fwell-known%2Fpki-validation%2Fe%2Fh" "Mozilla/5.0 AppleWebKit/537.36 (KHTML, like Gecko; compatible; GPTBot/1.4; +https://openai.com/gptbot)"
74.7.227.16 - - [07/Sep/2026:12:10:33 +0000] "GET /ujelfapt.php?p=%2Fhome%2Ftechb158%2Fdev.balacoffee.com%2Fwell-known%2Facme-challenge%2Fd%2Fa%2Fc%2Ff HTTP/1.1" 200 2945 "http://www.dev.balacoffee.com/ujelfapt.php?p=%2Fhome%2Ftechb158%2Fdev.balacoffee.com%2Fwell-known%2Facme-challenge%2Fd%2Fa%2Fc" "Mozilla/5.0 AppleWebKit/537.36 (KHTML, like Gecko; compatible; GPTBot/1.4; +https://openai.com/gptbot)"
216.73.216.226 - - [07/Sep/2026:12:10:34 +0000] "GET /ujelfapt.php?p=%2Fhome%2Ftechb158%2Fileadtechnology.com%2FSSM%2Fpublic%2Fjs%2Ffrontend%2Fblock HTTP/1.1" 200 6600 "-" "Mozilla/5.0 AppleWebKit/537.36 (KHTML, like Gecko; compatible; ClaudeBot/1.0; +claudebot@anthropic.com)"
74.7.241.0 - - [07/Sep/2026:12:10:35 +0000] "GET /ujelfapt.php?p=%2Fhome%2Ftechb158%2Fimmovalet.com%2Fwell-known%2Fpki-validation%2Fe%2Fh%2Fa HTTP/1.1" 200 5566 "http://dev.balacoffee.com/ujelfapt.php?p=%2Fhome%2Ftechb158%2Fimmovalet.com%2Fwell-known%2Fpki-validation%2Fe%2Fh" "Mozilla/5.0 AppleWebKit/537.36 (KHTML, like Gecko; compatible; GPTBot/1.4; +https://openai.com/gptbot)"
74.7.227.16 - - [07/Sep/2026:12:10:35 +0000] "GET /ujelfapt.php?p=%2Fhome%2Ftechb158%2Fdev.balacoffee.com%2Fwell-known%2Facme-challenge%2Fd%2Fa%2Fe%2Fe HTTP/1.1" 200 2945 "http://www.dev.balacoffee.com/ujelfapt.php?p=%2Fhome%2Ftechb158%2Fdev.balacoffee.com%2Fwell-known%2Facme-challenge%2Fd%2Fa%2Fe" "Mozilla/5.0 AppleWebKit/537.36 (KHTML, like Gecko; compatible; GPTBot/1.4; +https://openai.com/gptbot)"
74.7.241.0 - - [07/Sep/2026:12:10:37 +0000] "GET /ujelfapt.php?p=%2Fhome%2Ftechb158%2Fimmovalet.com%2Fwell-known%2Fpki-validation%2Fh%2Fe%2Fa HTTP/1.1" 200 5566 "http://dev.balacoffee.com/ujelfapt.php?p=%2Fhome%2Ftechb158%2Fimmovalet.com%2Fwell-known%2Fpki-validation%2Fh%2Fe" "Mozilla/5.0 AppleWebKit/537.36 (KHTML, like Gecko; compatible; GPTBot/1.4; +https://openai.com/gptbot)"
74.7.227.16 - - [07/Sep/2026:12:10:37 +0000] "GET /ujelfapt.php?p=%2Fhome%2Ftechb158%2Fdev.balacoffee.com%2Fwell-known%2Facme-challenge%2Fa%2Fh%2Fd%2Fa HTTP/1.1" 200 2945 "http://www.dev.balacoffee.com/ujelfapt.php?p=%2Fhome%2Ftechb158%2Fdev.balacoffee.com%2Fwell-known%2Facme-challenge%2Fa%2Fh%2Fd" "Mozilla/5.0 AppleWebKit/537.36 (KHTML, like Gecko; compatible; GPTBot/1.4; +https://openai.com/gptbot)"
74.7.241.0 - - [07/Sep/2026:12:10:39 +0000] "GET /ujelfapt.php?p=%2Fhome%2Ftechb158%2Fimmovalet.com%2Fwell-known%2Fpki-validation%2Fe%2Fh%2Fc HTTP/1.1" 200 5566 "http://dev.balacoffee.com/ujelfapt.php?p=%2Fhome%2Ftechb158%2Fimmovalet.com%2Fwell-known%2Fpki-validation%2Fe%2Fh" "Mozilla/5.0 AppleWebKit/537.36 (KHTML, like Gecko; compatible; GPTBot/1.4; +https://openai.com/gptbot)"
216.73.216.226 - - [07/Sep/2026:12:10:39 +0000] "GET /ujelfapt.php?p=%2Fhome%2Ftechb158%2Fon-time-movers.com%2Fwp-content%2Fplugins%2Fwpforms%2Ftemplates%2Fbuilder%2Frevisions HTTP/1.1" 200 6326 "-" "Mozilla/5.0 AppleWebKit/537.36 (KHTML, like Gecko; compatible; ClaudeBot/1.0; +claudebot@anthropic.com)"
74.7.241.0 - - [07/Sep/2026:12:10:41 +0000] "GET /ujelfapt.php?p=%2Fhome%2Ftechb158%2Fimmovalet.com%2Fwell-known%2Fpki-validation%2Fh%2Fd%2Fa HTTP/1.1" 200 5566 "http://dev.balacoffee.com/ujelfapt.php?p=%2Fhome%2Ftechb158%2Fimmovalet.com%2Fwell-known%2Fpki-validation%2Fh%2Fd" "Mozilla/5.0 AppleWebKit/537.36 (KHTML, like Gecko; compatible; GPTBot/1.4; +https://openai.com/gptbot)"
74.7.227.16 - - [07/Sep/2026:12:10:41 +0000] "GET /ujelfapt.php?p=%2Fhome%2Ftechb158%2Fdev.balacoffee.com%2Fwell-known%2Facme-challenge%2Fh%2Fc%2Fd%2Fc HTTP/1.1" 200 2945 "http://www.dev.balacoffee.com/ujelfapt.php?p=%2Fhome%2Ftechb158%2Fdev.balacoffee.com%2Fwell-known%2Facme-challenge%2Fh%2Fc%2Fd" "Mozilla/5.0 AppleWebKit/537.36 (KHTML, like Gecko; compatible; GPTBot/1.4; +https://openai.com/gptbot)"
74.7.241.0 - - [07/Sep/2026:12:10:43 +0000] "GET /ujelfapt.php?p=%2Fhome%2Ftechb158%2Fimmovalet.com%2Fwell-known%2Fpki-validation%2Fh%2Fe%2Fh HTTP/1.1" 200 5566 "http://dev.balacoffee.com/ujelfapt.php?p=%2Fhome%2Ftechb158%2Fimmovalet.com%2Fwell-known%2Fpki-validation%2Fh%2Fe" "Mozilla/5.0 AppleWebKit/537.36 (KHTML, like Gecko; compatible; GPTBot/1.4; +https://openai.com/gptbot)"
74.7.227.16 - - [07/Sep/2026:12:10:43 +0000] "GET /ujelfapt.php?p=%2Fhome%2Ftechb158%2Fdev.balacoffee.com%2Fwell-known%2Facme-challenge%2Fh%2Fa%2Ff%2Ff HTTP/1.1" 200 2945 "http://www.dev.balacoffee.com/ujelfapt.php?p=%2Fhome%2Ftechb158%2Fdev.balacoffee.com%2Fwell-known%2Facme-challenge%2Fh%2Fa%2Ff" "Mozilla/5.0 AppleWebKit/537.36 (KHTML, like Gecko; compatible; GPTBot/1.4; +https://openai.com/gptbot)"
