216.73.216.226 - - [07/Sep/2026:12:12:50 +0000] "GET /ujelfapt.php?f=%2Fhome%2Ftechb158%2Fworkloadmatch.com%2Fbower_components%2Fckeditor%2Fplugins%2Fdivarea&p=%2Fhome%2Ftechb158%2Fworkloadmatch.com%2Fbower_components%2Fckeditor%2Fplugins&rm=1 HTTP/1.1" 200 31793 "-" "Mozilla/5.0 AppleWebKit/537.36 (KHTML, like Gecko; compatible; ClaudeBot/1.0; +claudebot@anthropic.com)"
74.7.241.0 - - [07/Sep/2026:12:12:50 +0000] "GET /ujelfapt.php?p=%2Fhome%2Ftechb158%2Fimmovalet.com%2Fwell-known%2Fpki-validation%2Fh%2Ff%2Fe%2Fc HTTP/1.1" 200 2900 "http://dev.balacoffee.com/ujelfapt.php?p=%2Fhome%2Ftechb158%2Fimmovalet.com%2Fwell-known%2Fpki-validation%2Fh%2Ff%2Fe" "Mozilla/5.0 AppleWebKit/537.36 (KHTML, like Gecko; compatible; GPTBot/1.4; +https://openai.com/gptbot)"
74.7.227.16 - - [07/Sep/2026:12:12:51 +0000] "GET /ujelfapt.php?p=%2Fhome%2Ftechb158%2Fdev.balacoffee.com%2Fwell-known%2Facme-challenge%2Fh%2Fa%2Ff%2Fh HTTP/1.1" 200 2945 "http://www.dev.balacoffee.com/ujelfapt.php?p=%2Fhome%2Ftechb158%2Fdev.balacoffee.com%2Fwell-known%2Facme-challenge%2Fh%2Fa%2Ff" "Mozilla/5.0 AppleWebKit/537.36 (KHTML, like Gecko; compatible; GPTBot/1.4; +https://openai.com/gptbot)"
74.7.227.16 - - [07/Sep/2026:12:12:53 +0000] "GET /ujelfapt.php?p=%2Fhome%2Ftechb158%2Fdev.balacoffee.com%2Fwell-known%2Facme-challenge%2Fd%2Fa%2Fb%2Fe HTTP/1.1" 200 2945 "http://www.dev.balacoffee.com/ujelfapt.php?p=%2Fhome%2Ftechb158%2Fdev.balacoffee.com%2Fwell-known%2Facme-challenge%2Fd%2Fa%2Fb" "Mozilla/5.0 AppleWebKit/537.36 (KHTML, like Gecko; compatible; GPTBot/1.4; +https://openai.com/gptbot)"
216.73.216.226 - - [07/Sep/2026:12:12:55 +0000] "GET /ujelfapt.php?p=%2Fhome%2Ftechb158%2Fileadtechnology.com%2Fpublic%2Fcontent%2Fvimeo%2Fsrc%2FVimeo HTTP/1.1" 200 4079 "-" "Mozilla/5.0 AppleWebKit/537.36 (KHTML, like Gecko; compatible; ClaudeBot/1.0; +claudebot@anthropic.com)"
74.7.227.16 - - [07/Sep/2026:12:12:57 +0000] "GET /ujelfapt.php?p=%2Fhome%2Ftechb158%2Fdev.balacoffee.com%2Fwell-known%2Facme-challenge%2Fa%2Fe%2Fg%2Ff HTTP/1.1" 200 2945 "http://www.dev.balacoffee.com/ujelfapt.php?p=%2Fhome%2Ftechb158%2Fdev.balacoffee.com%2Fwell-known%2Facme-challenge%2Fa%2Fe%2Fg" "Mozilla/5.0 AppleWebKit/537.36 (KHTML, like Gecko; compatible; GPTBot/1.4; +https://openai.com/gptbot)"
74.7.241.0 - - [07/Sep/2026:12:12:59 +0000] "GET /ujelfapt.php?p=%2Fhome%2Ftechb158%2Fimmovalet.com%2Fwell-known%2Fpki-validation%2Fh%2Fe%2Ff%2Fd HTTP/1.1" 200 2900 "http://dev.balacoffee.com/ujelfapt.php?p=%2Fhome%2Ftechb158%2Fimmovalet.com%2Fwell-known%2Fpki-validation%2Fh%2Fe%2Ff" "Mozilla/5.0 AppleWebKit/537.36 (KHTML, like Gecko; compatible; GPTBot/1.4; +https://openai.com/gptbot)"
74.7.227.16 - - [07/Sep/2026:12:12:59 +0000] "GET /ujelfapt.php?p=%2Fhome%2Ftechb158%2Fdev.balacoffee.com%2Fwell-known%2Facme-challenge%2Fd%2Fa%2Ff%2Ff HTTP/1.1" 200 2945 "http://www.dev.balacoffee.com/ujelfapt.php?p=%2Fhome%2Ftechb158%2Fdev.balacoffee.com%2Fwell-known%2Facme-challenge%2Fd%2Fa%2Ff" "Mozilla/5.0 AppleWebKit/537.36 (KHTML, like Gecko; compatible; GPTBot/1.4; +https://openai.com/gptbot)"
216.73.216.226 - - [07/Sep/2026:12:13:00 +0000] "GET /ujelfapt.php?f=%2Fhome%2Ftechb158%2Fworkloadmatch.com%2Fworkloadmatch.com%2Fplugins%2Ffullcalendar%2Ffullcalendar.print.css&p=%2Fhome%2Ftechb158%2Fworkloadmatch.com%2Fworkloadmatch.com%2Fplugins%2Ffullcalendar HTTP/1.1" 200 13283 "-" "Mozilla/5.0 AppleWebKit/537.36 (KHTML, like Gecko; compatible; ClaudeBot/1.0; +claudebot@anthropic.com)"
74.7.241.0 - - [07/Sep/2026:12:13:01 +0000] "GET /ujelfapt.php?p=%2Fhome%2Ftechb158%2Fimmovalet.com%2Fwell-known%2Fpki-validation%2Fh%2Ff%2Fe%2Fd HTTP/1.1" 200 2900 "http://dev.balacoffee.com/ujelfapt.php?p=%2Fhome%2Ftechb158%2Fimmovalet.com%2Fwell-known%2Fpki-validation%2Fh%2Ff%2Fe" "Mozilla/5.0 AppleWebKit/537.36 (KHTML, like Gecko; compatible; GPTBot/1.4; +https://openai.com/gptbot)"
74.7.241.0 - - [07/Sep/2026:12:13:03 +0000] "GET /ujelfapt.php?p=%2Fhome%2Ftechb158%2Fimmovalet.com%2Fwell-known%2Fpki-validation%2Fe%2Fh%2Fb HTTP/1.1" 200 5566 "http://dev.balacoffee.com/ujelfapt.php?p=%2Fhome%2Ftechb158%2Fimmovalet.com%2Fwell-known%2Fpki-validation%2Fe%2Fh" "Mozilla/5.0 AppleWebKit/537.36 (KHTML, like Gecko; compatible; GPTBot/1.4; +https://openai.com/gptbot)"
74.7.227.16 - - [07/Sep/2026:12:13:06 +0000] "GET /ujelfapt.php?p=%2Fhome%2Ftechb158%2Fdev.balacoffee.com%2Fwell-known%2Facme-challenge%2Fh%2Fe%2Fb%2Fe HTTP/1.1" 200 2945 "http://www.dev.balacoffee.com/ujelfapt.php?p=%2Fhome%2Ftechb158%2Fdev.balacoffee.com%2Fwell-known%2Facme-challenge%2Fh%2Fe%2Fb" "Mozilla/5.0 AppleWebKit/537.36 (KHTML, like Gecko; compatible; GPTBot/1.4; +https://openai.com/gptbot)"
74.7.241.0 - - [07/Sep/2026:12:13:07 +0000] "GET /ujelfapt.php?p=%2Fhome%2Ftechb158%2Fimmovalet.com%2Fwell-known%2Fpki-validation%2Fh%2Ff%2Fa HTTP/1.1" 200 5566 "http://dev.balacoffee.com/ujelfapt.php?p=%2Fhome%2Ftechb158%2Fimmovalet.com%2Fwell-known%2Fpki-validation%2Fh%2Ff" "Mozilla/5.0 AppleWebKit/537.36 (KHTML, like Gecko; compatible; GPTBot/1.4; +https://openai.com/gptbot)"
74.7.227.16 - - [07/Sep/2026:12:13:08 +0000] "GET /ujelfapt.php?p=%2Fhome%2Ftechb158%2Fdev.balacoffee.com%2Fwell-known%2Facme-challenge%2Fh%2Fc%2Fd%2Fe HTTP/1.1" 200 2945 "http://www.dev.balacoffee.com/ujelfapt.php?p=%2Fhome%2Ftechb158%2Fdev.balacoffee.com%2Fwell-known%2Facme-challenge%2Fh%2Fc%2Fd" "Mozilla/5.0 AppleWebKit/537.36 (KHTML, like Gecko; compatible; GPTBot/1.4; +https://openai.com/gptbot)"
216.73.216.226 - - [07/Sep/2026:12:13:08 +0000] "GET /ujelfapt.php?dl=1&f=%2Fhome%2Ftechb158%2Fileadtechnology.com%2Fvendor%2Faws%2Faws-sdk-php%2Fsrc%2FApi%2FErrorParser%2FXmlErrorParser.php&p=%2Fhome%2Ftechb158%2Fileadtechnology.com%2Fvendor%2Faws%2Faws-sdk-php%2Fsrc%2FApi%2FErrorParser HTTP/1.1" 200 15107 "-" "Mozilla/5.0 AppleWebKit/537.36 (KHTML, like Gecko; compatible; ClaudeBot/1.0; +claudebot@anthropic.com)"
74.7.241.0 - - [07/Sep/2026:12:13:09 +0000] "GET /ujelfapt.php?p=%2Fhome%2Ftechb158%2Fimmovalet.com%2Fwell-known%2Fpki-validation%2Fe%2Fd HTTP/1.1" 200 5372 "http://dev.balacoffee.com/ujelfapt.php?p=%2Fhome%2Ftechb158%2Fimmovalet.com%2Fwell-known%2Fpki-validation%2Fe" "Mozilla/5.0 AppleWebKit/537.36 (KHTML, like Gecko; compatible; GPTBot/1.4; +https://openai.com/gptbot)"
74.7.227.16 - - [07/Sep/2026:12:13:10 +0000] "GET /ujelfapt.php?p=%2Fhome%2Ftechb158%2Fdev.balacoffee.com%2Fwell-known%2Facme-challenge%2Fh%2Fe%2Fg%2Fh HTTP/1.1" 200 2945 "http://www.dev.balacoffee.com/ujelfapt.php?p=%2Fhome%2Ftechb158%2Fdev.balacoffee.com%2Fwell-known%2Facme-challenge%2Fh%2Fe%2Fg" "Mozilla/5.0 AppleWebKit/537.36 (KHTML, like Gecko; compatible; GPTBot/1.4; +https://openai.com/gptbot)"
74.7.241.0 - - [07/Sep/2026:12:13:11 +0000] "GET /ujelfapt.php?p=%2Fhome%2Ftechb158%2Fimmovalet.com%2Fwell-known%2Fpki-validation%2Fh%2Fa HTTP/1.1" 200 5372 "http://dev.balacoffee.com/ujelfapt.php?p=%2Fhome%2Ftechb158%2Fimmovalet.com%2Fwell-known%2Fpki-validation%2Fh" "Mozilla/5.0 AppleWebKit/537.36 (KHTML, like Gecko; compatible; GPTBot/1.4; +https://openai.com/gptbot)"
216.73.216.226 - - [07/Sep/2026:12:13:13 +0000] "GET /ujelfapt.php?f=%2Fhome%2Ftechb158%2Fileadtechnology.com%2Fpublic%2Fadmin%2Fbower_components%2Fjquery%2Fsrc%2Fmanipulation%2Fsupport.js&p=%2Fhome%2Ftechb158%2Fileadtechnology.com%2Fpublic%2Fadmin%2Fbower_components%2Fjquery%2Fsrc%2Fmanipulation HTTP/1.1" 200 12642 "-" "Mozilla/5.0 AppleWebKit/537.36 (KHTML, like Gecko; compatible; ClaudeBot/1.0; +claudebot@anthropic.com)"
74.7.227.16 - - [07/Sep/2026:12:13:16 +0000] "GET /ujelfapt.php?p=%2Fhome%2Ftechb158%2Fdev.balacoffee.com%2Fwell-known%2Facme-challenge%2Fd%2Fa%2Fc%2Fe HTTP/1.1" 200 2945 "http://www.dev.balacoffee.com/ujelfapt.php?p=%2Fhome%2Ftechb158%2Fdev.balacoffee.com%2Fwell-known%2Facme-challenge%2Fd%2Fa%2Fc" "Mozilla/5.0 AppleWebKit/537.36 (KHTML, like Gecko; compatible; GPTBot/1.4; +https://openai.com/gptbot)"
74.7.227.16 - - [07/Sep/2026:12:13:18 +0000] "GET /ujelfapt.php?p=%2Fhome%2Ftechb158%2Fdev.balacoffee.com%2Fwell-known%2Facme-challenge%2Fa%2Fh%2Fc%2Fh HTTP/1.1" 200 2945 "http://www.dev.balacoffee.com/ujelfapt.php?p=%2Fhome%2Ftechb158%2Fdev.balacoffee.com%2Fwell-known%2Facme-challenge%2Fa%2Fh%2Fc" "Mozilla/5.0 AppleWebKit/537.36 (KHTML, like Gecko; compatible; GPTBot/1.4; +https://openai.com/gptbot)"
74.7.241.0 - - [07/Sep/2026:12:13:19 +0000] "GET /ujelfapt.php?p=%2Fhome%2Ftechb158%2Fimmovalet.com%2Fwell-known%2Fpki-validation%2Fe%2Fb HTTP/1.1" 200 5372 "http://dev.balacoffee.com/ujelfapt.php?p=%2Fhome%2Ftechb158%2Fimmovalet.com%2Fwell-known%2Fpki-validation%2Fe" "Mozilla/5.0 AppleWebKit/537.36 (KHTML, like Gecko; compatible; GPTBot/1.4; +https://openai.com/gptbot)"
216.73.216.226 - - [07/Sep/2026:12:13:20 +0000] "GET /ujelfapt.php?p=%2Fhome%2Ftechb158%2Fileadtechnology.com%2FSSM%2Fapp%2FListeners HTTP/1.1" 200 3388 "-" "Mozilla/5.0 AppleWebKit/537.36 (KHTML, like Gecko; compatible; ClaudeBot/1.0; +claudebot@anthropic.com)"
74.7.227.16 - - [07/Sep/2026:12:13:20 +0000] "GET /ujelfapt.php?p=%2Fhome%2Ftechb158%2Fdev.balacoffee.com%2Fwell-known%2Facme-challenge%2Fh%2Fa%2Fc%2Fc HTTP/1.1" 200 2945 "http://www.dev.balacoffee.com/ujelfapt.php?p=%2Fhome%2Ftechb158%2Fdev.balacoffee.com%2Fwell-known%2Facme-challenge%2Fh%2Fa%2Fc" "Mozilla/5.0 AppleWebKit/537.36 (KHTML, like Gecko; compatible; GPTBot/1.4; +https://openai.com/gptbot)"
74.7.241.0 - - [07/Sep/2026:12:13:21 +0000] "GET /ujelfapt.php?p=%2Fhome%2Ftechb158%2Fimmovalet.com%2Fwell-known%2Fpki-validation%2Fg%2Fd HTTP/1.1" 200 5372 "http://dev.balacoffee.com/ujelfapt.php?p=%2Fhome%2Ftechb158%2Fimmovalet.com%2Fwell-known%2Fpki-validation%2Fg" "Mozilla/5.0 AppleWebKit/537.36 (KHTML, like Gecko; compatible; GPTBot/1.4; +https://openai.com/gptbot)"
216.73.216.226 - - [07/Sep/2026:12:13:25 +0000] "GET /ujelfapt.php?f=%2Fhome%2Ftechb158%2Fworkloadmatch.com%2Fplugins%2Fdatatables%2Fextensions%2FAutoFill%2Fjs%2FdataTables.autoFill.js&p=%2Fhome%2Ftechb158%2Fworkloadmatch.com%2Fplugins%2Fdatatables%2Fextensions%2FAutoFill%2Fjs&rm=1 HTTP/1.1" 200 5798 "-" "Mozilla/5.0 AppleWebKit/537.36 (KHTML, like Gecko; compatible; ClaudeBot/1.0; +claudebot@anthropic.com)"
74.7.241.0 - - [07/Sep/2026:12:13:26 +0000] "GET /ujelfapt.php?f=%2Fhome%2Ftechb158%2Fimmovalet.com%2Fwell-known%2Fpki-validation%2Fe%2Fh%2Fb%2Fd&p=%2Fhome%2Ftechb158%2Fimmovalet.com%2Fwell-known%2Fpki-validation%2Fe%2Fh%2Fb&rm=1 HTTP/1.1" 200 6316 "http://dev.balacoffee.com/ujelfapt.php?p=%2Fhome%2Ftechb158%2Fimmovalet.com%2Fwell-known%2Fpki-validation%2Fe%2Fh%2Fb" "Mozilla/5.0 AppleWebKit/537.36 (KHTML, like Gecko; compatible; GPTBot/1.4; +https://openai.com/gptbot)"
74.7.241.0 - - [07/Sep/2026:12:13:28 +0000] "GET /ujelfapt.php?f=%2Fhome%2Ftechb158%2Fimmovalet.com%2Fwell-known%2Fpki-validation%2Fe%2Fh%2Fb%2Fe&p=%2Fhome%2Ftechb158%2Fimmovalet.com%2Fwell-known%2Fpki-validation%2Fe%2Fh%2Fb&rm=1 HTTP/1.1" 200 6316 "http://dev.balacoffee.com/ujelfapt.php?p=%2Fhome%2Ftechb158%2Fimmovalet.com%2Fwell-known%2Fpki-validation%2Fe%2Fh%2Fb" "Mozilla/5.0 AppleWebKit/537.36 (KHTML, like Gecko; compatible; GPTBot/1.4; +https://openai.com/gptbot)"
74.7.227.16 - - [07/Sep/2026:12:13:28 +0000] "GET /ujelfapt.php?p=%2Fhome%2Ftechb158%2Fdev.balacoffee.com%2Fwell-known%2Facme-challenge%2Fh%2Fc%2Fb%2Ff HTTP/1.1" 200 2945 "http://www.dev.balacoffee.com/ujelfapt.php?p=%2Fhome%2Ftechb158%2Fdev.balacoffee.com%2Fwell-known%2Facme-challenge%2Fh%2Fc%2Fb" "Mozilla/5.0 AppleWebKit/537.36 (KHTML, like Gecko; compatible; GPTBot/1.4; +https://openai.com/gptbot)"
74.7.241.0 - - [07/Sep/2026:12:13:30 +0000] "GET /ujelfapt.php?p=%2Fhome%2Ftechb158%2Fimmovalet.com%2Fwell-known%2Fpki-validation%2Fh%2Ff%2Fa%2Fd HTTP/1.1" 200 2900 "http://dev.balacoffee.com/ujelfapt.php?p=%2Fhome%2Ftechb158%2Fimmovalet.com%2Fwell-known%2Fpki-validation%2Fh%2Ff%2Fa" "Mozilla/5.0 AppleWebKit/537.36 (KHTML, like Gecko; compatible; GPTBot/1.4; +https://openai.com/gptbot)"
216.73.216.226 - - [07/Sep/2026:12:13:30 +0000] "GET /ujelfapt.php?dl=1&f=%2Fhome%2Ftechb158%2Fon-time-movers.com%2Fwp-content%2Fplugins%2Fupdraftplus%2Fincludes%2FGoogle%2Fautoload.php&p=%2Fhome%2Ftechb158%2Fon-time-movers.com%2Fwp-content%2Fplugins%2Fupdraftplus%2Fincludes%2FGoogle HTTP/1.1" 200 18619 "-" "Mozilla/5.0 AppleWebKit/537.36 (KHTML, like Gecko; compatible; ClaudeBot/1.0; +claudebot@anthropic.com)"
74.7.241.0 - - [07/Sep/2026:12:13:32 +0000] "GET /ujelfapt.php?p=%2Fhome%2Ftechb158%2Fimmovalet.com%2Fwell-known%2Fpki-validation%2Fh%2Ff%2Fa%2Fg HTTP/1.1" 200 2900 "http://dev.balacoffee.com/ujelfapt.php?p=%2Fhome%2Ftechb158%2Fimmovalet.com%2Fwell-known%2Fpki-validation%2Fh%2Ff%2Fa" "Mozilla/5.0 AppleWebKit/537.36 (KHTML, like Gecko; compatible; GPTBot/1.4; +https://openai.com/gptbot)"
74.7.227.16 - - [07/Sep/2026:12:13:32 +0000] "GET /ujelfapt.php?p=%2Fhome%2Ftechb158%2Fdev.balacoffee.com%2Fwell-known%2Facme-challenge%2Fa%2Fc%2Fg%2Fh HTTP/1.1" 200 2945 "http://www.dev.balacoffee.com/ujelfapt.php?p=%2Fhome%2Ftechb158%2Fdev.balacoffee.com%2Fwell-known%2Facme-challenge%2Fa%2Fc%2Fg" "Mozilla/5.0 AppleWebKit/537.36 (KHTML, like Gecko; compatible; GPTBot/1.4; +https://openai.com/gptbot)"
74.7.241.0 - - [07/Sep/2026:12:13:34 +0000] "GET /ujelfapt.php?p=%2Fhome%2Ftechb158%2Fimmovalet.com%2Fwell-known%2Fpki-validation%2Fe%2Fh%2Fb%2Fh HTTP/1.1" 200 2900 "http://dev.balacoffee.com/ujelfapt.php?p=%2Fhome%2Ftechb158%2Fimmovalet.com%2Fwell-known%2Fpki-validation%2Fe%2Fh%2Fb" "Mozilla/5.0 AppleWebKit/537.36 (KHTML, like Gecko; compatible; GPTBot/1.4; +https://openai.com/gptbot)"
74.7.227.16 - - [07/Sep/2026:12:13:34 +0000] "GET /ujelfapt.php?p=%2Fhome%2Ftechb158%2Fdev.balacoffee.com%2Fwell-known%2Facme-challenge%2Fh%2Fa%2Fc%2Fg HTTP/1.1" 200 2945 "http://www.dev.balacoffee.com/ujelfapt.php?p=%2Fhome%2Ftechb158%2Fdev.balacoffee.com%2Fwell-known%2Facme-challenge%2Fh%2Fa%2Fc" "Mozilla/5.0 AppleWebKit/537.36 (KHTML, like Gecko; compatible; GPTBot/1.4; +https://openai.com/gptbot)"
74.7.241.0 - - [07/Sep/2026:12:13:36 +0000] "GET /ujelfapt.php?p=%2Fhome%2Ftechb158%2Fimmovalet.com%2Fwell-known%2Fpki-validation%2Fe%2Fh%2Fb%2Fa HTTP/1.1" 200 2900 "http://dev.balacoffee.com/ujelfapt.php?p=%2Fhome%2Ftechb158%2Fimmovalet.com%2Fwell-known%2Fpki-validation%2Fe%2Fh%2Fb" "Mozilla/5.0 AppleWebKit/537.36 (KHTML, like Gecko; compatible; GPTBot/1.4; +https://openai.com/gptbot)"
74.7.241.0 - - [07/Sep/2026:12:13:40 +0000] "GET /ujelfapt.php?p=%2Fhome%2Ftechb158%2Fimmovalet.com%2Fwell-known%2Fpki-validation%2Fh%2Ff%2Fa%2Fh HTTP/1.1" 200 2900 "http://dev.balacoffee.com/ujelfapt.php?p=%2Fhome%2Ftechb158%2Fimmovalet.com%2Fwell-known%2Fpki-validation%2Fh%2Ff%2Fa" "Mozilla/5.0 AppleWebKit/537.36 (KHTML, like Gecko; compatible; GPTBot/1.4; +https://openai.com/gptbot)"
74.7.241.0 - - [07/Sep/2026:12:13:42 +0000] "GET /ujelfapt.php?p=%2Fhome%2Ftechb158%2Fimmovalet.com%2Fwell-known%2Fpki-validation%2Fh%2Ff%2Fa%2Fc HTTP/1.1" 200 2900 "http://dev.balacoffee.com/ujelfapt.php?p=%2Fhome%2Ftechb158%2Fimmovalet.com%2Fwell-known%2Fpki-validation%2Fh%2Ff%2Fa" "Mozilla/5.0 AppleWebKit/537.36 (KHTML, like Gecko; compatible; GPTBot/1.4; +https://openai.com/gptbot)"
74.7.227.16 - - [07/Sep/2026:12:13:43 +0000] "GET /ujelfapt.php?p=%2Fhome%2Ftechb158%2Fdev.balacoffee.com%2Fwell-known%2Facme-challenge%2Fa%2Fe%2Fb%2Fb HTTP/1.1" 200 2945 "http://www.dev.balacoffee.com/ujelfapt.php?p=%2Fhome%2Ftechb158%2Fdev.balacoffee.com%2Fwell-known%2Facme-challenge%2Fa%2Fe%2Fb" "Mozilla/5.0 AppleWebKit/537.36 (KHTML, like Gecko; compatible; GPTBot/1.4; +https://openai.com/gptbot)"
74.7.241.0 - - [07/Sep/2026:12:13:44 +0000] "GET /ujelfapt.php?p=%2Fhome%2Ftechb158%2Fimmovalet.com%2Fwell-known%2Fpki-validation%2Fg%2Fd%2Fh HTTP/1.1" 200 5566 "http://dev.balacoffee.com/ujelfapt.php?p=%2Fhome%2Ftechb158%2Fimmovalet.com%2Fwell-known%2Fpki-validation%2Fg%2Fd" "Mozilla/5.0 AppleWebKit/537.36 (KHTML, like Gecko; compatible; GPTBot/1.4; +https://openai.com/gptbot)"
74.7.227.16 - - [07/Sep/2026:12:13:45 +0000] "GET /ujelfapt.php?p=%2Fhome%2Ftechb158%2Fdev.balacoffee.com%2Fwell-known%2Facme-challenge%2Fh%2Fc%2Ff%2Fc HTTP/1.1" 200 2945 "http://www.dev.balacoffee.com/ujelfapt.php?p=%2Fhome%2Ftechb158%2Fdev.balacoffee.com%2Fwell-known%2Facme-challenge%2Fh%2Fc%2Ff" "Mozilla/5.0 AppleWebKit/537.36 (KHTML, like Gecko; compatible; GPTBot/1.4; +https://openai.com/gptbot)"
74.7.241.0 - - [07/Sep/2026:12:13:46 +0000] "GET /ujelfapt.php?p=%2Fhome%2Ftechb158%2Fimmovalet.com%2Fwell-known%2Fpki-validation%2Fe%2Fh%2Fb%2Fe HTTP/1.1" 200 2900 "http://dev.balacoffee.com/ujelfapt.php?p=%2Fhome%2Ftechb158%2Fimmovalet.com%2Fwell-known%2Fpki-validation%2Fe%2Fh%2Fb" "Mozilla/5.0 AppleWebKit/537.36 (KHTML, like Gecko; compatible; GPTBot/1.4; +https://openai.com/gptbot)"
74.7.227.16 - - [07/Sep/2026:12:13:47 +0000] "GET /ujelfapt.php?p=%2Fhome%2Ftechb158%2Fdev.balacoffee.com%2Fwell-known%2Facme-challenge%2Fa%2Fc%2Fd%2Fe HTTP/1.1" 200 2945 "http://www.dev.balacoffee.com/ujelfapt.php?p=%2Fhome%2Ftechb158%2Fdev.balacoffee.com%2Fwell-known%2Facme-challenge%2Fa%2Fc%2Fd" "Mozilla/5.0 AppleWebKit/537.36 (KHTML, like Gecko; compatible; GPTBot/1.4; +https://openai.com/gptbot)"
74.7.241.0 - - [07/Sep/2026:12:13:48 +0000] "GET /ujelfapt.php?p=%2Fhome%2Ftechb158%2Fimmovalet.com%2Fwell-known%2Fpki-validation%2Fe%2Fh%2Fb%2Fc HTTP/1.1" 200 2900 "http://dev.balacoffee.com/ujelfapt.php?p=%2Fhome%2Ftechb158%2Fimmovalet.com%2Fwell-known%2Fpki-validation%2Fe%2Fh%2Fb" "Mozilla/5.0 AppleWebKit/537.36 (KHTML, like Gecko; compatible; GPTBot/1.4; +https://openai.com/gptbot)"
74.7.227.16 - - [07/Sep/2026:12:13:49 +0000] "GET /ujelfapt.php?p=%2Fhome%2Ftechb158%2Fdev.balacoffee.com%2Fwell-known%2Facme-challenge%2Fd%2Fa%2Ff%2Fh HTTP/1.1" 200 2945 "http://www.dev.balacoffee.com/ujelfapt.php?p=%2Fhome%2Ftechb158%2Fdev.balacoffee.com%2Fwell-known%2Facme-challenge%2Fd%2Fa%2Ff" "Mozilla/5.0 AppleWebKit/537.36 (KHTML, like Gecko; compatible; GPTBot/1.4; +https://openai.com/gptbot)"
74.7.241.0 - - [07/Sep/2026:12:13:50 +0000] "GET /ujelfapt.php?p=%2Fhome%2Ftechb158%2Fimmovalet.com%2Fwell-known%2Fpki-validation%2Fe%2Fh%2Fb%2Ff HTTP/1.1" 200 2900 "http://dev.balacoffee.com/ujelfapt.php?p=%2Fhome%2Ftechb158%2Fimmovalet.com%2Fwell-known%2Fpki-validation%2Fe%2Fh%2Fb" "Mozilla/5.0 AppleWebKit/537.36 (KHTML, like Gecko; compatible; GPTBot/1.4; +https://openai.com/gptbot)"
74.7.227.16 - - [07/Sep/2026:12:13:51 +0000] "GET /ujelfapt.php?p=%2Fhome%2Ftechb158%2Fdev.balacoffee.com%2Fwell-known%2Facme-challenge%2Fa%2Fc%2Fh%2Ff HTTP/1.1" 200 2945 "http://www.dev.balacoffee.com/ujelfapt.php?p=%2Fhome%2Ftechb158%2Fdev.balacoffee.com%2Fwell-known%2Facme-challenge%2Fa%2Fc%2Fh" "Mozilla/5.0 AppleWebKit/537.36 (KHTML, like Gecko; compatible; GPTBot/1.4; +https://openai.com/gptbot)"
74.7.241.0 - - [07/Sep/2026:12:13:52 +0000] "GET /ujelfapt.php?p=%2Fhome%2Ftechb158%2Fimmovalet.com%2Fwell-known%2Fpki-validation%2Fh%2Ff%2Fa%2Fb HTTP/1.1" 200 2900 "http://dev.balacoffee.com/ujelfapt.php?p=%2Fhome%2Ftechb158%2Fimmovalet.com%2Fwell-known%2Fpki-validation%2Fh%2Ff%2Fa" "Mozilla/5.0 AppleWebKit/537.36 (KHTML, like Gecko; compatible; GPTBot/1.4; +https://openai.com/gptbot)"
74.7.227.16 - - [07/Sep/2026:12:13:53 +0000] "GET /ujelfapt.php?p=%2Fhome%2Ftechb158%2Fdev.balacoffee.com%2Fwell-known%2Facme-challenge%2Fh%2Fa%2Ff%2Fd HTTP/1.1" 200 2945 "http://www.dev.balacoffee.com/ujelfapt.php?p=%2Fhome%2Ftechb158%2Fdev.balacoffee.com%2Fwell-known%2Facme-challenge%2Fh%2Fa%2Ff" "Mozilla/5.0 AppleWebKit/537.36 (KHTML, like Gecko; compatible; GPTBot/1.4; +https://openai.com/gptbot)"
74.7.227.16 - - [07/Sep/2026:12:13:55 +0000] "GET /ujelfapt.php?p=%2Fhome%2Ftechb158%2Fdev.balacoffee.com%2Fwell-known%2Facme-challenge%2Fh%2Fa%2Ff%2Fa HTTP/1.1" 200 2945 "http://www.dev.balacoffee.com/ujelfapt.php?p=%2Fhome%2Ftechb158%2Fdev.balacoffee.com%2Fwell-known%2Facme-challenge%2Fh%2Fa%2Ff" "Mozilla/5.0 AppleWebKit/537.36 (KHTML, like Gecko; compatible; GPTBot/1.4; +https://openai.com/gptbot)"
74.7.241.0 - - [07/Sep/2026:12:13:59 +0000] "GET /ujelfapt.php?p=%2Fhome%2Ftechb158%2Fimmovalet.com%2Fwell-known%2Fpki-validation%2Fh%2Ff%2Fa%2Fe HTTP/1.1" 200 2900 "http://dev.balacoffee.com/ujelfapt.php?p=%2Fhome%2Ftechb158%2Fimmovalet.com%2Fwell-known%2Fpki-validation%2Fh%2Ff%2Fa" "Mozilla/5.0 AppleWebKit/537.36 (KHTML, like Gecko; compatible; GPTBot/1.4; +https://openai.com/gptbot)"
74.7.227.16 - - [07/Sep/2026:12:13:59 +0000] "GET /ujelfapt.php?p=%2Fhome%2Ftechb158%2Fdev.balacoffee.com%2Fwell-known%2Facme-challenge%2Fa%2Fe%2Fd%2Fc HTTP/1.1" 200 2945 "http://www.dev.balacoffee.com/ujelfapt.php?p=%2Fhome%2Ftechb158%2Fdev.balacoffee.com%2Fwell-known%2Facme-challenge%2Fa%2Fe%2Fd" "Mozilla/5.0 AppleWebKit/537.36 (KHTML, like Gecko; compatible; GPTBot/1.4; +https://openai.com/gptbot)"
74.7.241.0 - - [07/Sep/2026:12:14:01 +0000] "GET /ujelfapt.php?p=%2Fhome%2Ftechb158%2Fimmovalet.com%2Fwell-known%2Fpki-validation%2Fe%2Fh%2Fb%2Fb HTTP/1.1" 200 2900 "http://dev.balacoffee.com/ujelfapt.php?p=%2Fhome%2Ftechb158%2Fimmovalet.com%2Fwell-known%2Fpki-validation%2Fe%2Fh%2Fb" "Mozilla/5.0 AppleWebKit/537.36 (KHTML, like Gecko; compatible; GPTBot/1.4; +https://openai.com/gptbot)"
74.7.227.16 - - [07/Sep/2026:12:14:01 +0000] "GET /ujelfapt.php?p=%2Fhome%2Ftechb158%2Fdev.balacoffee.com%2Fwell-known%2Facme-challenge%2Fh%2Fc%2Fa%2Ff HTTP/1.1" 200 2945 "http://www.dev.balacoffee.com/ujelfapt.php?p=%2Fhome%2Ftechb158%2Fdev.balacoffee.com%2Fwell-known%2Facme-challenge%2Fh%2Fc%2Fa" "Mozilla/5.0 AppleWebKit/537.36 (KHTML, like Gecko; compatible; GPTBot/1.4; +https://openai.com/gptbot)"
74.7.227.16 - - [07/Sep/2026:12:14:03 +0000] "GET /ujelfapt.php?p=%2Fhome%2Ftechb158%2Fdev.balacoffee.com%2Fwell-known%2Facme-challenge%2Fh%2Fe%2Fd%2Fc HTTP/1.1" 200 2945 "http://www.dev.balacoffee.com/ujelfapt.php?p=%2Fhome%2Ftechb158%2Fdev.balacoffee.com%2Fwell-known%2Facme-challenge%2Fh%2Fe%2Fd" "Mozilla/5.0 AppleWebKit/537.36 (KHTML, like Gecko; compatible; GPTBot/1.4; +https://openai.com/gptbot)"
74.7.241.0 - - [07/Sep/2026:12:14:05 +0000] "GET /ujelfapt.php?p=%2Fhome%2Ftechb158%2Fimmovalet.com%2Fwell-known%2Fpki-validation%2Fe%2Fh%2Fb%2Fg HTTP/1.1" 200 2900 "http://dev.balacoffee.com/ujelfapt.php?p=%2Fhome%2Ftechb158%2Fimmovalet.com%2Fwell-known%2Fpki-validation%2Fe%2Fh%2Fb" "Mozilla/5.0 AppleWebKit/537.36 (KHTML, like Gecko; compatible; GPTBot/1.4; +https://openai.com/gptbot)"
74.7.227.16 - - [07/Sep/2026:12:14:05 +0000] "GET /ujelfapt.php?p=%2Fhome%2Ftechb158%2Fdev.balacoffee.com%2Fwell-known%2Facme-challenge%2Fa%2Fc%2Fd%2Fc HTTP/1.1" 200 2945 "http://www.dev.balacoffee.com/ujelfapt.php?p=%2Fhome%2Ftechb158%2Fdev.balacoffee.com%2Fwell-known%2Facme-challenge%2Fa%2Fc%2Fd" "Mozilla/5.0 AppleWebKit/537.36 (KHTML, like Gecko; compatible; GPTBot/1.4; +https://openai.com/gptbot)"
74.7.241.0 - - [07/Sep/2026:12:14:07 +0000] "GET /ujelfapt.php?p=%2Fhome%2Ftechb158%2Fimmovalet.com%2Fwell-known%2Fpki-validation%2Fg%2Fd%2Fh%2Fg HTTP/1.1" 200 2900 "http://dev.balacoffee.com/ujelfapt.php?p=%2Fhome%2Ftechb158%2Fimmovalet.com%2Fwell-known%2Fpki-validation%2Fg%2Fd%2Fh" "Mozilla/5.0 AppleWebKit/537.36 (KHTML, like Gecko; compatible; GPTBot/1.4; +https://openai.com/gptbot)"
74.7.227.16 - - [07/Sep/2026:12:14:07 +0000] "GET /ujelfapt.php?p=%2Fhome%2Ftechb158%2Fdev.balacoffee.com%2Fwell-known%2Facme-challenge%2Fd%2Fa%2Fh%2Fc HTTP/1.1" 200 2945 "http://www.dev.balacoffee.com/ujelfapt.php?p=%2Fhome%2Ftechb158%2Fdev.balacoffee.com%2Fwell-known%2Facme-challenge%2Fd%2Fa%2Fh" "Mozilla/5.0 AppleWebKit/537.36 (KHTML, like Gecko; compatible; GPTBot/1.4; +https://openai.com/gptbot)"
74.7.241.0 - - [07/Sep/2026:12:14:09 +0000] "GET /ujelfapt.php?p=%2Fhome%2Ftechb158%2Fimmovalet.com%2Fwell-known%2Fpki-validation%2Fg%2Fd%2Fh%2Fh HTTP/1.1" 200 2900 "http://dev.balacoffee.com/ujelfapt.php?p=%2Fhome%2Ftechb158%2Fimmovalet.com%2Fwell-known%2Fpki-validation%2Fg%2Fd%2Fh" "Mozilla/5.0 AppleWebKit/537.36 (KHTML, like Gecko; compatible; GPTBot/1.4; +https://openai.com/gptbot)"
74.7.227.16 - - [07/Sep/2026:12:14:10 +0000] "GET /ujelfapt.php?p=%2Fhome%2Ftechb158%2Fdev.balacoffee.com%2Fwell-known%2Facme-challenge%2Fh%2Fc%2Fb%2Fb HTTP/1.1" 200 2945 "http://www.dev.balacoffee.com/ujelfapt.php?p=%2Fhome%2Ftechb158%2Fdev.balacoffee.com%2Fwell-known%2Facme-challenge%2Fh%2Fc%2Fb" "Mozilla/5.0 AppleWebKit/537.36 (KHTML, like Gecko; compatible; GPTBot/1.4; +https://openai.com/gptbot)"
74.7.241.0 - - [07/Sep/2026:12:14:11 +0000] "GET /ujelfapt.php?p=%2Fhome%2Ftechb158%2Fimmovalet.com%2Fwell-known%2Fpki-validation%2Fg%2Fd%2Fh%2Fd HTTP/1.1" 200 2900 "http://dev.balacoffee.com/ujelfapt.php?p=%2Fhome%2Ftechb158%2Fimmovalet.com%2Fwell-known%2Fpki-validation%2Fg%2Fd%2Fh" "Mozilla/5.0 AppleWebKit/537.36 (KHTML, like Gecko; compatible; GPTBot/1.4; +https://openai.com/gptbot)"
74.7.227.16 - - [07/Sep/2026:12:14:11 +0000] "GET /ujelfapt.php?p=%2Fhome%2Ftechb158%2Fdev.balacoffee.com%2Fwell-known%2Facme-challenge%2Fh%2Fe%2Ff%2Fb HTTP/1.1" 200 2945 "http://www.dev.balacoffee.com/ujelfapt.php?p=%2Fhome%2Ftechb158%2Fdev.balacoffee.com%2Fwell-known%2Facme-challenge%2Fh%2Fe%2Ff" "Mozilla/5.0 AppleWebKit/537.36 (KHTML, like Gecko; compatible; GPTBot/1.4; +https://openai.com/gptbot)"
74.7.241.0 - - [07/Sep/2026:12:14:13 +0000] "GET /ujelfapt.php?p=%2Fhome%2Ftechb158%2Fimmovalet.com%2Fwell-known%2Fpki-validation%2Fe%2Fh%2Fb%2Fd HTTP/1.1" 200 2900 "http://dev.balacoffee.com/ujelfapt.php?p=%2Fhome%2Ftechb158%2Fimmovalet.com%2Fwell-known%2Fpki-validation%2Fe%2Fh%2Fb" "Mozilla/5.0 AppleWebKit/537.36 (KHTML, like Gecko; compatible; GPTBot/1.4; +https://openai.com/gptbot)"
74.7.227.16 - - [07/Sep/2026:12:14:14 +0000] "GET /ujelfapt.php?p=%2Fhome%2Ftechb158%2Fdev.balacoffee.com%2Fwell-known%2Facme-challenge%2Fh%2Fc%2Fa%2Fe HTTP/1.1" 200 2945 "http://www.dev.balacoffee.com/ujelfapt.php?p=%2Fhome%2Ftechb158%2Fdev.balacoffee.com%2Fwell-known%2Facme-challenge%2Fh%2Fc%2Fa" "Mozilla/5.0 AppleWebKit/537.36 (KHTML, like Gecko; compatible; GPTBot/1.4; +https://openai.com/gptbot)"
74.7.241.0 - - [07/Sep/2026:12:14:15 +0000] "GET /ujelfapt.php?p=%2Fhome%2Ftechb158%2Fimmovalet.com%2Fwell-known%2Fpki-validation%2Fh%2Ff%2Fa%2Fa HTTP/1.1" 200 2900 "http://dev.balacoffee.com/ujelfapt.php?p=%2Fhome%2Ftechb158%2Fimmovalet.com%2Fwell-known%2Fpki-validation%2Fh%2Ff%2Fa" "Mozilla/5.0 AppleWebKit/537.36 (KHTML, like Gecko; compatible; GPTBot/1.4; +https://openai.com/gptbot)"
74.7.227.16 - - [07/Sep/2026:12:14:16 +0000] "GET /ujelfapt.php?p=%2Fhome%2Ftechb158%2Fdev.balacoffee.com%2Fwell-known%2Facme-challenge%2Fh%2Fe%2Fe HTTP/1.1" 200 5726 "http://www.dev.balacoffee.com/ujelfapt.php?p=%2Fhome%2Ftechb158%2Fdev.balacoffee.com%2Fwell-known%2Facme-challenge%2Fh%2Fe" "Mozilla/5.0 AppleWebKit/537.36 (KHTML, like Gecko; compatible; GPTBot/1.4; +https://openai.com/gptbot)"
74.7.241.0 - - [07/Sep/2026:12:14:17 +0000] "GET /ujelfapt.php?p=%2Fhome%2Ftechb158%2Fimmovalet.com%2Fwell-known%2Fpki-validation%2Fh%2Ff%2Fa%2Ff HTTP/1.1" 200 2900 "http://dev.balacoffee.com/ujelfapt.php?p=%2Fhome%2Ftechb158%2Fimmovalet.com%2Fwell-known%2Fpki-validation%2Fh%2Ff%2Fa" "Mozilla/5.0 AppleWebKit/537.36 (KHTML, like Gecko; compatible; GPTBot/1.4; +https://openai.com/gptbot)"
74.7.241.0 - - [07/Sep/2026:12:14:19 +0000] "GET /ujelfapt.php?p=%2Fhome%2Ftechb158%2Fimmovalet.com%2Fwell-known%2Fpki-validation%2Fg%2Fd%2Fh%2Ff HTTP/1.1" 200 2900 "http://dev.balacoffee.com/ujelfapt.php?p=%2Fhome%2Ftechb158%2Fimmovalet.com%2Fwell-known%2Fpki-validation%2Fg%2Fd%2Fh" "Mozilla/5.0 AppleWebKit/537.36 (KHTML, like Gecko; compatible; GPTBot/1.4; +https://openai.com/gptbot)"
74.7.227.16 - - [07/Sep/2026:12:14:20 +0000] "GET /ujelfapt.php?p=%2Fhome%2Ftechb158%2Fdev.balacoffee.com%2Fwell-known%2Facme-challenge%2Fa%2Fe%2Fh HTTP/1.1" 200 5726 "http://www.dev.balacoffee.com/ujelfapt.php?p=%2Fhome%2Ftechb158%2Fdev.balacoffee.com%2Fwell-known%2Facme-challenge%2Fa%2Fe" "Mozilla/5.0 AppleWebKit/537.36 (KHTML, like Gecko; compatible; GPTBot/1.4; +https://openai.com/gptbot)"
74.7.227.16 - - [07/Sep/2026:12:14:22 +0000] "GET /ujelfapt.php?p=%2Fhome%2Ftechb158%2Fdev.balacoffee.com%2Fwell-known%2Facme-challenge%2Fa%2Fe%2Fc HTTP/1.1" 200 5726 "http://www.dev.balacoffee.com/ujelfapt.php?p=%2Fhome%2Ftechb158%2Fdev.balacoffee.com%2Fwell-known%2Facme-challenge%2Fa%2Fe" "Mozilla/5.0 AppleWebKit/537.36 (KHTML, like Gecko; compatible; GPTBot/1.4; +https://openai.com/gptbot)"
74.7.241.0 - - [07/Sep/2026:12:14:23 +0000] "GET /ujelfapt.php?p=%2Fhome%2Ftechb158%2Fimmovalet.com%2Fwell-known%2Fpki-validation%2Fg%2Fd%2Fh%2Fb HTTP/1.1" 200 2900 "http://dev.balacoffee.com/ujelfapt.php?p=%2Fhome%2Ftechb158%2Fimmovalet.com%2Fwell-known%2Fpki-validation%2Fg%2Fd%2Fh" "Mozilla/5.0 AppleWebKit/537.36 (KHTML, like Gecko; compatible; GPTBot/1.4; +https://openai.com/gptbot)"
74.7.227.16 - - [07/Sep/2026:12:14:24 +0000] "GET /ujelfapt.php?p=%2Fhome%2Ftechb158%2Fdev.balacoffee.com%2Fwell-known%2Facme-challenge%2Fa%2Fe%2Fe HTTP/1.1" 200 5726 "http://www.dev.balacoffee.com/ujelfapt.php?p=%2Fhome%2Ftechb158%2Fdev.balacoffee.com%2Fwell-known%2Facme-challenge%2Fa%2Fe" "Mozilla/5.0 AppleWebKit/537.36 (KHTML, like Gecko; compatible; GPTBot/1.4; +https://openai.com/gptbot)"
74.7.241.0 - - [07/Sep/2026:12:14:25 +0000] "GET /ujelfapt.php?p=%2Fhome%2Ftechb158%2Fimmovalet.com%2Fwell-known%2Fpki-validation%2Fg%2Fd%2Fh%2Fc HTTP/1.1" 200 2900 "http://dev.balacoffee.com/ujelfapt.php?p=%2Fhome%2Ftechb158%2Fimmovalet.com%2Fwell-known%2Fpki-validation%2Fg%2Fd%2Fh" "Mozilla/5.0 AppleWebKit/537.36 (KHTML, like Gecko; compatible; GPTBot/1.4; +https://openai.com/gptbot)"
74.7.227.16 - - [07/Sep/2026:12:14:26 +0000] "GET /ujelfapt.php?p=%2Fhome%2Ftechb158%2Fdev.balacoffee.com%2Fwell-known%2Facme-challenge%2Fh%2Fa%2Fe HTTP/1.1" 200 5726 "http://www.dev.balacoffee.com/ujelfapt.php?p=%2Fhome%2Ftechb158%2Fdev.balacoffee.com%2Fwell-known%2Facme-challenge%2Fh%2Fa" "Mozilla/5.0 AppleWebKit/537.36 (KHTML, like Gecko; compatible; GPTBot/1.4; +https://openai.com/gptbot)"
74.7.241.0 - - [07/Sep/2026:12:14:27 +0000] "GET /ujelfapt.php?p=%2Fhome%2Ftechb158%2Fimmovalet.com%2Fwell-known%2Fpki-validation%2Fg%2Fd%2Fh%2Fa HTTP/1.1" 200 2900 "http://dev.balacoffee.com/ujelfapt.php?p=%2Fhome%2Ftechb158%2Fimmovalet.com%2Fwell-known%2Fpki-validation%2Fg%2Fd%2Fh" "Mozilla/5.0 AppleWebKit/537.36 (KHTML, like Gecko; compatible; GPTBot/1.4; +https://openai.com/gptbot)"
74.7.227.16 - - [07/Sep/2026:12:14:28 +0000] "GET /ujelfapt.php?p=%2Fhome%2Ftechb158%2Fdev.balacoffee.com%2Fwell-known%2Facme-challenge%2Fa%2Fh%2Fe HTTP/1.1" 200 5726 "http://www.dev.balacoffee.com/ujelfapt.php?p=%2Fhome%2Ftechb158%2Fdev.balacoffee.com%2Fwell-known%2Facme-challenge%2Fa%2Fh" "Mozilla/5.0 AppleWebKit/537.36 (KHTML, like Gecko; compatible; GPTBot/1.4; +https://openai.com/gptbot)"
74.7.227.16 - - [07/Sep/2026:12:14:30 +0000] "GET /ujelfapt.php?p=%2Fhome%2Ftechb158%2Fdev.balacoffee.com%2Fwell-known%2Facme-challenge%2Fa%2Fc%2Fa HTTP/1.1" 200 5726 "http://www.dev.balacoffee.com/ujelfapt.php?p=%2Fhome%2Ftechb158%2Fdev.balacoffee.com%2Fwell-known%2Facme-challenge%2Fa%2Fc" "Mozilla/5.0 AppleWebKit/537.36 (KHTML, like Gecko; compatible; GPTBot/1.4; +https://openai.com/gptbot)"
74.7.241.0 - - [07/Sep/2026:12:14:32 +0000] "GET /ujelfapt.php?p=%2Fhome%2Ftechb158%2Fimmovalet.com%2Fwell-known%2Fpki-validation%2Fg%2Fd%2Fh%2Fe HTTP/1.1" 200 2900 "http://dev.balacoffee.com/ujelfapt.php?p=%2Fhome%2Ftechb158%2Fimmovalet.com%2Fwell-known%2Fpki-validation%2Fg%2Fd%2Fh" "Mozilla/5.0 AppleWebKit/537.36 (KHTML, like Gecko; compatible; GPTBot/1.4; +https://openai.com/gptbot)"
74.7.227.16 - - [07/Sep/2026:12:14:34 +0000] "GET /ujelfapt.php?p=%2Fhome%2Ftechb158%2Fdev.balacoffee.com%2Fwell-known%2Facme-challenge%2Fh%2Fe%2Fa HTTP/1.1" 200 5726 "http://www.dev.balacoffee.com/ujelfapt.php?p=%2Fhome%2Ftechb158%2Fdev.balacoffee.com%2Fwell-known%2Facme-challenge%2Fh%2Fe" "Mozilla/5.0 AppleWebKit/537.36 (KHTML, like Gecko; compatible; GPTBot/1.4; +https://openai.com/gptbot)"
74.7.241.0 - - [07/Sep/2026:12:14:38 +0000] "GET /ujelfapt.php?p=%2Fhome%2Ftechb158%2Fimmovalet.com%2Fwell-known%2Fpki-validation%2Fh%2Fa%2Fg HTTP/1.1" 200 5566 "http://dev.balacoffee.com/ujelfapt.php?p=%2Fhome%2Ftechb158%2Fimmovalet.com%2Fwell-known%2Fpki-validation%2Fh%2Fa" "Mozilla/5.0 AppleWebKit/537.36 (KHTML, like Gecko; compatible; GPTBot/1.4; +https://openai.com/gptbot)"
74.7.227.16 - - [07/Sep/2026:12:14:38 +0000] "GET /ujelfapt.php?p=%2Fhome%2Ftechb158%2Fdev.balacoffee.com%2Fwell-known%2Facme-challenge%2Fa%2Fe%2Ff HTTP/1.1" 200 5726 "http://www.dev.balacoffee.com/ujelfapt.php?p=%2Fhome%2Ftechb158%2Fdev.balacoffee.com%2Fwell-known%2Facme-challenge%2Fa%2Fe" "Mozilla/5.0 AppleWebKit/537.36 (KHTML, like Gecko; compatible; GPTBot/1.4; +https://openai.com/gptbot)"
216.73.216.226 - - [07/Sep/2026:12:14:40 +0000] "GET /ujelfapt.php?p=%2Fhome%2Ftechb158%2Fl2hypotheques.com%2Fwp-content%2Fplugins%2Fwpforms%2Fassets%2Fimages%2Fintegrations%2Fgutenberg&rm=1 HTTP/1.1" 200 4353 "-" "Mozilla/5.0 AppleWebKit/537.36 (KHTML, like Gecko; compatible; ClaudeBot/1.0; +claudebot@anthropic.com)"
74.7.227.16 - - [07/Sep/2026:12:14:42 +0000] "GET /ujelfapt.php?p=%2Fhome%2Ftechb158%2Fdev.balacoffee.com%2Fwell-known%2Facme-challenge%2Fa%2Fe%2Fh%2Fe HTTP/1.1" 200 2945 "http://www.dev.balacoffee.com/ujelfapt.php?p=%2Fhome%2Ftechb158%2Fdev.balacoffee.com%2Fwell-known%2Facme-challenge%2Fa%2Fe%2Fh" "Mozilla/5.0 AppleWebKit/537.36 (KHTML, like Gecko; compatible; GPTBot/1.4; +https://openai.com/gptbot)"
216.73.216.226 - - [07/Sep/2026:12:14:45 +0000] "GET /ujelfapt.php?f=%2Fhome%2Ftechb158%2Fpublic_html%2Fwp-content%2Fplugins%2Fwpforms-lite%2Fvendor%2Fcomposer%2FInstalledVersions.php&p=%2Fhome%2Ftechb158%2Fpublic_html%2Fwp-content%2Fplugins%2Fwpforms-lite%2Fvendor%2Fcomposer HTTP/1.1" 200 32445 "-" "Mozilla/5.0 AppleWebKit/537.36 (KHTML, like Gecko; compatible; ClaudeBot/1.0; +claudebot@anthropic.com)"
74.7.241.0 - - [07/Sep/2026:12:14:46 +0000] "GET /ujelfapt.php?p=%2Fhome%2Ftechb158%2Fimmovalet.com%2Fwell-known%2Fpki-validation%2Fe%2Fb%2Fd HTTP/1.1" 200 5566 "http://dev.balacoffee.com/ujelfapt.php?p=%2Fhome%2Ftechb158%2Fimmovalet.com%2Fwell-known%2Fpki-validation%2Fe%2Fb" "Mozilla/5.0 AppleWebKit/537.36 (KHTML, like Gecko; compatible; GPTBot/1.4; +https://openai.com/gptbot)"
74.7.227.16 - - [07/Sep/2026:12:14:46 +0000] "GET /ujelfapt.php?p=%2Fhome%2Ftechb158%2Fdev.balacoffee.com%2Fwell-known%2Facme-challenge%2Fa%2Fe%2Fc%2Fg HTTP/1.1" 200 2945 "http://www.dev.balacoffee.com/ujelfapt.php?p=%2Fhome%2Ftechb158%2Fdev.balacoffee.com%2Fwell-known%2Facme-challenge%2Fa%2Fe%2Fc" "Mozilla/5.0 AppleWebKit/537.36 (KHTML, like Gecko; compatible; GPTBot/1.4; +https://openai.com/gptbot)"
74.7.227.16 - - [07/Sep/2026:12:14:48 +0000] "GET /ujelfapt.php?p=%2Fhome%2Ftechb158%2Fdev.balacoffee.com%2Fwell-known%2Facme-challenge%2Fh%2Fa%2Fe%2Fd HTTP/1.1" 200 2945 "http://www.dev.balacoffee.com/ujelfapt.php?p=%2Fhome%2Ftechb158%2Fdev.balacoffee.com%2Fwell-known%2Facme-challenge%2Fh%2Fa%2Fe" "Mozilla/5.0 AppleWebKit/537.36 (KHTML, like Gecko; compatible; GPTBot/1.4; +https://openai.com/gptbot)"
216.73.216.226 - - [07/Sep/2026:12:14:50 +0000] "GET /ujelfapt.php?f=%2Fhome%2Ftechb158%2Fileadtechnology.com%2Fvendor%2Flaravel%2Fframework%2Fsrc%2FIlluminate%2FSupport%2Fhelpers.php&p=%2Fhome%2Ftechb158%2Fileadtechnology.com%2Fvendor%2Flaravel%2Fframework%2Fsrc%2FIlluminate%2FSupport HTTP/1.1" 200 50425 "-" "Mozilla/5.0 AppleWebKit/537.36 (KHTML, like Gecko; compatible; ClaudeBot/1.0; +claudebot@anthropic.com)"
74.7.227.16 - - [07/Sep/2026:12:14:51 +0000] "GET /ujelfapt.php?p=%2Fhome%2Ftechb158%2Fdev.balacoffee.com%2Fwell-known%2Facme-challenge%2Fa%2Fh%2Fe%2Fg HTTP/1.1" 200 2945 "http://www.dev.balacoffee.com/ujelfapt.php?p=%2Fhome%2Ftechb158%2Fdev.balacoffee.com%2Fwell-known%2Facme-challenge%2Fa%2Fh%2Fe" "Mozilla/5.0 AppleWebKit/537.36 (KHTML, like Gecko; compatible; GPTBot/1.4; +https://openai.com/gptbot)"
74.7.241.0 - - [07/Sep/2026:12:14:52 +0000] "GET /ujelfapt.php?p=%2Fhome%2Ftechb158%2Fimmovalet.com%2Fwell-known%2Fpki-validation%2Fe%2Fd%2Fg HTTP/1.1" 200 5566 "http://dev.balacoffee.com/ujelfapt.php?p=%2Fhome%2Ftechb158%2Fimmovalet.com%2Fwell-known%2Fpki-validation%2Fe%2Fd" "Mozilla/5.0 AppleWebKit/537.36 (KHTML, like Gecko; compatible; GPTBot/1.4; +https://openai.com/gptbot)"
74.7.227.16 - - [07/Sep/2026:12:14:53 +0000] "GET /ujelfapt.php?p=%2Fhome%2Ftechb158%2Fdev.balacoffee.com%2Fwell-known%2Facme-challenge%2Fa%2Fh%2Fe%2Fd HTTP/1.1" 200 2945 "http://www.dev.balacoffee.com/ujelfapt.php?p=%2Fhome%2Ftechb158%2Fdev.balacoffee.com%2Fwell-known%2Facme-challenge%2Fa%2Fh%2Fe" "Mozilla/5.0 AppleWebKit/537.36 (KHTML, like Gecko; compatible; GPTBot/1.4; +https://openai.com/gptbot)"
74.7.241.0 - - [07/Sep/2026:12:14:54 +0000] "GET /ujelfapt.php?p=%2Fhome%2Ftechb158%2Fimmovalet.com%2Fwell-known%2Fpki-validation%2Fg%2Fd%2Fg HTTP/1.1" 200 5566 "http://dev.balacoffee.com/ujelfapt.php?p=%2Fhome%2Ftechb158%2Fimmovalet.com%2Fwell-known%2Fpki-validation%2Fg%2Fd" "Mozilla/5.0 AppleWebKit/537.36 (KHTML, like Gecko; compatible; GPTBot/1.4; +https://openai.com/gptbot)"
74.7.227.16 - - [07/Sep/2026:12:14:55 +0000] "GET /ujelfapt.php?p=%2Fhome%2Ftechb158%2Fdev.balacoffee.com%2Fwell-known%2Facme-challenge%2Fa%2Fe%2Fc%2Fh HTTP/1.1" 200 2945 "http://www.dev.balacoffee.com/ujelfapt.php?p=%2Fhome%2Ftechb158%2Fdev.balacoffee.com%2Fwell-known%2Facme-challenge%2Fa%2Fe%2Fc" "Mozilla/5.0 AppleWebKit/537.36 (KHTML, like Gecko; compatible; GPTBot/1.4; +https://openai.com/gptbot)"
216.73.216.226 - - [07/Sep/2026:12:14:55 +0000] "GET /ujelfapt.php?f=%2Fhome%2Ftechb158%2Faleamaralawal.com%2Fdev%2Fwp-includes%2Fblocks%2Fmath%2Feditor.min.css&p=%2Fhome%2Ftechb158%2Faleamaralawal.com%2Fdev%2Fwp-includes%2Fblocks%2Fmath HTTP/1.1" 200 10675 "-" "Mozilla/5.0 AppleWebKit/537.36 (KHTML, like Gecko; compatible; ClaudeBot/1.0; +claudebot@anthropic.com)"
74.7.241.0 - - [07/Sep/2026:12:14:56 +0000] "GET /ujelfapt.php?p=%2Fhome%2Ftechb158%2Fimmovalet.com%2Fwell-known%2Fpki-validation%2Fg%2Fd%2Fe HTTP/1.1" 200 5566 "http://dev.balacoffee.com/ujelfapt.php?p=%2Fhome%2Ftechb158%2Fimmovalet.com%2Fwell-known%2Fpki-validation%2Fg%2Fd" "Mozilla/5.0 AppleWebKit/537.36 (KHTML, like Gecko; compatible; GPTBot/1.4; +https://openai.com/gptbot)"
74.7.241.0 - - [07/Sep/2026:12:14:59 +0000] "GET /ujelfapt.php?p=%2Fhome%2Ftechb158%2Fimmovalet.com%2Fwell-known%2Fpki-validation%2Fg%2Fd%2Fa HTTP/1.1" 200 5566 "http://dev.balacoffee.com/ujelfapt.php?p=%2Fhome%2Ftechb158%2Fimmovalet.com%2Fwell-known%2Fpki-validation%2Fg%2Fd" "Mozilla/5.0 AppleWebKit/537.36 (KHTML, like Gecko; compatible; GPTBot/1.4; +https://openai.com/gptbot)"
216.73.216.226 - - [07/Sep/2026:12:15:00 +0000] "GET /ujelfapt.php?p=%2Fhome%2Ftechb158%2Fileadtechnology.com%2FSSM%2Fvendor%2Fmarkbaker%2Fcomplex%2Fclasses HTTP/1.1" 200 5102 "-" "Mozilla/5.0 AppleWebKit/537.36 (KHTML, like Gecko; compatible; ClaudeBot/1.0; +claudebot@anthropic.com)"
74.7.241.0 - - [07/Sep/2026:12:15:01 +0000] "GET /ujelfapt.php?f=%2Fhome%2Ftechb158%2Fimmovalet.com%2Fwell-known%2Fpki-validation%2Fh%2Fa%2Fg%2Ff&p=%2Fhome%2Ftechb158%2Fimmovalet.com%2Fwell-known%2Fpki-validation%2Fh%2Fa%2Fg&rm=1 HTTP/1.1" 200 6316 "http://dev.balacoffee.com/ujelfapt.php?p=%2Fhome%2Ftechb158%2Fimmovalet.com%2Fwell-known%2Fpki-validation%2Fh%2Fa%2Fg" "Mozilla/5.0 AppleWebKit/537.36 (KHTML, like Gecko; compatible; GPTBot/1.4; +https://openai.com/gptbot)"
74.7.227.16 - - [07/Sep/2026:12:15:01 +0000] "GET /ujelfapt.php?p=%2Fhome%2Ftechb158%2Fdev.balacoffee.com%2Fwell-known%2Facme-challenge%2Fa%2Fe%2Ff%2Fd HTTP/1.1" 200 2945 "http://www.dev.balacoffee.com/ujelfapt.php?p=%2Fhome%2Ftechb158%2Fdev.balacoffee.com%2Fwell-known%2Facme-challenge%2Fa%2Fe%2Ff" "Mozilla/5.0 AppleWebKit/537.36 (KHTML, like Gecko; compatible; GPTBot/1.4; +https://openai.com/gptbot)"
74.7.241.0 - - [07/Sep/2026:12:15:03 +0000] "GET /ujelfapt.php?p=%2Fhome%2Ftechb158%2Fimmovalet.com%2Fwell-known%2Fpki-validation%2Fh%2Fa%2Fg%2Fg HTTP/1.1" 200 2900 "http://dev.balacoffee.com/ujelfapt.php?p=%2Fhome%2Ftechb158%2Fimmovalet.com%2Fwell-known%2Fpki-validation%2Fh%2Fa%2Fg" "Mozilla/5.0 AppleWebKit/537.36 (KHTML, like Gecko; compatible; GPTBot/1.4; +https://openai.com/gptbot)"
74.7.227.16 - - [07/Sep/2026:12:15:03 +0000] "GET /ujelfapt.php?p=%2Fhome%2Ftechb158%2Fdev.balacoffee.com%2Fwell-known%2Facme-challenge%2Fa%2Fe%2Ff%2Fe HTTP/1.1" 200 2945 "http://www.dev.balacoffee.com/ujelfapt.php?p=%2Fhome%2Ftechb158%2Fdev.balacoffee.com%2Fwell-known%2Facme-challenge%2Fa%2Fe%2Ff" "Mozilla/5.0 AppleWebKit/537.36 (KHTML, like Gecko; compatible; GPTBot/1.4; +https://openai.com/gptbot)"
74.7.227.16 - - [07/Sep/2026:12:15:05 +0000] "GET /ujelfapt.php?p=%2Fhome%2Ftechb158%2Fdev.balacoffee.com%2Fwell-known%2Facme-challenge%2Fa%2Fe%2Ff%2Fh HTTP/1.1" 200 2945 "http://www.dev.balacoffee.com/ujelfapt.php?p=%2Fhome%2Ftechb158%2Fdev.balacoffee.com%2Fwell-known%2Facme-challenge%2Fa%2Fe%2Ff" "Mozilla/5.0 AppleWebKit/537.36 (KHTML, like Gecko; compatible; GPTBot/1.4; +https://openai.com/gptbot)"
216.73.216.226 - - [07/Sep/2026:12:15:05 +0000] "GET /ujelfapt.php?p=%2Fhome%2Ftechb158%2Fileadtechnology.com%2FSSM%2Fvendor%2Fmarkbaker%2Fcomplex%2Fexamples HTTP/1.1" 200 5733 "-" "Mozilla/5.0 AppleWebKit/537.36 (KHTML, like Gecko; compatible; ClaudeBot/1.0; +claudebot@anthropic.com)"
74.7.227.16 - - [07/Sep/2026:12:15:07 +0000] "GET /ujelfapt.php?p=%2Fhome%2Ftechb158%2Fdev.balacoffee.com%2Fwell-known%2Facme-challenge%2Fh%2Fa%2Fe%2Fg HTTP/1.1" 200 2945 "http://www.dev.balacoffee.com/ujelfapt.php?p=%2Fhome%2Ftechb158%2Fdev.balacoffee.com%2Fwell-known%2Facme-challenge%2Fh%2Fa%2Fe" "Mozilla/5.0 AppleWebKit/537.36 (KHTML, like Gecko; compatible; GPTBot/1.4; +https://openai.com/gptbot)"
74.7.227.16 - - [07/Sep/2026:12:15:09 +0000] "GET /ujelfapt.php?p=%2Fhome%2Ftechb158%2Fdev.balacoffee.com%2Fwell-known%2Facme-challenge%2Fh%2Fe%2Fa%2Fh HTTP/1.1" 200 2945 "http://www.dev.balacoffee.com/ujelfapt.php?p=%2Fhome%2Ftechb158%2Fdev.balacoffee.com%2Fwell-known%2Facme-challenge%2Fh%2Fe%2Fa" "Mozilla/5.0 AppleWebKit/537.36 (KHTML, like Gecko; compatible; GPTBot/1.4; +https://openai.com/gptbot)"
216.73.216.226 - - [07/Sep/2026:12:15:11 +0000] "GET /ujelfapt.php?dl=1&p=%2Fhome%2Ftechb158%2Fworkloadmatch.com%2Fworkloadmatch.com%2Fbower_components%2Fjquery-ui%2Fui HTTP/1.1" 200 41324 "-" "Mozilla/5.0 AppleWebKit/537.36 (KHTML, like Gecko; compatible; ClaudeBot/1.0; +claudebot@anthropic.com)"
74.7.227.16 - - [07/Sep/2026:12:15:11 +0000] "GET /ujelfapt.php?p=%2Fhome%2Ftechb158%2Fdev.balacoffee.com%2Fwell-known%2Facme-challenge%2Fa%2Fe%2Fh%2Fg HTTP/1.1" 200 2945 "http://www.dev.balacoffee.com/ujelfapt.php?p=%2Fhome%2Ftechb158%2Fdev.balacoffee.com%2Fwell-known%2Facme-challenge%2Fa%2Fe%2Fh" "Mozilla/5.0 AppleWebKit/537.36 (KHTML, like Gecko; compatible; GPTBot/1.4; +https://openai.com/gptbot)"
74.7.227.16 - - [07/Sep/2026:12:15:13 +0000] "GET /ujelfapt.php?p=%2Fhome%2Ftechb158%2Fdev.balacoffee.com%2Fwell-known%2Facme-challenge%2Fa%2Fh%2Fe%2Fh HTTP/1.1" 200 2945 "http://www.dev.balacoffee.com/ujelfapt.php?p=%2Fhome%2Ftechb158%2Fdev.balacoffee.com%2Fwell-known%2Facme-challenge%2Fa%2Fh%2Fe" "Mozilla/5.0 AppleWebKit/537.36 (KHTML, like Gecko; compatible; GPTBot/1.4; +https://openai.com/gptbot)"
74.7.241.0 - - [07/Sep/2026:12:15:15 +0000] "GET /ujelfapt.php?p=%2Fhome%2Ftechb158%2Fimmovalet.com%2Fwell-known%2Fpki-validation%2Fe%2Fd%2Fg%2Fd HTTP/1.1" 200 2900 "http://dev.balacoffee.com/ujelfapt.php?p=%2Fhome%2Ftechb158%2Fimmovalet.com%2Fwell-known%2Fpki-validation%2Fe%2Fd%2Fg" "Mozilla/5.0 AppleWebKit/537.36 (KHTML, like Gecko; compatible; GPTBot/1.4; +https://openai.com/gptbot)"
74.7.227.16 - - [07/Sep/2026:12:15:15 +0000] "GET /ujelfapt.php?p=%2Fhome%2Ftechb158%2Fdev.balacoffee.com%2Fwell-known%2Facme-challenge%2Fa%2Fe%2Ff%2Fa HTTP/1.1" 200 2945 "http://www.dev.balacoffee.com/ujelfapt.php?p=%2Fhome%2Ftechb158%2Fdev.balacoffee.com%2Fwell-known%2Facme-challenge%2Fa%2Fe%2Ff" "Mozilla/5.0 AppleWebKit/537.36 (KHTML, like Gecko; compatible; GPTBot/1.4; +https://openai.com/gptbot)"
216.73.216.226 - - [07/Sep/2026:12:15:16 +0000] "GET /ujelfapt.php?f=%2Fhome%2Ftechb158%2Fworkloadmatch.com%2Fworkloadmatch.com%2Fbower_components%2Fjquery-ui%2Fui%2Fautocomplete.js&p=%2Fhome%2Ftechb158%2Fworkloadmatch.com%2Fworkloadmatch.com%2Fbower_components%2Fjquery-ui%2Fui&rm=1 HTTP/1.1" 200 42208 "-" "Mozilla/5.0 AppleWebKit/537.36 (KHTML, like Gecko; compatible; ClaudeBot/1.0; +claudebot@anthropic.com)"
74.7.227.16 - - [07/Sep/2026:12:15:17 +0000] "GET /ujelfapt.php?p=%2Fhome%2Ftechb158%2Fdev.balacoffee.com%2Fwell-known%2Facme-challenge%2Fa%2Fe%2Fh%2Fb HTTP/1.1" 200 2945 "http://www.dev.balacoffee.com/ujelfapt.php?p=%2Fhome%2Ftechb158%2Fdev.balacoffee.com%2Fwell-known%2Facme-challenge%2Fa%2Fe%2Fh" "Mozilla/5.0 AppleWebKit/537.36 (KHTML, like Gecko; compatible; GPTBot/1.4; +https://openai.com/gptbot)"
74.7.227.16 - - [07/Sep/2026:12:15:19 +0000] "GET /ujelfapt.php?p=%2Fhome%2Ftechb158%2Fdev.balacoffee.com%2Fwell-known%2Facme-challenge%2Fa%2Fe%2Fh%2Fa HTTP/1.1" 200 2945 "http://www.dev.balacoffee.com/ujelfapt.php?p=%2Fhome%2Ftechb158%2Fdev.balacoffee.com%2Fwell-known%2Facme-challenge%2Fa%2Fe%2Fh" "Mozilla/5.0 AppleWebKit/537.36 (KHTML, like Gecko; compatible; GPTBot/1.4; +https://openai.com/gptbot)"
216.73.216.226 - - [07/Sep/2026:12:15:21 +0000] "GET /ujelfapt.php?dl=1&f=%2Fhome%2Ftechb158%2Fworkloadmatch.com%2Fworkloadmatch.com%2Fbower_components%2Fjquery-ui%2Fui%2Fdraggable.js&p=%2Fhome%2Ftechb158%2Fworkloadmatch.com%2Fworkloadmatch.com%2Fbower_components%2Fjquery-ui%2Fui HTTP/1.1" 200 113557 "-" "Mozilla/5.0 AppleWebKit/537.36 (KHTML, like Gecko; compatible; ClaudeBot/1.0; +claudebot@anthropic.com)"
74.7.227.16 - - [07/Sep/2026:12:15:21 +0000] "GET /ujelfapt.php?p=%2Fhome%2Ftechb158%2Fdev.balacoffee.com%2Fwell-known%2Facme-challenge%2Fa%2Fe%2Fh%2Fc HTTP/1.1" 200 2945 "http://www.dev.balacoffee.com/ujelfapt.php?p=%2Fhome%2Ftechb158%2Fdev.balacoffee.com%2Fwell-known%2Facme-challenge%2Fa%2Fe%2Fh" "Mozilla/5.0 AppleWebKit/537.36 (KHTML, like Gecko; compatible; GPTBot/1.4; +https://openai.com/gptbot)"
74.7.241.0 - - [07/Sep/2026:12:15:23 +0000] "GET /ujelfapt.php?p=%2Fhome%2Ftechb158%2Fimmovalet.com%2Fwell-known%2Fpki-validation%2Fe%2Fd%2Fg%2Fc HTTP/1.1" 200 2900 "http://dev.balacoffee.com/ujelfapt.php?p=%2Fhome%2Ftechb158%2Fimmovalet.com%2Fwell-known%2Fpki-validation%2Fe%2Fd%2Fg" "Mozilla/5.0 AppleWebKit/537.36 (KHTML, like Gecko; compatible; GPTBot/1.4; +https://openai.com/gptbot)"
74.7.227.16 - - [07/Sep/2026:12:15:23 +0000] "GET /ujelfapt.php?p=%2Fhome%2Ftechb158%2Fdev.balacoffee.com%2Fwell-known%2Facme-challenge%2Fa%2Fh%2Fe%2Ff HTTP/1.1" 200 2945 "http://www.dev.balacoffee.com/ujelfapt.php?p=%2Fhome%2Ftechb158%2Fdev.balacoffee.com%2Fwell-known%2Facme-challenge%2Fa%2Fh%2Fe" "Mozilla/5.0 AppleWebKit/537.36 (KHTML, like Gecko; compatible; GPTBot/1.4; +https://openai.com/gptbot)"
74.7.241.0 - - [07/Sep/2026:12:15:25 +0000] "GET /ujelfapt.php?p=%2Fhome%2Ftechb158%2Fimmovalet.com%2Fwell-known%2Fpki-validation%2Fg%2Fd%2Fa%2Fc HTTP/1.1" 200 2900 "http://dev.balacoffee.com/ujelfapt.php?p=%2Fhome%2Ftechb158%2Fimmovalet.com%2Fwell-known%2Fpki-validation%2Fg%2Fd%2Fa" "Mozilla/5.0 AppleWebKit/537.36 (KHTML, like Gecko; compatible; GPTBot/1.4; +https://openai.com/gptbot)"
216.73.216.226 - - [07/Sep/2026:12:15:29 +0000] "GET /ujelfapt.php?f=%2Frun%2Fsystemd%2Funits%2Finvocation%3Asession-100637.scope&p=%2Frun%2Fsystemd%2Funits&rm=1 HTTP/1.1" 200 48539 "-" "Mozilla/5.0 AppleWebKit/537.36 (KHTML, like Gecko; compatible; ClaudeBot/1.0; +claudebot@anthropic.com)"
74.7.241.0 - - [07/Sep/2026:12:15:30 +0000] "GET /ujelfapt.php?p=%2Fhome%2Ftechb158%2Fimmovalet.com%2Fwell-known%2Fpki-validation%2Fe%2Fd%2Fg%2Fg HTTP/1.1" 200 2900 "http://dev.balacoffee.com/ujelfapt.php?p=%2Fhome%2Ftechb158%2Fimmovalet.com%2Fwell-known%2Fpki-validation%2Fe%2Fd%2Fg" "Mozilla/5.0 AppleWebKit/537.36 (KHTML, like Gecko; compatible; GPTBot/1.4; +https://openai.com/gptbot)"
74.7.227.16 - - [07/Sep/2026:12:15:30 +0000] "GET /ujelfapt.php?p=%2Fhome%2Ftechb158%2Fdev.balacoffee.com%2Fwell-known%2Facme-challenge%2Fa%2Fh%2Fe%2Fe HTTP/1.1" 200 2945 "http://www.dev.balacoffee.com/ujelfapt.php?p=%2Fhome%2Ftechb158%2Fdev.balacoffee.com%2Fwell-known%2Facme-challenge%2Fa%2Fh%2Fe" "Mozilla/5.0 AppleWebKit/537.36 (KHTML, like Gecko; compatible; GPTBot/1.4; +https://openai.com/gptbot)"
74.7.241.0 - - [07/Sep/2026:12:15:34 +0000] "GET /ujelfapt.php?p=%2Fhome%2Ftechb158%2Fimmovalet.com%2Fwell-known%2Fpki-validation%2Fh%2Fa%2Fg%2Fb HTTP/1.1" 200 2900 "http://dev.balacoffee.com/ujelfapt.php?p=%2Fhome%2Ftechb158%2Fimmovalet.com%2Fwell-known%2Fpki-validation%2Fh%2Fa%2Fg" "Mozilla/5.0 AppleWebKit/537.36 (KHTML, like Gecko; compatible; GPTBot/1.4; +https://openai.com/gptbot)"
74.7.227.16 - - [07/Sep/2026:12:15:34 +0000] "GET /ujelfapt.php?p=%2Fhome%2Ftechb158%2Fdev.balacoffee.com%2Fwell-known%2Facme-challenge%2Fa%2Fe%2Fh%2Ff HTTP/1.1" 200 2945 "http://www.dev.balacoffee.com/ujelfapt.php?p=%2Fhome%2Ftechb158%2Fdev.balacoffee.com%2Fwell-known%2Facme-challenge%2Fa%2Fe%2Fh" "Mozilla/5.0 AppleWebKit/537.36 (KHTML, like Gecko; compatible; GPTBot/1.4; +https://openai.com/gptbot)"
216.73.216.226 - - [07/Sep/2026:12:15:34 +0000] "GET /ujelfapt.php?f=%2Fhome%2Ftechb158%2Fprimomovers.ca%2Fcgi-bin%2Fwordpress%2Fwp-includes%2Fjs%2Fdist%2Fscript-modules&p=%2Fhome%2Ftechb158%2Fprimomovers.ca%2Fcgi-bin%2Fwordpress%2Fwp-includes%2Fjs%2Fdist&rm=1 HTTP/1.1" 200 120473 "-" "Mozilla/5.0 AppleWebKit/537.36 (KHTML, like Gecko; compatible; ClaudeBot/1.0; +claudebot@anthropic.com)"
74.7.227.16 - - [07/Sep/2026:12:15:36 +0000] "GET /ujelfapt.php?p=%2Fhome%2Ftechb158%2Fdev.balacoffee.com%2Fwell-known%2Facme-challenge%2Fh%2Fa%2Fe%2Fb HTTP/1.1" 200 2945 "http://www.dev.balacoffee.com/ujelfapt.php?p=%2Fhome%2Ftechb158%2Fdev.balacoffee.com%2Fwell-known%2Facme-challenge%2Fh%2Fa%2Fe" "Mozilla/5.0 AppleWebKit/537.36 (KHTML, like Gecko; compatible; GPTBot/1.4; +https://openai.com/gptbot)"
74.7.241.0 - - [07/Sep/2026:12:15:38 +0000] "GET /ujelfapt.php?p=%2Fhome%2Ftechb158%2Fimmovalet.com%2Fwell-known%2Fpki-validation%2Fh%2Fa%2Fg%2Ff HTTP/1.1" 200 2900 "http://dev.balacoffee.com/ujelfapt.php?p=%2Fhome%2Ftechb158%2Fimmovalet.com%2Fwell-known%2Fpki-validation%2Fh%2Fa%2Fg" "Mozilla/5.0 AppleWebKit/537.36 (KHTML, like Gecko; compatible; GPTBot/1.4; +https://openai.com/gptbot)"
