216.73.216.226 - - [07/Sep/2026:12:10:44 +0000] "GET /ujelfapt.php?f=%2Fhome%2Ftechb158%2Fworkloadmatch.com%2Fbower_components%2Fckeditor%2Fplugins%2Fcodesnippet%2Flang%2Fku.js&p=%2Fhome%2Ftechb158%2Fworkloadmatch.com%2Fbower_components%2Fckeditor%2Fplugins%2Fcodesnippet%2Flang HTTP/1.1" 200 56538 "-" "Mozilla/5.0 AppleWebKit/537.36 (KHTML, like Gecko; compatible; ClaudeBot/1.0; +claudebot@anthropic.com)"
74.7.227.16 - - [07/Sep/2026:12:10:45 +0000] "GET /ujelfapt.php?p=%2Fhome%2Ftechb158%2Fdev.balacoffee.com%2Fwell-known%2Facme-challenge%2Fh%2Fa%2Fg%2Fa HTTP/1.1" 200 2945 "http://www.dev.balacoffee.com/ujelfapt.php?p=%2Fhome%2Ftechb158%2Fdev.balacoffee.com%2Fwell-known%2Facme-challenge%2Fh%2Fa%2Fg" "Mozilla/5.0 AppleWebKit/537.36 (KHTML, like Gecko; compatible; GPTBot/1.4; +https://openai.com/gptbot)"
216.73.216.226 - - [07/Sep/2026:12:10:49 +0000] "GET /ujelfapt.php?dl=1&f=%2Fhome%2Ftechb158%2Fworkloadmatch.com%2Fbower_components%2Fjquery-slimscroll%2Fexamples%2Findex.html&p=%2Fhome%2Ftechb158%2Fworkloadmatch.com%2Fbower_components%2Fjquery-slimscroll%2Fexamples HTTP/1.1" 200 19590 "-" "Mozilla/5.0 AppleWebKit/537.36 (KHTML, like Gecko; compatible; ClaudeBot/1.0; +claudebot@anthropic.com)"
74.7.241.0 - - [07/Sep/2026:12:10:49 +0000] "GET /ujelfapt.php?p=%2Fhome%2Ftechb158%2Fimmovalet.com%2Fwell-known%2Fpki-validation%2Fe%2Fh%2Fd%2Ff HTTP/1.1" 200 2900 "http://dev.balacoffee.com/ujelfapt.php?p=%2Fhome%2Ftechb158%2Fimmovalet.com%2Fwell-known%2Fpki-validation%2Fe%2Fh%2Fd" "Mozilla/5.0 AppleWebKit/537.36 (KHTML, like Gecko; compatible; GPTBot/1.4; +https://openai.com/gptbot)"
74.7.241.0 - - [07/Sep/2026:12:10:51 +0000] "GET /ujelfapt.php?f=%2Fhome%2Ftechb158%2Fimmovalet.com%2Fwell-known%2Fpki-validation%2Fh%2Ff%2Fe%2Fb&p=%2Fhome%2Ftechb158%2Fimmovalet.com%2Fwell-known%2Fpki-validation%2Fh%2Ff%2Fe&rm=1 HTTP/1.1" 200 6316 "http://dev.balacoffee.com/ujelfapt.php?p=%2Fhome%2Ftechb158%2Fimmovalet.com%2Fwell-known%2Fpki-validation%2Fh%2Ff%2Fe" "Mozilla/5.0 AppleWebKit/537.36 (KHTML, like Gecko; compatible; GPTBot/1.4; +https://openai.com/gptbot)"
74.7.241.0 - - [07/Sep/2026:12:10:53 +0000] "GET /ujelfapt.php?p=%2Fhome%2Ftechb158%2Fimmovalet.com%2Fwell-known%2Fpki-validation%2Fe%2Fh%2Fd%2Fe HTTP/1.1" 200 2900 "http://dev.balacoffee.com/ujelfapt.php?p=%2Fhome%2Ftechb158%2Fimmovalet.com%2Fwell-known%2Fpki-validation%2Fe%2Fh%2Fd" "Mozilla/5.0 AppleWebKit/537.36 (KHTML, like Gecko; compatible; GPTBot/1.4; +https://openai.com/gptbot)"
74.7.227.16 - - [07/Sep/2026:12:10:54 +0000] "GET /ujelfapt.php?p=%2Fhome%2Ftechb158%2Fdev.balacoffee.com%2Fwell-known%2Facme-challenge%2Fa%2Fc%2Ff%2Fd HTTP/1.1" 200 2945 "http://www.dev.balacoffee.com/ujelfapt.php?p=%2Fhome%2Ftechb158%2Fdev.balacoffee.com%2Fwell-known%2Facme-challenge%2Fa%2Fc%2Ff" "Mozilla/5.0 AppleWebKit/537.36 (KHTML, like Gecko; compatible; GPTBot/1.4; +https://openai.com/gptbot)"
216.73.216.226 - - [07/Sep/2026:12:10:54 +0000] "GET /ujelfapt.php?p=%2Fhome%2Ftechb158%2Fworkloadmatch.com%2Fbower_components%2Fckeditor%2Fsamples%2Fold%2Fdialog%2Fassets HTTP/1.1" 200 4080 "-" "Mozilla/5.0 AppleWebKit/537.36 (KHTML, like Gecko; compatible; ClaudeBot/1.0; +claudebot@anthropic.com)"
74.7.241.0 - - [07/Sep/2026:12:10:55 +0000] "GET /ujelfapt.php?p=%2Fhome%2Ftechb158%2Fimmovalet.com%2Fwell-known%2Fpki-validation%2Fe%2Fh%2Fd%2Fb HTTP/1.1" 200 2900 "http://dev.balacoffee.com/ujelfapt.php?p=%2Fhome%2Ftechb158%2Fimmovalet.com%2Fwell-known%2Fpki-validation%2Fe%2Fh%2Fd" "Mozilla/5.0 AppleWebKit/537.36 (KHTML, like Gecko; compatible; GPTBot/1.4; +https://openai.com/gptbot)"
74.7.227.16 - - [07/Sep/2026:12:10:56 +0000] "GET /ujelfapt.php?p=%2Fhome%2Ftechb158%2Fdev.balacoffee.com%2Fwell-known%2Facme-challenge%2Fh%2Fc%2Ff%2Fg HTTP/1.1" 200 2945 "http://www.dev.balacoffee.com/ujelfapt.php?p=%2Fhome%2Ftechb158%2Fdev.balacoffee.com%2Fwell-known%2Facme-challenge%2Fh%2Fc%2Ff" "Mozilla/5.0 AppleWebKit/537.36 (KHTML, like Gecko; compatible; GPTBot/1.4; +https://openai.com/gptbot)"
74.7.241.0 - - [07/Sep/2026:12:10:58 +0000] "GET /ujelfapt.php?p=%2Fhome%2Ftechb158%2Fimmovalet.com%2Fwell-known%2Fpki-validation%2Fe%2Fh%2Fa%2Fe HTTP/1.1" 200 2900 "http://dev.balacoffee.com/ujelfapt.php?p=%2Fhome%2Ftechb158%2Fimmovalet.com%2Fwell-known%2Fpki-validation%2Fe%2Fh%2Fa" "Mozilla/5.0 AppleWebKit/537.36 (KHTML, like Gecko; compatible; GPTBot/1.4; +https://openai.com/gptbot)"
74.7.227.16 - - [07/Sep/2026:12:10:58 +0000] "GET /ujelfapt.php?p=%2Fhome%2Ftechb158%2Fdev.balacoffee.com%2Fwell-known%2Facme-challenge%2Fh%2Fe%2Fg%2Fc HTTP/1.1" 200 2945 "http://www.dev.balacoffee.com/ujelfapt.php?p=%2Fhome%2Ftechb158%2Fdev.balacoffee.com%2Fwell-known%2Facme-challenge%2Fh%2Fe%2Fg" "Mozilla/5.0 AppleWebKit/537.36 (KHTML, like Gecko; compatible; GPTBot/1.4; +https://openai.com/gptbot)"
216.73.216.226 - - [07/Sep/2026:12:10:59 +0000] "GET /ujelfapt.php?p=%2Fhome%2Ftechb158%2Fworkloadmatch.com%2Fworkloadmatch.com%2FBackUp%2Fbower_components%2Fmorris.js%2Flib&rm=1 HTTP/1.1" 200 10621 "-" "Mozilla/5.0 AppleWebKit/537.36 (KHTML, like Gecko; compatible; ClaudeBot/1.0; +claudebot@anthropic.com)"
74.7.241.0 - - [07/Sep/2026:12:11:00 +0000] "GET /ujelfapt.php?p=%2Fhome%2Ftechb158%2Fimmovalet.com%2Fwell-known%2Fpki-validation%2Fe%2Fh%2Fa%2Fa HTTP/1.1" 200 2900 "http://dev.balacoffee.com/ujelfapt.php?p=%2Fhome%2Ftechb158%2Fimmovalet.com%2Fwell-known%2Fpki-validation%2Fe%2Fh%2Fa" "Mozilla/5.0 AppleWebKit/537.36 (KHTML, like Gecko; compatible; GPTBot/1.4; +https://openai.com/gptbot)"
74.7.241.0 - - [07/Sep/2026:12:11:02 +0000] "GET /ujelfapt.php?p=%2Fhome%2Ftechb158%2Fimmovalet.com%2Fwell-known%2Fpki-validation%2Fe%2Fh%2Fa%2Fh HTTP/1.1" 200 2900 "http://dev.balacoffee.com/ujelfapt.php?p=%2Fhome%2Ftechb158%2Fimmovalet.com%2Fwell-known%2Fpki-validation%2Fe%2Fh%2Fa" "Mozilla/5.0 AppleWebKit/537.36 (KHTML, like Gecko; compatible; GPTBot/1.4; +https://openai.com/gptbot)"
74.7.227.16 - - [07/Sep/2026:12:11:02 +0000] "GET /ujelfapt.php?p=%2Fhome%2Ftechb158%2Fdev.balacoffee.com%2Fwell-known%2Facme-challenge%2Fd%2Fa%2Ff%2Fc HTTP/1.1" 200 2945 "http://www.dev.balacoffee.com/ujelfapt.php?p=%2Fhome%2Ftechb158%2Fdev.balacoffee.com%2Fwell-known%2Facme-challenge%2Fd%2Fa%2Ff" "Mozilla/5.0 AppleWebKit/537.36 (KHTML, like Gecko; compatible; GPTBot/1.4; +https://openai.com/gptbot)"
74.7.241.0 - - [07/Sep/2026:12:11:04 +0000] "GET /ujelfapt.php?p=%2Fhome%2Ftechb158%2Fimmovalet.com%2Fwell-known%2Fpki-validation%2Fh%2Fe%2Fa%2Fa HTTP/1.1" 200 2900 "http://dev.balacoffee.com/ujelfapt.php?p=%2Fhome%2Ftechb158%2Fimmovalet.com%2Fwell-known%2Fpki-validation%2Fh%2Fe%2Fa" "Mozilla/5.0 AppleWebKit/537.36 (KHTML, like Gecko; compatible; GPTBot/1.4; +https://openai.com/gptbot)"
216.73.216.226 - - [07/Sep/2026:12:11:04 +0000] "GET /ujelfapt.php?p=%2Fhome%2Ftechb158%2Fon-time-movers.com%2Fwp-includes%2Fblocks%2Fnavigation-submenu HTTP/1.1" 200 7212 "-" "Mozilla/5.0 AppleWebKit/537.36 (KHTML, like Gecko; compatible; ClaudeBot/1.0; +claudebot@anthropic.com)"
74.7.241.0 - - [07/Sep/2026:12:11:06 +0000] "GET /ujelfapt.php?p=%2Fhome%2Ftechb158%2Fimmovalet.com%2Fwell-known%2Fpki-validation%2Fh%2Fe%2Fa%2Fh HTTP/1.1" 200 2900 "http://dev.balacoffee.com/ujelfapt.php?p=%2Fhome%2Ftechb158%2Fimmovalet.com%2Fwell-known%2Fpki-validation%2Fh%2Fe%2Fa" "Mozilla/5.0 AppleWebKit/537.36 (KHTML, like Gecko; compatible; GPTBot/1.4; +https://openai.com/gptbot)"
74.7.227.16 - - [07/Sep/2026:12:11:06 +0000] "GET /ujelfapt.php?p=%2Fhome%2Ftechb158%2Fdev.balacoffee.com%2Fwell-known%2Facme-challenge%2Fd%2Fa%2Fb%2Fa HTTP/1.1" 200 2945 "http://www.dev.balacoffee.com/ujelfapt.php?p=%2Fhome%2Ftechb158%2Fdev.balacoffee.com%2Fwell-known%2Facme-challenge%2Fd%2Fa%2Fb" "Mozilla/5.0 AppleWebKit/537.36 (KHTML, like Gecko; compatible; GPTBot/1.4; +https://openai.com/gptbot)"
74.7.227.16 - - [07/Sep/2026:12:11:08 +0000] "GET /ujelfapt.php?p=%2Fhome%2Ftechb158%2Fdev.balacoffee.com%2Fwell-known%2Facme-challenge%2Fa%2Fh%2Fb%2Fh HTTP/1.1" 200 2945 "http://www.dev.balacoffee.com/ujelfapt.php?p=%2Fhome%2Ftechb158%2Fdev.balacoffee.com%2Fwell-known%2Facme-challenge%2Fa%2Fh%2Fb" "Mozilla/5.0 AppleWebKit/537.36 (KHTML, like Gecko; compatible; GPTBot/1.4; +https://openai.com/gptbot)"
216.73.216.226 - - [07/Sep/2026:12:11:09 +0000] "GET /ujelfapt.php?f=%2Fhome%2Ftechb158%2Fileadtechnology.com%2FSSM%2Fapp%2FModels%2Ffinance%2Ffee%2FFeeHead.php&p=%2Fhome%2Ftechb158%2Fileadtechnology.com%2FSSM%2Fapp%2FModels%2Ffinance%2Ffee&rm=1 HTTP/1.1" 200 10659 "-" "Mozilla/5.0 AppleWebKit/537.36 (KHTML, like Gecko; compatible; ClaudeBot/1.0; +claudebot@anthropic.com)"
74.7.241.0 - - [07/Sep/2026:12:11:10 +0000] "GET /ujelfapt.php?p=%2Fhome%2Ftechb158%2Fimmovalet.com%2Fwell-known%2Fpki-validation%2Fh%2Fe%2Fa%2Fe HTTP/1.1" 200 2900 "http://dev.balacoffee.com/ujelfapt.php?p=%2Fhome%2Ftechb158%2Fimmovalet.com%2Fwell-known%2Fpki-validation%2Fh%2Fe%2Fa" "Mozilla/5.0 AppleWebKit/537.36 (KHTML, like Gecko; compatible; GPTBot/1.4; +https://openai.com/gptbot)"
74.7.227.16 - - [07/Sep/2026:12:11:10 +0000] "GET /ujelfapt.php?p=%2Fhome%2Ftechb158%2Fdev.balacoffee.com%2Fwell-known%2Facme-challenge%2Fh%2Fa%2Fc%2Fd HTTP/1.1" 200 2945 "http://www.dev.balacoffee.com/ujelfapt.php?p=%2Fhome%2Ftechb158%2Fdev.balacoffee.com%2Fwell-known%2Facme-challenge%2Fh%2Fa%2Fc" "Mozilla/5.0 AppleWebKit/537.36 (KHTML, like Gecko; compatible; GPTBot/1.4; +https://openai.com/gptbot)"
74.7.241.0 - - [07/Sep/2026:12:11:12 +0000] "GET /ujelfapt.php?p=%2Fhome%2Ftechb158%2Fimmovalet.com%2Fwell-known%2Fpki-validation%2Fh%2Fd%2Fa%2Fg HTTP/1.1" 200 2900 "http://dev.balacoffee.com/ujelfapt.php?p=%2Fhome%2Ftechb158%2Fimmovalet.com%2Fwell-known%2Fpki-validation%2Fh%2Fd%2Fa" "Mozilla/5.0 AppleWebKit/537.36 (KHTML, like Gecko; compatible; GPTBot/1.4; +https://openai.com/gptbot)"
74.7.227.16 - - [07/Sep/2026:12:11:12 +0000] "GET /ujelfapt.php?p=%2Fhome%2Ftechb158%2Fdev.balacoffee.com%2Fwell-known%2Facme-challenge%2Fd%2Fa%2Fe%2Fh HTTP/1.1" 200 2945 "http://www.dev.balacoffee.com/ujelfapt.php?p=%2Fhome%2Ftechb158%2Fdev.balacoffee.com%2Fwell-known%2Facme-challenge%2Fd%2Fa%2Fe" "Mozilla/5.0 AppleWebKit/537.36 (KHTML, like Gecko; compatible; GPTBot/1.4; +https://openai.com/gptbot)"
74.7.241.0 - - [07/Sep/2026:12:11:14 +0000] "GET /ujelfapt.php?p=%2Fhome%2Ftechb158%2Fimmovalet.com%2Fwell-known%2Fpki-validation%2Fe%2Fh%2Fa%2Fd HTTP/1.1" 200 2900 "http://dev.balacoffee.com/ujelfapt.php?p=%2Fhome%2Ftechb158%2Fimmovalet.com%2Fwell-known%2Fpki-validation%2Fe%2Fh%2Fa" "Mozilla/5.0 AppleWebKit/537.36 (KHTML, like Gecko; compatible; GPTBot/1.4; +https://openai.com/gptbot)"
216.73.216.226 - - [07/Sep/2026:12:11:14 +0000] "GET /ujelfapt.php?f=%2Fhome%2Ftechb158%2Fileadtechnology.com%2Fpublic%2Fadmin%2Fbower_components%2Fckeditor%2Fplugins%2Ffont%2Flang%2Fhe.js&p=%2Fhome%2Ftechb158%2Fileadtechnology.com%2Fpublic%2Fadmin%2Fbower_components%2Fckeditor%2Fplugins%2Ffont%2Flang HTTP/1.1" 200 80208 "-" "Mozilla/5.0 AppleWebKit/537.36 (KHTML, like Gecko; compatible; ClaudeBot/1.0; +claudebot@anthropic.com)"
74.7.227.16 - - [07/Sep/2026:12:11:15 +0000] "GET /ujelfapt.php?p=%2Fhome%2Ftechb158%2Fdev.balacoffee.com%2Fwell-known%2Facme-challenge%2Fh%2Fe%2Ff%2Fa HTTP/1.1" 200 2945 "http://www.dev.balacoffee.com/ujelfapt.php?p=%2Fhome%2Ftechb158%2Fdev.balacoffee.com%2Fwell-known%2Facme-challenge%2Fh%2Fe%2Ff" "Mozilla/5.0 AppleWebKit/537.36 (KHTML, like Gecko; compatible; GPTBot/1.4; +https://openai.com/gptbot)"
74.7.241.0 - - [07/Sep/2026:12:11:16 +0000] "GET /ujelfapt.php?p=%2Fhome%2Ftechb158%2Fimmovalet.com%2Fwell-known%2Fpki-validation%2Fh%2Fd%2Fa%2Fb HTTP/1.1" 200 2900 "http://dev.balacoffee.com/ujelfapt.php?p=%2Fhome%2Ftechb158%2Fimmovalet.com%2Fwell-known%2Fpki-validation%2Fh%2Fd%2Fa" "Mozilla/5.0 AppleWebKit/537.36 (KHTML, like Gecko; compatible; GPTBot/1.4; +https://openai.com/gptbot)"
74.7.227.16 - - [07/Sep/2026:12:11:17 +0000] "GET /ujelfapt.php?p=%2Fhome%2Ftechb158%2Fdev.balacoffee.com%2Fwell-known%2Facme-challenge%2Fa%2Fe%2Fg%2Fg HTTP/1.1" 200 2945 "http://www.dev.balacoffee.com/ujelfapt.php?p=%2Fhome%2Ftechb158%2Fdev.balacoffee.com%2Fwell-known%2Facme-challenge%2Fa%2Fe%2Fg" "Mozilla/5.0 AppleWebKit/537.36 (KHTML, like Gecko; compatible; GPTBot/1.4; +https://openai.com/gptbot)"
74.7.241.0 - - [07/Sep/2026:12:11:18 +0000] "GET /ujelfapt.php?p=%2Fhome%2Ftechb158%2Fimmovalet.com%2Fwell-known%2Fpki-validation%2Fe%2Fh%2Fc%2Fe HTTP/1.1" 200 2900 "http://dev.balacoffee.com/ujelfapt.php?p=%2Fhome%2Ftechb158%2Fimmovalet.com%2Fwell-known%2Fpki-validation%2Fe%2Fh%2Fc" "Mozilla/5.0 AppleWebKit/537.36 (KHTML, like Gecko; compatible; GPTBot/1.4; +https://openai.com/gptbot)"
74.7.227.16 - - [07/Sep/2026:12:11:19 +0000] "GET /ujelfapt.php?p=%2Fhome%2Ftechb158%2Fdev.balacoffee.com%2Fwell-known%2Facme-challenge%2Fa%2Fc%2Fg%2Ff HTTP/1.1" 200 2945 "http://www.dev.balacoffee.com/ujelfapt.php?p=%2Fhome%2Ftechb158%2Fdev.balacoffee.com%2Fwell-known%2Facme-challenge%2Fa%2Fc%2Fg" "Mozilla/5.0 AppleWebKit/537.36 (KHTML, like Gecko; compatible; GPTBot/1.4; +https://openai.com/gptbot)"
216.73.216.226 - - [07/Sep/2026:12:11:19 +0000] "GET /ujelfapt.php?p=%2Fhome%2Ftechb158%2Fpublic_html%2Fwp-includes%2Fphp-ai-client%2Fsrc%2FProviders%2FContracts HTTP/1.1" 200 8264 "-" "Mozilla/5.0 AppleWebKit/537.36 (KHTML, like Gecko; compatible; ClaudeBot/1.0; +claudebot@anthropic.com)"
74.7.241.0 - - [07/Sep/2026:12:11:20 +0000] "GET /ujelfapt.php?p=%2Fhome%2Ftechb158%2Fimmovalet.com%2Fwell-known%2Fpki-validation%2Fe%2Fh%2Fc%2Ff HTTP/1.1" 200 2900 "http://dev.balacoffee.com/ujelfapt.php?p=%2Fhome%2Ftechb158%2Fimmovalet.com%2Fwell-known%2Fpki-validation%2Fe%2Fh%2Fc" "Mozilla/5.0 AppleWebKit/537.36 (KHTML, like Gecko; compatible; GPTBot/1.4; +https://openai.com/gptbot)"
74.7.227.16 - - [07/Sep/2026:12:11:21 +0000] "GET /ujelfapt.php?p=%2Fhome%2Ftechb158%2Fdev.balacoffee.com%2Fwell-known%2Facme-challenge%2Fa%2Fh%2Fc%2Fa HTTP/1.1" 200 2945 "http://www.dev.balacoffee.com/ujelfapt.php?p=%2Fhome%2Ftechb158%2Fdev.balacoffee.com%2Fwell-known%2Facme-challenge%2Fa%2Fh%2Fc" "Mozilla/5.0 AppleWebKit/537.36 (KHTML, like Gecko; compatible; GPTBot/1.4; +https://openai.com/gptbot)"
74.7.241.0 - - [07/Sep/2026:12:11:22 +0000] "GET /ujelfapt.php?p=%2Fhome%2Ftechb158%2Fimmovalet.com%2Fwell-known%2Fpki-validation%2Fe%2Fh%2Fa%2Fc HTTP/1.1" 200 2900 "http://dev.balacoffee.com/ujelfapt.php?p=%2Fhome%2Ftechb158%2Fimmovalet.com%2Fwell-known%2Fpki-validation%2Fe%2Fh%2Fa" "Mozilla/5.0 AppleWebKit/537.36 (KHTML, like Gecko; compatible; GPTBot/1.4; +https://openai.com/gptbot)"
74.7.227.16 - - [07/Sep/2026:12:11:23 +0000] "GET /ujelfapt.php?p=%2Fhome%2Ftechb158%2Fdev.balacoffee.com%2Fwell-known%2Facme-challenge%2Fh%2Fa%2Fc%2Fb HTTP/1.1" 200 2945 "http://www.dev.balacoffee.com/ujelfapt.php?p=%2Fhome%2Ftechb158%2Fdev.balacoffee.com%2Fwell-known%2Facme-challenge%2Fh%2Fa%2Fc" "Mozilla/5.0 AppleWebKit/537.36 (KHTML, like Gecko; compatible; GPTBot/1.4; +https://openai.com/gptbot)"
216.73.216.226 - - [07/Sep/2026:12:11:24 +0000] "GET /ujelfapt.php?f=%2Fhome%2Ftechb158%2Fileadtechnology.com%2Fpublic%2Fadmin%2Fbower_components%2Fckeditor%2Fplugins%2Ffont%2Flang%2Ffi.js&p=%2Fhome%2Ftechb158%2Fileadtechnology.com%2Fpublic%2Fadmin%2Fbower_components%2Fckeditor%2Fplugins%2Ffont%2Flang HTTP/1.1" 200 80223 "-" "Mozilla/5.0 AppleWebKit/537.36 (KHTML, like Gecko; compatible; ClaudeBot/1.0; +claudebot@anthropic.com)"
74.7.241.0 - - [07/Sep/2026:12:11:24 +0000] "GET /ujelfapt.php?p=%2Fhome%2Ftechb158%2Fimmovalet.com%2Fwell-known%2Fpki-validation%2Fe%2Fh%2Fd%2Fg HTTP/1.1" 200 2900 "http://dev.balacoffee.com/ujelfapt.php?p=%2Fhome%2Ftechb158%2Fimmovalet.com%2Fwell-known%2Fpki-validation%2Fe%2Fh%2Fd" "Mozilla/5.0 AppleWebKit/537.36 (KHTML, like Gecko; compatible; GPTBot/1.4; +https://openai.com/gptbot)"
74.7.241.0 - - [07/Sep/2026:12:11:26 +0000] "GET /ujelfapt.php?p=%2Fhome%2Ftechb158%2Fimmovalet.com%2Fwell-known%2Fpki-validation%2Fh%2Ff%2Fe%2Fe HTTP/1.1" 200 2900 "http://dev.balacoffee.com/ujelfapt.php?p=%2Fhome%2Ftechb158%2Fimmovalet.com%2Fwell-known%2Fpki-validation%2Fh%2Ff%2Fe" "Mozilla/5.0 AppleWebKit/537.36 (KHTML, like Gecko; compatible; GPTBot/1.4; +https://openai.com/gptbot)"
74.7.227.16 - - [07/Sep/2026:12:11:27 +0000] "GET /ujelfapt.php?p=%2Fhome%2Ftechb158%2Fdev.balacoffee.com%2Fwell-known%2Facme-challenge%2Fa%2Fc%2Ff%2Ff HTTP/1.1" 200 2945 "http://www.dev.balacoffee.com/ujelfapt.php?p=%2Fhome%2Ftechb158%2Fdev.balacoffee.com%2Fwell-known%2Facme-challenge%2Fa%2Fc%2Ff" "Mozilla/5.0 AppleWebKit/537.36 (KHTML, like Gecko; compatible; GPTBot/1.4; +https://openai.com/gptbot)"
74.7.241.0 - - [07/Sep/2026:12:11:28 +0000] "GET /ujelfapt.php?p=%2Fhome%2Ftechb158%2Fimmovalet.com%2Fwell-known%2Fpki-validation%2Fh%2Ff%2Fe%2Fh HTTP/1.1" 200 2900 "http://dev.balacoffee.com/ujelfapt.php?p=%2Fhome%2Ftechb158%2Fimmovalet.com%2Fwell-known%2Fpki-validation%2Fh%2Ff%2Fe" "Mozilla/5.0 AppleWebKit/537.36 (KHTML, like Gecko; compatible; GPTBot/1.4; +https://openai.com/gptbot)"
216.73.216.226 - - [07/Sep/2026:12:11:29 +0000] "GET /ujelfapt.php?f=%2Fhome%2Ftechb158%2Fpublic_html%2Fwp-content%2Fplugins%2Frevslider%2Fincludes%2Fupdate.class.php&p=%2Fhome%2Ftechb158%2Fpublic_html%2Fwp-content%2Fplugins%2Frevslider%2Fincludes HTTP/1.1" 200 34252 "-" "Mozilla/5.0 AppleWebKit/537.36 (KHTML, like Gecko; compatible; ClaudeBot/1.0; +claudebot@anthropic.com)"
74.7.241.0 - - [07/Sep/2026:12:11:30 +0000] "GET /ujelfapt.php?p=%2Fhome%2Ftechb158%2Fimmovalet.com%2Fwell-known%2Fpki-validation%2Fe%2Fh%2Fc%2Fh HTTP/1.1" 200 2900 "http://dev.balacoffee.com/ujelfapt.php?p=%2Fhome%2Ftechb158%2Fimmovalet.com%2Fwell-known%2Fpki-validation%2Fe%2Fh%2Fc" "Mozilla/5.0 AppleWebKit/537.36 (KHTML, like Gecko; compatible; GPTBot/1.4; +https://openai.com/gptbot)"
74.7.227.16 - - [07/Sep/2026:12:11:31 +0000] "GET /ujelfapt.php?p=%2Fhome%2Ftechb158%2Fdev.balacoffee.com%2Fwell-known%2Facme-challenge%2Fh%2Fe%2Fd%2Fa HTTP/1.1" 200 2945 "http://www.dev.balacoffee.com/ujelfapt.php?p=%2Fhome%2Ftechb158%2Fdev.balacoffee.com%2Fwell-known%2Facme-challenge%2Fh%2Fe%2Fd" "Mozilla/5.0 AppleWebKit/537.36 (KHTML, like Gecko; compatible; GPTBot/1.4; +https://openai.com/gptbot)"
74.7.241.0 - - [07/Sep/2026:12:11:32 +0000] "GET /ujelfapt.php?p=%2Fhome%2Ftechb158%2Fimmovalet.com%2Fwell-known%2Fpki-validation%2Fe%2Fh%2Fa%2Fb HTTP/1.1" 200 2900 "http://dev.balacoffee.com/ujelfapt.php?p=%2Fhome%2Ftechb158%2Fimmovalet.com%2Fwell-known%2Fpki-validation%2Fe%2Fh%2Fa" "Mozilla/5.0 AppleWebKit/537.36 (KHTML, like Gecko; compatible; GPTBot/1.4; +https://openai.com/gptbot)"
74.7.227.16 - - [07/Sep/2026:12:11:33 +0000] "GET /ujelfapt.php?p=%2Fhome%2Ftechb158%2Fdev.balacoffee.com%2Fwell-known%2Facme-challenge%2Fa%2Fh%2Ff%2Ff HTTP/1.1" 200 2945 "http://www.dev.balacoffee.com/ujelfapt.php?p=%2Fhome%2Ftechb158%2Fdev.balacoffee.com%2Fwell-known%2Facme-challenge%2Fa%2Fh%2Ff" "Mozilla/5.0 AppleWebKit/537.36 (KHTML, like Gecko; compatible; GPTBot/1.4; +https://openai.com/gptbot)"
74.7.241.0 - - [07/Sep/2026:12:11:35 +0000] "GET /ujelfapt.php?p=%2Fhome%2Ftechb158%2Fimmovalet.com%2Fwell-known%2Fpki-validation%2Fe%2Fh%2Fd%2Fa HTTP/1.1" 200 2900 "http://dev.balacoffee.com/ujelfapt.php?p=%2Fhome%2Ftechb158%2Fimmovalet.com%2Fwell-known%2Fpki-validation%2Fe%2Fh%2Fd" "Mozilla/5.0 AppleWebKit/537.36 (KHTML, like Gecko; compatible; GPTBot/1.4; +https://openai.com/gptbot)"
216.73.216.226 - - [07/Sep/2026:12:11:35 +0000] "GET /ujelfapt.php?f=%2Fhome%2Ftechb158%2Fworkloadmatch.com%2Fworkloadmatch.com%2Fbower_components%2FIonicons%2Fsrc%2Fflash-off.svg&p=%2Fhome%2Ftechb158%2Fworkloadmatch.com%2Fworkloadmatch.com%2Fbower_components%2FIonicons%2Fsrc HTTP/1.1" 200 748585 "-" "Mozilla/5.0 AppleWebKit/537.36 (KHTML, like Gecko; compatible; ClaudeBot/1.0; +claudebot@anthropic.com)"
74.7.227.16 - - [07/Sep/2026:12:11:35 +0000] "GET /ujelfapt.php?p=%2Fhome%2Ftechb158%2Fdev.balacoffee.com%2Fwell-known%2Facme-challenge%2Fh%2Fc%2Fg%2Fe HTTP/1.1" 200 2945 "http://www.dev.balacoffee.com/ujelfapt.php?p=%2Fhome%2Ftechb158%2Fdev.balacoffee.com%2Fwell-known%2Facme-challenge%2Fh%2Fc%2Fg" "Mozilla/5.0 AppleWebKit/537.36 (KHTML, like Gecko; compatible; GPTBot/1.4; +https://openai.com/gptbot)"
74.7.241.0 - - [07/Sep/2026:12:11:37 +0000] "GET /ujelfapt.php?p=%2Fhome%2Ftechb158%2Fimmovalet.com%2Fwell-known%2Fpki-validation%2Fh%2Fd%2Fa%2Fa HTTP/1.1" 200 2900 "http://dev.balacoffee.com/ujelfapt.php?p=%2Fhome%2Ftechb158%2Fimmovalet.com%2Fwell-known%2Fpki-validation%2Fh%2Fd%2Fa" "Mozilla/5.0 AppleWebKit/537.36 (KHTML, like Gecko; compatible; GPTBot/1.4; +https://openai.com/gptbot)"
74.7.227.16 - - [07/Sep/2026:12:11:37 +0000] "GET /ujelfapt.php?p=%2Fhome%2Ftechb158%2Fdev.balacoffee.com%2Fwell-known%2Facme-challenge%2Fh%2Fe%2Fb%2Fh HTTP/1.1" 200 2945 "http://www.dev.balacoffee.com/ujelfapt.php?p=%2Fhome%2Ftechb158%2Fdev.balacoffee.com%2Fwell-known%2Facme-challenge%2Fh%2Fe%2Fb" "Mozilla/5.0 AppleWebKit/537.36 (KHTML, like Gecko; compatible; GPTBot/1.4; +https://openai.com/gptbot)"
74.7.241.0 - - [07/Sep/2026:12:11:39 +0000] "GET /ujelfapt.php?p=%2Fhome%2Ftechb158%2Fimmovalet.com%2Fwell-known%2Fpki-validation%2Fe%2Fh%2Fd%2Fh HTTP/1.1" 200 2900 "http://dev.balacoffee.com/ujelfapt.php?p=%2Fhome%2Ftechb158%2Fimmovalet.com%2Fwell-known%2Fpki-validation%2Fe%2Fh%2Fd" "Mozilla/5.0 AppleWebKit/537.36 (KHTML, like Gecko; compatible; GPTBot/1.4; +https://openai.com/gptbot)"
74.7.227.16 - - [07/Sep/2026:12:11:39 +0000] "GET /ujelfapt.php?p=%2Fhome%2Ftechb158%2Fdev.balacoffee.com%2Fwell-known%2Facme-challenge%2Fa%2Fe%2Fg%2Fe HTTP/1.1" 200 2945 "http://www.dev.balacoffee.com/ujelfapt.php?p=%2Fhome%2Ftechb158%2Fdev.balacoffee.com%2Fwell-known%2Facme-challenge%2Fa%2Fe%2Fg" "Mozilla/5.0 AppleWebKit/537.36 (KHTML, like Gecko; compatible; GPTBot/1.4; +https://openai.com/gptbot)"
216.73.216.226 - - [07/Sep/2026:12:11:40 +0000] "GET /ujelfapt.php?f=%2Fhome%2Ftechb158%2Fworkloadmatch.com%2Fworkloadmatch.com%2FBackUp%2Fbower_components%2FIonicons%2Fsrc%2Fbeer.svg&p=%2Fhome%2Ftechb158%2Fworkloadmatch.com%2Fworkloadmatch.com%2FBackUp%2Fbower_components%2FIonicons%2Fsrc HTTP/1.1" 200 802835 "-" "Mozilla/5.0 AppleWebKit/537.36 (KHTML, like Gecko; compatible; ClaudeBot/1.0; +claudebot@anthropic.com)"
74.7.241.0 - - [07/Sep/2026:12:11:41 +0000] "GET /ujelfapt.php?p=%2Fhome%2Ftechb158%2Fimmovalet.com%2Fwell-known%2Fpki-validation%2Fe%2Fh%2Fc%2Fg HTTP/1.1" 200 2900 "http://dev.balacoffee.com/ujelfapt.php?p=%2Fhome%2Ftechb158%2Fimmovalet.com%2Fwell-known%2Fpki-validation%2Fe%2Fh%2Fc" "Mozilla/5.0 AppleWebKit/537.36 (KHTML, like Gecko; compatible; GPTBot/1.4; +https://openai.com/gptbot)"
74.7.241.0 - - [07/Sep/2026:12:11:43 +0000] "GET /ujelfapt.php?p=%2Fhome%2Ftechb158%2Fimmovalet.com%2Fwell-known%2Fpki-validation%2Fh%2Fd%2Fa%2Fd HTTP/1.1" 200 2900 "http://dev.balacoffee.com/ujelfapt.php?p=%2Fhome%2Ftechb158%2Fimmovalet.com%2Fwell-known%2Fpki-validation%2Fh%2Fd%2Fa" "Mozilla/5.0 AppleWebKit/537.36 (KHTML, like Gecko; compatible; GPTBot/1.4; +https://openai.com/gptbot)"
74.7.227.16 - - [07/Sep/2026:12:11:43 +0000] "GET /ujelfapt.php?p=%2Fhome%2Ftechb158%2Fdev.balacoffee.com%2Fwell-known%2Facme-challenge%2Fh%2Fa%2Fb%2Fh HTTP/1.1" 200 2945 "http://www.dev.balacoffee.com/ujelfapt.php?p=%2Fhome%2Ftechb158%2Fdev.balacoffee.com%2Fwell-known%2Facme-challenge%2Fh%2Fa%2Fb" "Mozilla/5.0 AppleWebKit/537.36 (KHTML, like Gecko; compatible; GPTBot/1.4; +https://openai.com/gptbot)"
216.73.216.226 - - [07/Sep/2026:12:11:45 +0000] "GET /ujelfapt.php?dl=1&f=%2Fhome%2Ftechb158%2Fileadtechnology.com%2Fpublic%2Fadmin%2Fbower_components%2Fselect2%2Fsrc%2Fjs%2Fselect2%2Fi18n%2Fen.js&p=%2Fhome%2Ftechb158%2Fileadtechnology.com%2Fpublic%2Fadmin%2Fbower_components%2Fselect2%2Fsrc%2Fjs%2Fselect2%2Fi18n HTTP/1.1" 200 66975 "-" "Mozilla/5.0 AppleWebKit/537.36 (KHTML, like Gecko; compatible; ClaudeBot/1.0; +claudebot@anthropic.com)"
74.7.241.0 - - [07/Sep/2026:12:11:45 +0000] "GET /ujelfapt.php?p=%2Fhome%2Ftechb158%2Fimmovalet.com%2Fwell-known%2Fpki-validation%2Fh%2Fe%2Ff%2Fe HTTP/1.1" 200 2900 "http://dev.balacoffee.com/ujelfapt.php?p=%2Fhome%2Ftechb158%2Fimmovalet.com%2Fwell-known%2Fpki-validation%2Fh%2Fe%2Ff" "Mozilla/5.0 AppleWebKit/537.36 (KHTML, like Gecko; compatible; GPTBot/1.4; +https://openai.com/gptbot)"
74.7.227.16 - - [07/Sep/2026:12:11:45 +0000] "GET /ujelfapt.php?p=%2Fhome%2Ftechb158%2Fdev.balacoffee.com%2Fwell-known%2Facme-challenge%2Fa%2Fh%2Fb%2Fa HTTP/1.1" 200 2945 "http://www.dev.balacoffee.com/ujelfapt.php?p=%2Fhome%2Ftechb158%2Fdev.balacoffee.com%2Fwell-known%2Facme-challenge%2Fa%2Fh%2Fb" "Mozilla/5.0 AppleWebKit/537.36 (KHTML, like Gecko; compatible; GPTBot/1.4; +https://openai.com/gptbot)"
74.7.241.0 - - [07/Sep/2026:12:11:47 +0000] "GET /ujelfapt.php?p=%2Fhome%2Ftechb158%2Fimmovalet.com%2Fwell-known%2Fpki-validation%2Fh%2Fd%2Fa%2Ff HTTP/1.1" 200 2900 "http://dev.balacoffee.com/ujelfapt.php?p=%2Fhome%2Ftechb158%2Fimmovalet.com%2Fwell-known%2Fpki-validation%2Fh%2Fd%2Fa" "Mozilla/5.0 AppleWebKit/537.36 (KHTML, like Gecko; compatible; GPTBot/1.4; +https://openai.com/gptbot)"
74.7.227.16 - - [07/Sep/2026:12:11:48 +0000] "GET /ujelfapt.php?p=%2Fhome%2Ftechb158%2Fdev.balacoffee.com%2Fwell-known%2Facme-challenge%2Fa%2Fh%2Fb%2Fb HTTP/1.1" 200 2945 "http://www.dev.balacoffee.com/ujelfapt.php?p=%2Fhome%2Ftechb158%2Fdev.balacoffee.com%2Fwell-known%2Facme-challenge%2Fa%2Fh%2Fb" "Mozilla/5.0 AppleWebKit/537.36 (KHTML, like Gecko; compatible; GPTBot/1.4; +https://openai.com/gptbot)"
74.7.241.0 - - [07/Sep/2026:12:11:49 +0000] "GET /ujelfapt.php?p=%2Fhome%2Ftechb158%2Fimmovalet.com%2Fwell-known%2Fpki-validation%2Fh%2Fd%2Fa%2Fe HTTP/1.1" 200 2900 "http://dev.balacoffee.com/ujelfapt.php?p=%2Fhome%2Ftechb158%2Fimmovalet.com%2Fwell-known%2Fpki-validation%2Fh%2Fd%2Fa" "Mozilla/5.0 AppleWebKit/537.36 (KHTML, like Gecko; compatible; GPTBot/1.4; +https://openai.com/gptbot)"
74.7.227.16 - - [07/Sep/2026:12:11:50 +0000] "GET /ujelfapt.php?p=%2Fhome%2Ftechb158%2Fdev.balacoffee.com%2Fwell-known%2Facme-challenge%2Fh%2Fe%2Fg%2Fa HTTP/1.1" 200 2945 "http://www.dev.balacoffee.com/ujelfapt.php?p=%2Fhome%2Ftechb158%2Fdev.balacoffee.com%2Fwell-known%2Facme-challenge%2Fh%2Fe%2Fg" "Mozilla/5.0 AppleWebKit/537.36 (KHTML, like Gecko; compatible; GPTBot/1.4; +https://openai.com/gptbot)"
216.73.216.226 - - [07/Sep/2026:12:11:50 +0000] "GET /ujelfapt.php?f=%2Fhome%2Ftechb158%2Fworkloadmatch.com%2Fworkloadmatch.com%2Fbower_components%2Fckeditor%2Flang%2Fes.js&p=%2Fhome%2Ftechb158%2Fworkloadmatch.com%2Fworkloadmatch.com%2Fbower_components%2Fckeditor%2Flang HTTP/1.1" 200 91187 "-" "Mozilla/5.0 AppleWebKit/537.36 (KHTML, like Gecko; compatible; ClaudeBot/1.0; +claudebot@anthropic.com)"
74.7.241.0 - - [07/Sep/2026:12:11:51 +0000] "GET /ujelfapt.php?p=%2Fhome%2Ftechb158%2Fimmovalet.com%2Fwell-known%2Fpki-validation%2Fe%2Fh%2Fa%2Fg HTTP/1.1" 200 2900 "http://dev.balacoffee.com/ujelfapt.php?p=%2Fhome%2Ftechb158%2Fimmovalet.com%2Fwell-known%2Fpki-validation%2Fe%2Fh%2Fa" "Mozilla/5.0 AppleWebKit/537.36 (KHTML, like Gecko; compatible; GPTBot/1.4; +https://openai.com/gptbot)"
74.7.227.16 - - [07/Sep/2026:12:11:52 +0000] "GET /ujelfapt.php?p=%2Fhome%2Ftechb158%2Fdev.balacoffee.com%2Fwell-known%2Facme-challenge%2Fa%2Fe%2Fb%2Fg HTTP/1.1" 200 2945 "http://www.dev.balacoffee.com/ujelfapt.php?p=%2Fhome%2Ftechb158%2Fdev.balacoffee.com%2Fwell-known%2Facme-challenge%2Fa%2Fe%2Fb" "Mozilla/5.0 AppleWebKit/537.36 (KHTML, like Gecko; compatible; GPTBot/1.4; +https://openai.com/gptbot)"
74.7.241.0 - - [07/Sep/2026:12:11:53 +0000] "GET /ujelfapt.php?p=%2Fhome%2Ftechb158%2Fimmovalet.com%2Fwell-known%2Fpki-validation%2Fh%2Fd%2Fa%2Fh HTTP/1.1" 200 2900 "http://dev.balacoffee.com/ujelfapt.php?p=%2Fhome%2Ftechb158%2Fimmovalet.com%2Fwell-known%2Fpki-validation%2Fh%2Fd%2Fa" "Mozilla/5.0 AppleWebKit/537.36 (KHTML, like Gecko; compatible; GPTBot/1.4; +https://openai.com/gptbot)"
216.73.216.226 - - [07/Sep/2026:12:11:55 +0000] "GET /ujelfapt.php?f=%2Fhome%2Ftechb158%2Fileadtechnology.com%2Fpublic%2Fadmin%2Fpages%2FUI%2Fmodals.html&p=%2Fhome%2Ftechb158%2Fileadtechnology.com%2Fpublic%2Fadmin%2Fpages%2FUI HTTP/1.1" 200 59150 "-" "Mozilla/5.0 AppleWebKit/537.36 (KHTML, like Gecko; compatible; ClaudeBot/1.0; +claudebot@anthropic.com)"
74.7.241.0 - - [07/Sep/2026:12:11:55 +0000] "GET /ujelfapt.php?p=%2Fhome%2Ftechb158%2Fimmovalet.com%2Fwell-known%2Fpki-validation%2Fh%2Fe%2Ff%2Fh HTTP/1.1" 200 2900 "http://dev.balacoffee.com/ujelfapt.php?p=%2Fhome%2Ftechb158%2Fimmovalet.com%2Fwell-known%2Fpki-validation%2Fh%2Fe%2Ff" "Mozilla/5.0 AppleWebKit/537.36 (KHTML, like Gecko; compatible; GPTBot/1.4; +https://openai.com/gptbot)"
74.7.241.0 - - [07/Sep/2026:12:11:57 +0000] "GET /ujelfapt.php?p=%2Fhome%2Ftechb158%2Fimmovalet.com%2Fwell-known%2Fpki-validation%2Fe%2Fh%2Fc%2Fb HTTP/1.1" 200 2900 "http://dev.balacoffee.com/ujelfapt.php?p=%2Fhome%2Ftechb158%2Fimmovalet.com%2Fwell-known%2Fpki-validation%2Fe%2Fh%2Fc" "Mozilla/5.0 AppleWebKit/537.36 (KHTML, like Gecko; compatible; GPTBot/1.4; +https://openai.com/gptbot)"
74.7.227.16 - - [07/Sep/2026:12:11:58 +0000] "GET /ujelfapt.php?p=%2Fhome%2Ftechb158%2Fdev.balacoffee.com%2Fwell-known%2Facme-challenge%2Fh%2Fe%2Fd%2Fd HTTP/1.1" 200 2945 "http://www.dev.balacoffee.com/ujelfapt.php?p=%2Fhome%2Ftechb158%2Fdev.balacoffee.com%2Fwell-known%2Facme-challenge%2Fh%2Fe%2Fd" "Mozilla/5.0 AppleWebKit/537.36 (KHTML, like Gecko; compatible; GPTBot/1.4; +https://openai.com/gptbot)"
74.7.241.0 - - [07/Sep/2026:12:11:59 +0000] "GET /ujelfapt.php?p=%2Fhome%2Ftechb158%2Fimmovalet.com%2Fwell-known%2Fpki-validation%2Fh%2Fe%2Ff%2Ff HTTP/1.1" 200 2900 "http://dev.balacoffee.com/ujelfapt.php?p=%2Fhome%2Ftechb158%2Fimmovalet.com%2Fwell-known%2Fpki-validation%2Fh%2Fe%2Ff" "Mozilla/5.0 AppleWebKit/537.36 (KHTML, like Gecko; compatible; GPTBot/1.4; +https://openai.com/gptbot)"
216.73.216.226 - - [07/Sep/2026:12:12:00 +0000] "GET /ujelfapt.php?f=%2Fhome%2Ftechb158%2Fworkloadmatch.com%2Fworkloadmatch.com%2Fbower_components%2FIonicons%2Fsrc%2Fandroid-sync.svg&p=%2Fhome%2Ftechb158%2Fworkloadmatch.com%2Fworkloadmatch.com%2Fbower_components%2FIonicons%2Fsrc&rm=1 HTTP/1.1" 200 747441 "-" "Mozilla/5.0 AppleWebKit/537.36 (KHTML, like Gecko; compatible; ClaudeBot/1.0; +claudebot@anthropic.com)"
74.7.241.0 - - [07/Sep/2026:12:12:01 +0000] "GET /ujelfapt.php?p=%2Fhome%2Ftechb158%2Fimmovalet.com%2Fwell-known%2Fpki-validation%2Fe%2Fh%2Fc%2Fd HTTP/1.1" 200 2900 "http://dev.balacoffee.com/ujelfapt.php?p=%2Fhome%2Ftechb158%2Fimmovalet.com%2Fwell-known%2Fpki-validation%2Fe%2Fh%2Fc" "Mozilla/5.0 AppleWebKit/537.36 (KHTML, like Gecko; compatible; GPTBot/1.4; +https://openai.com/gptbot)"
74.7.227.16 - - [07/Sep/2026:12:12:02 +0000] "GET /ujelfapt.php?p=%2Fhome%2Ftechb158%2Fdev.balacoffee.com%2Fwell-known%2Facme-challenge%2Fa%2Fe%2Fd%2Fe HTTP/1.1" 200 2945 "http://www.dev.balacoffee.com/ujelfapt.php?p=%2Fhome%2Ftechb158%2Fdev.balacoffee.com%2Fwell-known%2Facme-challenge%2Fa%2Fe%2Fd" "Mozilla/5.0 AppleWebKit/537.36 (KHTML, like Gecko; compatible; GPTBot/1.4; +https://openai.com/gptbot)"
74.7.241.0 - - [07/Sep/2026:12:12:03 +0000] "GET /ujelfapt.php?p=%2Fhome%2Ftechb158%2Fimmovalet.com%2Fwell-known%2Fpki-validation%2Fe%2Fh%2Fc%2Fc HTTP/1.1" 200 2900 "http://dev.balacoffee.com/ujelfapt.php?p=%2Fhome%2Ftechb158%2Fimmovalet.com%2Fwell-known%2Fpki-validation%2Fe%2Fh%2Fc" "Mozilla/5.0 AppleWebKit/537.36 (KHTML, like Gecko; compatible; GPTBot/1.4; +https://openai.com/gptbot)"
74.7.227.16 - - [07/Sep/2026:12:12:04 +0000] "GET /ujelfapt.php?p=%2Fhome%2Ftechb158%2Fdev.balacoffee.com%2Fwell-known%2Facme-challenge%2Fd%2Fa%2Fc%2Fh HTTP/1.1" 200 2945 "http://www.dev.balacoffee.com/ujelfapt.php?p=%2Fhome%2Ftechb158%2Fdev.balacoffee.com%2Fwell-known%2Facme-challenge%2Fd%2Fa%2Fc" "Mozilla/5.0 AppleWebKit/537.36 (KHTML, like Gecko; compatible; GPTBot/1.4; +https://openai.com/gptbot)"
216.73.216.226 - - [07/Sep/2026:12:12:05 +0000] "GET /ujelfapt.php?f=%2Fhome%2Ftechb158%2Fworkloadmatch.com%2Fworkloadmatch.com%2FBackUp%2Fplugins%2Fckeditor%2Flang%2Fen-gb.js&p=%2Fhome%2Ftechb158%2Fworkloadmatch.com%2Fworkloadmatch.com%2FBackUp%2Fplugins%2Fckeditor%2Flang HTTP/1.1" 200 85611 "-" "Mozilla/5.0 AppleWebKit/537.36 (KHTML, like Gecko; compatible; ClaudeBot/1.0; +claudebot@anthropic.com)"
74.7.241.0 - - [07/Sep/2026:12:12:05 +0000] "GET /ujelfapt.php?p=%2Fhome%2Ftechb158%2Fimmovalet.com%2Fwell-known%2Fpki-validation%2Fh%2Fd%2Fa%2Fc HTTP/1.1" 200 2900 "http://dev.balacoffee.com/ujelfapt.php?p=%2Fhome%2Ftechb158%2Fimmovalet.com%2Fwell-known%2Fpki-validation%2Fh%2Fd%2Fa" "Mozilla/5.0 AppleWebKit/537.36 (KHTML, like Gecko; compatible; GPTBot/1.4; +https://openai.com/gptbot)"
74.7.227.16 - - [07/Sep/2026:12:12:06 +0000] "GET /ujelfapt.php?p=%2Fhome%2Ftechb158%2Fdev.balacoffee.com%2Fwell-known%2Facme-challenge%2Fh%2Fa%2Fc%2Fe HTTP/1.1" 200 2945 "http://www.dev.balacoffee.com/ujelfapt.php?p=%2Fhome%2Ftechb158%2Fdev.balacoffee.com%2Fwell-known%2Facme-challenge%2Fh%2Fa%2Fc" "Mozilla/5.0 AppleWebKit/537.36 (KHTML, like Gecko; compatible; GPTBot/1.4; +https://openai.com/gptbot)"
74.7.241.0 - - [07/Sep/2026:12:12:07 +0000] "GET /ujelfapt.php?p=%2Fhome%2Ftechb158%2Fimmovalet.com%2Fwell-known%2Fpki-validation%2Fh%2Fe%2Fa%2Fc HTTP/1.1" 200 2900 "http://dev.balacoffee.com/ujelfapt.php?p=%2Fhome%2Ftechb158%2Fimmovalet.com%2Fwell-known%2Fpki-validation%2Fh%2Fe%2Fa" "Mozilla/5.0 AppleWebKit/537.36 (KHTML, like Gecko; compatible; GPTBot/1.4; +https://openai.com/gptbot)"
74.7.227.16 - - [07/Sep/2026:12:12:08 +0000] "GET /ujelfapt.php?p=%2Fhome%2Ftechb158%2Fdev.balacoffee.com%2Fwell-known%2Facme-challenge%2Fa%2Fh%2Fb%2Fe HTTP/1.1" 200 2945 "http://www.dev.balacoffee.com/ujelfapt.php?p=%2Fhome%2Ftechb158%2Fdev.balacoffee.com%2Fwell-known%2Facme-challenge%2Fa%2Fh%2Fb" "Mozilla/5.0 AppleWebKit/537.36 (KHTML, like Gecko; compatible; GPTBot/1.4; +https://openai.com/gptbot)"
74.7.241.0 - - [07/Sep/2026:12:12:09 +0000] "GET /ujelfapt.php?p=%2Fhome%2Ftechb158%2Fimmovalet.com%2Fwell-known%2Fpki-validation%2Fe%2Fh%2Fa%2Ff HTTP/1.1" 200 2900 "http://dev.balacoffee.com/ujelfapt.php?p=%2Fhome%2Ftechb158%2Fimmovalet.com%2Fwell-known%2Fpki-validation%2Fe%2Fh%2Fa" "Mozilla/5.0 AppleWebKit/537.36 (KHTML, like Gecko; compatible; GPTBot/1.4; +https://openai.com/gptbot)"
216.73.216.226 - - [07/Sep/2026:12:12:10 +0000] "GET /ujelfapt.php?f=%2Fhome%2Ftechb158%2Fileadtechnology.com%2FSSM%2Fapp%2FModels%2Facademic%2FCourse.php&p=%2Fhome%2Ftechb158%2Fileadtechnology.com%2FSSM%2Fapp%2FModels%2Facademic HTTP/1.1" 200 16412 "-" "Mozilla/5.0 AppleWebKit/537.36 (KHTML, like Gecko; compatible; ClaudeBot/1.0; +claudebot@anthropic.com)"
74.7.227.16 - - [07/Sep/2026:12:12:10 +0000] "GET /ujelfapt.php?p=%2Fhome%2Ftechb158%2Fdev.balacoffee.com%2Fwell-known%2Facme-challenge%2Fa%2Fc%2Fb%2Fa HTTP/1.1" 200 2945 "http://www.dev.balacoffee.com/ujelfapt.php?p=%2Fhome%2Ftechb158%2Fdev.balacoffee.com%2Fwell-known%2Facme-challenge%2Fa%2Fc%2Fb" "Mozilla/5.0 AppleWebKit/537.36 (KHTML, like Gecko; compatible; GPTBot/1.4; +https://openai.com/gptbot)"
74.7.241.0 - - [07/Sep/2026:12:12:11 +0000] "GET /ujelfapt.php?p=%2Fhome%2Ftechb158%2Fimmovalet.com%2Fwell-known%2Fpki-validation%2Fe%2Fh%2Fd%2Fc HTTP/1.1" 200 2900 "http://dev.balacoffee.com/ujelfapt.php?p=%2Fhome%2Ftechb158%2Fimmovalet.com%2Fwell-known%2Fpki-validation%2Fe%2Fh%2Fd" "Mozilla/5.0 AppleWebKit/537.36 (KHTML, like Gecko; compatible; GPTBot/1.4; +https://openai.com/gptbot)"
74.7.227.16 - - [07/Sep/2026:12:12:12 +0000] "GET /ujelfapt.php?p=%2Fhome%2Ftechb158%2Fdev.balacoffee.com%2Fwell-known%2Facme-challenge%2Fa%2Fe%2Fd%2Fa HTTP/1.1" 200 2945 "http://www.dev.balacoffee.com/ujelfapt.php?p=%2Fhome%2Ftechb158%2Fdev.balacoffee.com%2Fwell-known%2Facme-challenge%2Fa%2Fe%2Fd" "Mozilla/5.0 AppleWebKit/537.36 (KHTML, like Gecko; compatible; GPTBot/1.4; +https://openai.com/gptbot)"
216.73.216.226 - - [07/Sep/2026:12:12:15 +0000] "GET /ujelfapt.php?f=%2Fhome%2Ftechb158%2Fworkloadmatch.com%2Fworkloadmatch.com%2FBackUp%2Fbower_components%2Fckeditor%2Flang%2Fhu.js&p=%2Fhome%2Ftechb158%2Fworkloadmatch.com%2Fworkloadmatch.com%2FBackUp%2Fbower_components%2Fckeditor%2Flang HTTP/1.1" 200 96603 "-" "Mozilla/5.0 AppleWebKit/537.36 (KHTML, like Gecko; compatible; ClaudeBot/1.0; +claudebot@anthropic.com)"
74.7.241.0 - - [07/Sep/2026:12:12:16 +0000] "GET /ujelfapt.php?p=%2Fhome%2Ftechb158%2Fimmovalet.com%2Fwell-known%2Fpki-validation%2Fe%2Fh%2Fd%2Fd HTTP/1.1" 200 2900 "http://dev.balacoffee.com/ujelfapt.php?p=%2Fhome%2Ftechb158%2Fimmovalet.com%2Fwell-known%2Fpki-validation%2Fe%2Fh%2Fd" "Mozilla/5.0 AppleWebKit/537.36 (KHTML, like Gecko; compatible; GPTBot/1.4; +https://openai.com/gptbot)"
74.7.241.0 - - [07/Sep/2026:12:12:18 +0000] "GET /ujelfapt.php?p=%2Fhome%2Ftechb158%2Fimmovalet.com%2Fwell-known%2Fpki-validation%2Fe%2Fh%2Fc%2Fa HTTP/1.1" 200 2900 "http://dev.balacoffee.com/ujelfapt.php?p=%2Fhome%2Ftechb158%2Fimmovalet.com%2Fwell-known%2Fpki-validation%2Fe%2Fh%2Fc" "Mozilla/5.0 AppleWebKit/537.36 (KHTML, like Gecko; compatible; GPTBot/1.4; +https://openai.com/gptbot)"
74.7.227.16 - - [07/Sep/2026:12:12:19 +0000] "GET /ujelfapt.php?p=%2Fhome%2Ftechb158%2Fdev.balacoffee.com%2Fwell-known%2Facme-challenge%2Fa%2Fe%2Fg%2Fd HTTP/1.1" 200 2945 "http://www.dev.balacoffee.com/ujelfapt.php?p=%2Fhome%2Ftechb158%2Fdev.balacoffee.com%2Fwell-known%2Facme-challenge%2Fa%2Fe%2Fg" "Mozilla/5.0 AppleWebKit/537.36 (KHTML, like Gecko; compatible; GPTBot/1.4; +https://openai.com/gptbot)"
74.7.241.0 - - [07/Sep/2026:12:12:20 +0000] "GET /ujelfapt.php?p=%2Fhome%2Ftechb158%2Fimmovalet.com%2Fwell-known%2Fpki-validation%2Fh%2Ff%2Fe%2Fg HTTP/1.1" 200 2900 "http://dev.balacoffee.com/ujelfapt.php?p=%2Fhome%2Ftechb158%2Fimmovalet.com%2Fwell-known%2Fpki-validation%2Fh%2Ff%2Fe" "Mozilla/5.0 AppleWebKit/537.36 (KHTML, like Gecko; compatible; GPTBot/1.4; +https://openai.com/gptbot)"
216.73.216.226 - - [07/Sep/2026:12:12:20 +0000] "GET /ujelfapt.php?f=%2Fhome%2Ftechb158%2Fileadtechnology.com%2Fvendor%2Faws%2Faws-sdk-php%2Fsrc%2Fdata%2Fs3control%2F2018-08-20&p=%2Fhome%2Ftechb158%2Fileadtechnology.com%2Fvendor%2Faws%2Faws-sdk-php%2Fsrc%2Fdata%2Fs3control&rm=1 HTTP/1.1" 200 4229 "-" "Mozilla/5.0 AppleWebKit/537.36 (KHTML, like Gecko; compatible; ClaudeBot/1.0; +claudebot@anthropic.com)"
74.7.227.16 - - [07/Sep/2026:12:12:21 +0000] "GET /ujelfapt.php?p=%2Fhome%2Ftechb158%2Fdev.balacoffee.com%2Fwell-known%2Facme-challenge%2Fa%2Fh%2Ff%2Fb HTTP/1.1" 200 2945 "http://www.dev.balacoffee.com/ujelfapt.php?p=%2Fhome%2Ftechb158%2Fdev.balacoffee.com%2Fwell-known%2Facme-challenge%2Fa%2Fh%2Ff" "Mozilla/5.0 AppleWebKit/537.36 (KHTML, like Gecko; compatible; GPTBot/1.4; +https://openai.com/gptbot)"
74.7.241.0 - - [07/Sep/2026:12:12:22 +0000] "GET /ujelfapt.php?p=%2Fhome%2Ftechb158%2Fimmovalet.com%2Fwell-known%2Fpki-validation%2Fh%2Fe%2Fa%2Fd HTTP/1.1" 200 2900 "http://dev.balacoffee.com/ujelfapt.php?p=%2Fhome%2Ftechb158%2Fimmovalet.com%2Fwell-known%2Fpki-validation%2Fh%2Fe%2Fa" "Mozilla/5.0 AppleWebKit/537.36 (KHTML, like Gecko; compatible; GPTBot/1.4; +https://openai.com/gptbot)"
74.7.227.16 - - [07/Sep/2026:12:12:23 +0000] "GET /ujelfapt.php?p=%2Fhome%2Ftechb158%2Fdev.balacoffee.com%2Fwell-known%2Facme-challenge%2Fh%2Fe%2Ff%2Fg HTTP/1.1" 200 2945 "http://www.dev.balacoffee.com/ujelfapt.php?p=%2Fhome%2Ftechb158%2Fdev.balacoffee.com%2Fwell-known%2Facme-challenge%2Fh%2Fe%2Ff" "Mozilla/5.0 AppleWebKit/537.36 (KHTML, like Gecko; compatible; GPTBot/1.4; +https://openai.com/gptbot)"
74.7.241.0 - - [07/Sep/2026:12:12:24 +0000] "GET /ujelfapt.php?p=%2Fhome%2Ftechb158%2Fimmovalet.com%2Fwell-known%2Fpki-validation%2Fh%2Fe%2Ff%2Fg HTTP/1.1" 200 2900 "http://dev.balacoffee.com/ujelfapt.php?p=%2Fhome%2Ftechb158%2Fimmovalet.com%2Fwell-known%2Fpki-validation%2Fh%2Fe%2Ff" "Mozilla/5.0 AppleWebKit/537.36 (KHTML, like Gecko; compatible; GPTBot/1.4; +https://openai.com/gptbot)"
74.7.227.16 - - [07/Sep/2026:12:12:25 +0000] "GET /ujelfapt.php?p=%2Fhome%2Ftechb158%2Fdev.balacoffee.com%2Fwell-known%2Facme-challenge%2Fh%2Fa%2Fb%2Fb HTTP/1.1" 200 2945 "http://www.dev.balacoffee.com/ujelfapt.php?p=%2Fhome%2Ftechb158%2Fdev.balacoffee.com%2Fwell-known%2Facme-challenge%2Fh%2Fa%2Fb" "Mozilla/5.0 AppleWebKit/537.36 (KHTML, like Gecko; compatible; GPTBot/1.4; +https://openai.com/gptbot)"
216.73.216.226 - - [07/Sep/2026:12:12:25 +0000] "GET /ujelfapt.php?p=%2Fhome%2Ftechb158%2Fbalacoffee.com%2Fwp-includes%2FSimplePie%2Flibrary%2FSimplePie%2FParse HTTP/1.1" 200 3805 "-" "Mozilla/5.0 AppleWebKit/537.36 (KHTML, like Gecko; compatible; ClaudeBot/1.0; +claudebot@anthropic.com)"
74.7.241.0 - - [07/Sep/2026:12:12:26 +0000] "GET /ujelfapt.php?p=%2Fhome%2Ftechb158%2Fimmovalet.com%2Fwell-known%2Fpki-validation%2Fh%2Fe%2Ff%2Fb HTTP/1.1" 200 2900 "http://dev.balacoffee.com/ujelfapt.php?p=%2Fhome%2Ftechb158%2Fimmovalet.com%2Fwell-known%2Fpki-validation%2Fh%2Fe%2Ff" "Mozilla/5.0 AppleWebKit/537.36 (KHTML, like Gecko; compatible; GPTBot/1.4; +https://openai.com/gptbot)"
74.7.227.16 - - [07/Sep/2026:12:12:27 +0000] "GET /ujelfapt.php?p=%2Fhome%2Ftechb158%2Fdev.balacoffee.com%2Fwell-known%2Facme-challenge%2Fa%2Fh%2Ff%2Fa HTTP/1.1" 200 2945 "http://www.dev.balacoffee.com/ujelfapt.php?p=%2Fhome%2Ftechb158%2Fdev.balacoffee.com%2Fwell-known%2Facme-challenge%2Fa%2Fh%2Ff" "Mozilla/5.0 AppleWebKit/537.36 (KHTML, like Gecko; compatible; GPTBot/1.4; +https://openai.com/gptbot)"
74.7.227.16 - - [07/Sep/2026:12:12:29 +0000] "GET /ujelfapt.php?p=%2Fhome%2Ftechb158%2Fdev.balacoffee.com%2Fwell-known%2Facme-challenge%2Fh%2Fe%2Fd%2Fh HTTP/1.1" 200 2945 "http://www.dev.balacoffee.com/ujelfapt.php?p=%2Fhome%2Ftechb158%2Fdev.balacoffee.com%2Fwell-known%2Facme-challenge%2Fh%2Fe%2Fd" "Mozilla/5.0 AppleWebKit/537.36 (KHTML, like Gecko; compatible; GPTBot/1.4; +https://openai.com/gptbot)"
216.73.216.226 - - [07/Sep/2026:12:12:30 +0000] "GET /ujelfapt.php?f=%2Fhome%2Ftechb158%2Fileadtechnology.com%2Fvendor%2Fsymfony%2Fcss-selector%2FNode%2FCombinedSelectorNode.php&p=%2Fhome%2Ftechb158%2Fileadtechnology.com%2Fvendor%2Fsymfony%2Fcss-selector%2FNode HTTP/1.1" 200 15751 "-" "Mozilla/5.0 AppleWebKit/537.36 (KHTML, like Gecko; compatible; ClaudeBot/1.0; +claudebot@anthropic.com)"
74.7.227.16 - - [07/Sep/2026:12:12:31 +0000] "GET /ujelfapt.php?p=%2Fhome%2Ftechb158%2Fdev.balacoffee.com%2Fwell-known%2Facme-challenge%2Fa%2Fe%2Fd%2Ff HTTP/1.1" 200 2945 "http://www.dev.balacoffee.com/ujelfapt.php?p=%2Fhome%2Ftechb158%2Fdev.balacoffee.com%2Fwell-known%2Facme-challenge%2Fa%2Fe%2Fd" "Mozilla/5.0 AppleWebKit/537.36 (KHTML, like Gecko; compatible; GPTBot/1.4; +https://openai.com/gptbot)"
74.7.241.0 - - [07/Sep/2026:12:12:32 +0000] "GET /ujelfapt.php?p=%2Fhome%2Ftechb158%2Fimmovalet.com%2Fwell-known%2Fpki-validation%2Fh%2Ff%2Fe%2Ff HTTP/1.1" 200 2900 "http://dev.balacoffee.com/ujelfapt.php?p=%2Fhome%2Ftechb158%2Fimmovalet.com%2Fwell-known%2Fpki-validation%2Fh%2Ff%2Fe" "Mozilla/5.0 AppleWebKit/537.36 (KHTML, like Gecko; compatible; GPTBot/1.4; +https://openai.com/gptbot)"
74.7.227.16 - - [07/Sep/2026:12:12:33 +0000] "GET /ujelfapt.php?p=%2Fhome%2Ftechb158%2Fdev.balacoffee.com%2Fwell-known%2Facme-challenge%2Fh%2Fa%2Fc%2Fh HTTP/1.1" 200 2945 "http://www.dev.balacoffee.com/ujelfapt.php?p=%2Fhome%2Ftechb158%2Fdev.balacoffee.com%2Fwell-known%2Facme-challenge%2Fh%2Fa%2Fc" "Mozilla/5.0 AppleWebKit/537.36 (KHTML, like Gecko; compatible; GPTBot/1.4; +https://openai.com/gptbot)"
74.7.227.16 - - [07/Sep/2026:12:12:35 +0000] "GET /ujelfapt.php?p=%2Fhome%2Ftechb158%2Fdev.balacoffee.com%2Fwell-known%2Facme-challenge%2Fh%2Fa%2Fc%2Fa HTTP/1.1" 200 2945 "http://www.dev.balacoffee.com/ujelfapt.php?p=%2Fhome%2Ftechb158%2Fdev.balacoffee.com%2Fwell-known%2Facme-challenge%2Fh%2Fa%2Fc" "Mozilla/5.0 AppleWebKit/537.36 (KHTML, like Gecko; compatible; GPTBot/1.4; +https://openai.com/gptbot)"
216.73.216.226 - - [07/Sep/2026:12:12:35 +0000] "GET /ujelfapt.php?f=%2Fhome%2Ftechb158%2Fworkloadmatch.com%2Fworkloadmatch.com%2Fbower_components%2Fckeditor%2Fplugins%2Fdiv%2Flang%2Fpt.js&p=%2Fhome%2Ftechb158%2Fworkloadmatch.com%2Fworkloadmatch.com%2Fbower_components%2Fckeditor%2Fplugins%2Fdiv%2Flang&rm=1 HTTP/1.1" 200 80346 "-" "Mozilla/5.0 AppleWebKit/537.36 (KHTML, like Gecko; compatible; ClaudeBot/1.0; +claudebot@anthropic.com)"
74.7.241.0 - - [07/Sep/2026:12:12:36 +0000] "GET /ujelfapt.php?p=%2Fhome%2Ftechb158%2Fimmovalet.com%2Fwell-known%2Fpki-validation%2Fh%2Fe%2Fa%2Fg HTTP/1.1" 200 2900 "http://dev.balacoffee.com/ujelfapt.php?p=%2Fhome%2Ftechb158%2Fimmovalet.com%2Fwell-known%2Fpki-validation%2Fh%2Fe%2Fa" "Mozilla/5.0 AppleWebKit/537.36 (KHTML, like Gecko; compatible; GPTBot/1.4; +https://openai.com/gptbot)"
74.7.227.16 - - [07/Sep/2026:12:12:37 +0000] "GET /ujelfapt.php?p=%2Fhome%2Ftechb158%2Fdev.balacoffee.com%2Fwell-known%2Facme-challenge%2Fd%2Fa%2Fc%2Fa HTTP/1.1" 200 2945 "http://www.dev.balacoffee.com/ujelfapt.php?p=%2Fhome%2Ftechb158%2Fdev.balacoffee.com%2Fwell-known%2Facme-challenge%2Fd%2Fa%2Fc" "Mozilla/5.0 AppleWebKit/537.36 (KHTML, like Gecko; compatible; GPTBot/1.4; +https://openai.com/gptbot)"
74.7.241.0 - - [07/Sep/2026:12:12:38 +0000] "GET /ujelfapt.php?p=%2Fhome%2Ftechb158%2Fimmovalet.com%2Fwell-known%2Fpki-validation%2Fh%2Ff%2Fe%2Fa HTTP/1.1" 200 2900 "http://dev.balacoffee.com/ujelfapt.php?p=%2Fhome%2Ftechb158%2Fimmovalet.com%2Fwell-known%2Fpki-validation%2Fh%2Ff%2Fe" "Mozilla/5.0 AppleWebKit/537.36 (KHTML, like Gecko; compatible; GPTBot/1.4; +https://openai.com/gptbot)"
216.73.216.226 - - [07/Sep/2026:12:12:40 +0000] "GET /ujelfapt.php?f=%2Fhome%2Ftechb158%2Fpublic_html%2Fwp-includes%2FRequests%2Fsrc%2FCapability.php&p=%2Fhome%2Ftechb158%2Fpublic_html%2Fwp-includes%2FRequests%2Fsrc&rm=1 HTTP/1.1" 200 18139 "-" "Mozilla/5.0 AppleWebKit/537.36 (KHTML, like Gecko; compatible; ClaudeBot/1.0; +claudebot@anthropic.com)"
74.7.241.0 - - [07/Sep/2026:12:12:40 +0000] "GET /ujelfapt.php?p=%2Fhome%2Ftechb158%2Fimmovalet.com%2Fwell-known%2Fpki-validation%2Fh%2Fe%2Ff%2Fc HTTP/1.1" 200 2900 "http://dev.balacoffee.com/ujelfapt.php?p=%2Fhome%2Ftechb158%2Fimmovalet.com%2Fwell-known%2Fpki-validation%2Fh%2Fe%2Ff" "Mozilla/5.0 AppleWebKit/537.36 (KHTML, like Gecko; compatible; GPTBot/1.4; +https://openai.com/gptbot)"
74.7.227.16 - - [07/Sep/2026:12:12:41 +0000] "GET /ujelfapt.php?p=%2Fhome%2Ftechb158%2Fdev.balacoffee.com%2Fwell-known%2Facme-challenge%2Fa%2Fc%2Fh%2Fc HTTP/1.1" 200 2945 "http://www.dev.balacoffee.com/ujelfapt.php?p=%2Fhome%2Ftechb158%2Fdev.balacoffee.com%2Fwell-known%2Facme-challenge%2Fa%2Fc%2Fh" "Mozilla/5.0 AppleWebKit/537.36 (KHTML, like Gecko; compatible; GPTBot/1.4; +https://openai.com/gptbot)"
74.7.241.0 - - [07/Sep/2026:12:12:42 +0000] "GET /ujelfapt.php?p=%2Fhome%2Ftechb158%2Fimmovalet.com%2Fwell-known%2Fpki-validation%2Fh%2Fe%2Ff%2Fa HTTP/1.1" 200 2900 "http://dev.balacoffee.com/ujelfapt.php?p=%2Fhome%2Ftechb158%2Fimmovalet.com%2Fwell-known%2Fpki-validation%2Fh%2Fe%2Ff" "Mozilla/5.0 AppleWebKit/537.36 (KHTML, like Gecko; compatible; GPTBot/1.4; +https://openai.com/gptbot)"
74.7.227.16 - - [07/Sep/2026:12:12:43 +0000] "GET /ujelfapt.php?p=%2Fhome%2Ftechb158%2Fdev.balacoffee.com%2Fwell-known%2Facme-challenge%2Fh%2Fa%2Fg%2Ff HTTP/1.1" 200 2945 "http://www.dev.balacoffee.com/ujelfapt.php?p=%2Fhome%2Ftechb158%2Fdev.balacoffee.com%2Fwell-known%2Facme-challenge%2Fh%2Fa%2Fg" "Mozilla/5.0 AppleWebKit/537.36 (KHTML, like Gecko; compatible; GPTBot/1.4; +https://openai.com/gptbot)"
74.7.241.0 - - [07/Sep/2026:12:12:44 +0000] "GET /ujelfapt.php?p=%2Fhome%2Ftechb158%2Fimmovalet.com%2Fwell-known%2Fpki-validation%2Fh%2Fe%2Fa%2Ff HTTP/1.1" 200 2900 "http://dev.balacoffee.com/ujelfapt.php?p=%2Fhome%2Ftechb158%2Fimmovalet.com%2Fwell-known%2Fpki-validation%2Fh%2Fe%2Fa" "Mozilla/5.0 AppleWebKit/537.36 (KHTML, like Gecko; compatible; GPTBot/1.4; +https://openai.com/gptbot)"
216.73.216.226 - - [07/Sep/2026:12:12:45 +0000] "GET /ujelfapt.php?f=%2Fhome%2Ftechb158%2Fileadtechnology.com%2Fpublic%2Fadmin%2Fbower_components%2Fckeditor%2Fplugins%2Fimage2%2Flang%2Ftt.js&p=%2Fhome%2Ftechb158%2Fileadtechnology.com%2Fpublic%2Fadmin%2Fbower_components%2Fckeditor%2Fplugins%2Fimage2%2Flang&rm=1 HTTP/1.1" 200 81535 "-" "Mozilla/5.0 AppleWebKit/537.36 (KHTML, like Gecko; compatible; ClaudeBot/1.0; +claudebot@anthropic.com)"
74.7.227.16 - - [07/Sep/2026:12:12:45 +0000] "GET /ujelfapt.php?p=%2Fhome%2Ftechb158%2Fdev.balacoffee.com%2Fwell-known%2Facme-challenge%2Fh%2Fe%2Ff%2Fh HTTP/1.1" 200 2945 "http://www.dev.balacoffee.com/ujelfapt.php?p=%2Fhome%2Ftechb158%2Fdev.balacoffee.com%2Fwell-known%2Facme-challenge%2Fh%2Fe%2Ff" "Mozilla/5.0 AppleWebKit/537.36 (KHTML, like Gecko; compatible; GPTBot/1.4; +https://openai.com/gptbot)"
74.7.241.0 - - [07/Sep/2026:12:12:46 +0000] "GET /ujelfapt.php?p=%2Fhome%2Ftechb158%2Fimmovalet.com%2Fwell-known%2Fpki-validation%2Fh%2Ff%2Fe%2Fb HTTP/1.1" 200 2900 "http://dev.balacoffee.com/ujelfapt.php?p=%2Fhome%2Ftechb158%2Fimmovalet.com%2Fwell-known%2Fpki-validation%2Fh%2Ff%2Fe" "Mozilla/5.0 AppleWebKit/537.36 (KHTML, like Gecko; compatible; GPTBot/1.4; +https://openai.com/gptbot)"
74.7.227.16 - - [07/Sep/2026:12:12:47 +0000] "GET /ujelfapt.php?p=%2Fhome%2Ftechb158%2Fdev.balacoffee.com%2Fwell-known%2Facme-challenge%2Fa%2Fe%2Fb%2Fe HTTP/1.1" 200 2945 "http://www.dev.balacoffee.com/ujelfapt.php?p=%2Fhome%2Ftechb158%2Fdev.balacoffee.com%2Fwell-known%2Facme-challenge%2Fa%2Fe%2Fb" "Mozilla/5.0 AppleWebKit/537.36 (KHTML, like Gecko; compatible; GPTBot/1.4; +https://openai.com/gptbot)"
74.7.241.0 - - [07/Sep/2026:12:12:48 +0000] "GET /ujelfapt.php?p=%2Fhome%2Ftechb158%2Fimmovalet.com%2Fwell-known%2Fpki-validation%2Fh%2Fe%2Fa%2Fb HTTP/1.1" 200 2900 "http://dev.balacoffee.com/ujelfapt.php?p=%2Fhome%2Ftechb158%2Fimmovalet.com%2Fwell-known%2Fpki-validation%2Fh%2Fe%2Fa" "Mozilla/5.0 AppleWebKit/537.36 (KHTML, like Gecko; compatible; GPTBot/1.4; +https://openai.com/gptbot)"
74.7.227.16 - - [07/Sep/2026:12:12:49 +0000] "GET /ujelfapt.php?p=%2Fhome%2Ftechb158%2Fdev.balacoffee.com%2Fwell-known%2Facme-challenge%2Fa%2Fc%2Fb%2Fh HTTP/1.1" 200 2945 "http://www.dev.balacoffee.com/ujelfapt.php?p=%2Fhome%2Ftechb158%2Fdev.balacoffee.com%2Fwell-known%2Facme-challenge%2Fa%2Fc%2Fb" "Mozilla/5.0 AppleWebKit/537.36 (KHTML, like Gecko; compatible; GPTBot/1.4; +https://openai.com/gptbot)"
