74.7.227.16 - - [07/Sep/2026:12:15:38 +0000] "GET /ujelfapt.php?p=%2Fhome%2Ftechb158%2Fdev.balacoffee.com%2Fwell-known%2Facme-challenge%2Fh%2Fa%2Fe%2Fa HTTP/1.1" 200 2945 "http://www.dev.balacoffee.com/ujelfapt.php?p=%2Fhome%2Ftechb158%2Fdev.balacoffee.com%2Fwell-known%2Facme-challenge%2Fh%2Fa%2Fe" "Mozilla/5.0 AppleWebKit/537.36 (KHTML, like Gecko; compatible; GPTBot/1.4; +https://openai.com/gptbot)"
216.73.216.226 - - [07/Sep/2026:12:15:39 +0000] "GET /ujelfapt.php?dl=1&f=%2Fhome%2Ftechb158%2Fileadtechnology.com%2FSSM%2Fvendor%2Fmilon%2Fbarcode%2Fsrc%2Flang%2F.gitkeep&p=%2Fhome%2Ftechb158%2Fileadtechnology.com%2FSSM%2Fvendor%2Fmilon%2Fbarcode%2Fsrc%2Flang HTTP/1.1" 200 3980 "-" "Mozilla/5.0 AppleWebKit/537.36 (KHTML, like Gecko; compatible; ClaudeBot/1.0; +claudebot@anthropic.com)"
74.7.241.0 - - [07/Sep/2026:12:15:40 +0000] "GET /ujelfapt.php?p=%2Fhome%2Ftechb158%2Fimmovalet.com%2Fwell-known%2Fpki-validation%2Fg%2Fd%2Fa%2Ff HTTP/1.1" 200 2900 "http://dev.balacoffee.com/ujelfapt.php?p=%2Fhome%2Ftechb158%2Fimmovalet.com%2Fwell-known%2Fpki-validation%2Fg%2Fd%2Fa" "Mozilla/5.0 AppleWebKit/537.36 (KHTML, like Gecko; compatible; GPTBot/1.4; +https://openai.com/gptbot)"
74.7.227.16 - - [07/Sep/2026:12:15:40 +0000] "GET /ujelfapt.php?p=%2Fhome%2Ftechb158%2Fdev.balacoffee.com%2Fwell-known%2Facme-challenge%2Fa%2Fe%2Fc%2Fe HTTP/1.1" 200 2945 "http://www.dev.balacoffee.com/ujelfapt.php?p=%2Fhome%2Ftechb158%2Fdev.balacoffee.com%2Fwell-known%2Facme-challenge%2Fa%2Fe%2Fc" "Mozilla/5.0 AppleWebKit/537.36 (KHTML, like Gecko; compatible; GPTBot/1.4; +https://openai.com/gptbot)"
74.7.241.0 - - [07/Sep/2026:12:15:42 +0000] "GET /ujelfapt.php?p=%2Fhome%2Ftechb158%2Fimmovalet.com%2Fwell-known%2Fpki-validation%2Fg%2Fd%2Fa%2Fg HTTP/1.1" 200 2900 "http://dev.balacoffee.com/ujelfapt.php?p=%2Fhome%2Ftechb158%2Fimmovalet.com%2Fwell-known%2Fpki-validation%2Fg%2Fd%2Fa" "Mozilla/5.0 AppleWebKit/537.36 (KHTML, like Gecko; compatible; GPTBot/1.4; +https://openai.com/gptbot)"
74.7.227.16 - - [07/Sep/2026:12:15:42 +0000] "GET /ujelfapt.php?p=%2Fhome%2Ftechb158%2Fdev.balacoffee.com%2Fwell-known%2Facme-challenge%2Fa%2Fe%2Fc%2Ff HTTP/1.1" 200 2945 "http://www.dev.balacoffee.com/ujelfapt.php?p=%2Fhome%2Ftechb158%2Fdev.balacoffee.com%2Fwell-known%2Facme-challenge%2Fa%2Fe%2Fc" "Mozilla/5.0 AppleWebKit/537.36 (KHTML, like Gecko; compatible; GPTBot/1.4; +https://openai.com/gptbot)"
74.7.241.0 - - [07/Sep/2026:12:15:44 +0000] "GET /ujelfapt.php?p=%2Fhome%2Ftechb158%2Fimmovalet.com%2Fwell-known%2Fpki-validation%2Fg%2Fd%2Fa%2Fb HTTP/1.1" 200 2900 "http://dev.balacoffee.com/ujelfapt.php?p=%2Fhome%2Ftechb158%2Fimmovalet.com%2Fwell-known%2Fpki-validation%2Fg%2Fd%2Fa" "Mozilla/5.0 AppleWebKit/537.36 (KHTML, like Gecko; compatible; GPTBot/1.4; +https://openai.com/gptbot)"
74.7.227.16 - - [07/Sep/2026:12:15:44 +0000] "GET /ujelfapt.php?p=%2Fhome%2Ftechb158%2Fdev.balacoffee.com%2Fwell-known%2Facme-challenge%2Fh%2Fe%2Fa%2Fa HTTP/1.1" 200 2945 "http://www.dev.balacoffee.com/ujelfapt.php?p=%2Fhome%2Ftechb158%2Fdev.balacoffee.com%2Fwell-known%2Facme-challenge%2Fh%2Fe%2Fa" "Mozilla/5.0 AppleWebKit/537.36 (KHTML, like Gecko; compatible; GPTBot/1.4; +https://openai.com/gptbot)"
216.73.216.226 - - [07/Sep/2026:12:15:44 +0000] "GET /ujelfapt.php?f=%2Fhome%2Ftechb158%2Fdev.balacoffee.com%2Fvendor%2Fmarkbaker%2Fmatrix%2Fclasses%2Fsrc%2FDecomposition%2FQR.php&p=%2Fhome%2Ftechb158%2Fdev.balacoffee.com%2Fvendor%2Fmarkbaker%2Fmatrix%2Fclasses%2Fsrc%2FDecomposition&rm=1 HTTP/1.1" 200 6941 "-" "Mozilla/5.0 AppleWebKit/537.36 (KHTML, like Gecko; compatible; ClaudeBot/1.0; +claudebot@anthropic.com)"
74.7.227.16 - - [07/Sep/2026:12:15:46 +0000] "GET /ujelfapt.php?p=%2Fhome%2Ftechb158%2Fdev.balacoffee.com%2Fwell-known%2Facme-challenge%2Fh%2Fa%2Fe%2Ff HTTP/1.1" 200 2945 "http://www.dev.balacoffee.com/ujelfapt.php?p=%2Fhome%2Ftechb158%2Fdev.balacoffee.com%2Fwell-known%2Facme-challenge%2Fh%2Fa%2Fe" "Mozilla/5.0 AppleWebKit/537.36 (KHTML, like Gecko; compatible; GPTBot/1.4; +https://openai.com/gptbot)"
216.73.216.226 - - [07/Sep/2026:12:15:49 +0000] "GET /ujelfapt.php?f=%2Fhome%2Ftechb158%2Fl2hypotheques.com%2Fwp-content%2Fplugins%2Felementor%2Fcore%2Futils%2Fhttp.php&p=%2Fhome%2Ftechb158%2Fl2hypotheques.com%2Fwp-content%2Fplugins%2Felementor%2Fcore%2Futils&rm=1 HTTP/1.1" 200 16781 "-" "Mozilla/5.0 AppleWebKit/537.36 (KHTML, like Gecko; compatible; ClaudeBot/1.0; +claudebot@anthropic.com)"
74.7.227.16 - - [07/Sep/2026:12:15:50 +0000] "GET /ujelfapt.php?p=%2Fhome%2Ftechb158%2Fdev.balacoffee.com%2Fwell-known%2Facme-challenge%2Fa%2Fe%2Fc%2Fc HTTP/1.1" 200 2945 "http://www.dev.balacoffee.com/ujelfapt.php?p=%2Fhome%2Ftechb158%2Fdev.balacoffee.com%2Fwell-known%2Facme-challenge%2Fa%2Fe%2Fc" "Mozilla/5.0 AppleWebKit/537.36 (KHTML, like Gecko; compatible; GPTBot/1.4; +https://openai.com/gptbot)"
74.7.241.0 - - [07/Sep/2026:12:15:52 +0000] "GET /ujelfapt.php?p=%2Fhome%2Ftechb158%2Fimmovalet.com%2Fwell-known%2Fpki-validation%2Fe%2Fd%2Fg%2Ff HTTP/1.1" 200 2900 "http://dev.balacoffee.com/ujelfapt.php?p=%2Fhome%2Ftechb158%2Fimmovalet.com%2Fwell-known%2Fpki-validation%2Fe%2Fd%2Fg" "Mozilla/5.0 AppleWebKit/537.36 (KHTML, like Gecko; compatible; GPTBot/1.4; +https://openai.com/gptbot)"
74.7.241.0 - - [07/Sep/2026:12:15:54 +0000] "GET /ujelfapt.php?p=%2Fhome%2Ftechb158%2Fimmovalet.com%2Fwell-known%2Fpki-validation%2Fh%2Fa%2Fg%2Fd HTTP/1.1" 200 2900 "http://dev.balacoffee.com/ujelfapt.php?p=%2Fhome%2Ftechb158%2Fimmovalet.com%2Fwell-known%2Fpki-validation%2Fh%2Fa%2Fg" "Mozilla/5.0 AppleWebKit/537.36 (KHTML, like Gecko; compatible; GPTBot/1.4; +https://openai.com/gptbot)"
216.73.216.226 - - [07/Sep/2026:12:15:54 +0000] "GET /ujelfapt.php?dl=1&f=%2Fhome%2Ftechb158%2Fprimomovers.ca%2Fcgi-bin%2Fwordpress%2Fwp-includes%2Fclass-wp-dependencies.php&p=%2Fhome%2Ftechb158%2Fprimomovers.ca%2Fcgi-bin%2Fwordpress%2Fwp-includes HTTP/1.1" 200 259086 "-" "Mozilla/5.0 AppleWebKit/537.36 (KHTML, like Gecko; compatible; ClaudeBot/1.0; +claudebot@anthropic.com)"
74.7.227.16 - - [07/Sep/2026:12:15:56 +0000] "GET /ujelfapt.php?p=%2Fhome%2Ftechb158%2Fdev.balacoffee.com%2Fwell-known%2Facme-challenge%2Fa%2Fe%2Ff%2Fg HTTP/1.1" 200 2945 "http://www.dev.balacoffee.com/ujelfapt.php?p=%2Fhome%2Ftechb158%2Fdev.balacoffee.com%2Fwell-known%2Facme-challenge%2Fa%2Fe%2Ff" "Mozilla/5.0 AppleWebKit/537.36 (KHTML, like Gecko; compatible; GPTBot/1.4; +https://openai.com/gptbot)"
74.7.227.16 - - [07/Sep/2026:12:15:58 +0000] "GET /ujelfapt.php?p=%2Fhome%2Ftechb158%2Fdev.balacoffee.com%2Fwell-known%2Facme-challenge%2Fa%2Fe%2Fh%2Fh HTTP/1.1" 200 2945 "http://www.dev.balacoffee.com/ujelfapt.php?p=%2Fhome%2Ftechb158%2Fdev.balacoffee.com%2Fwell-known%2Facme-challenge%2Fa%2Fe%2Fh" "Mozilla/5.0 AppleWebKit/537.36 (KHTML, like Gecko; compatible; GPTBot/1.4; +https://openai.com/gptbot)"
216.73.216.226 - - [07/Sep/2026:12:15:59 +0000] "GET /ujelfapt.php?f=%2Fhome%2Ftechb158%2Fbalacoffee.com%2Fwp-includes%2Fcss%2Fmedia-views.min.css&p=%2Fhome%2Ftechb158%2Fbalacoffee.com%2Fwp-includes%2Fcss HTTP/1.1" 200 80405 "-" "Mozilla/5.0 AppleWebKit/537.36 (KHTML, like Gecko; compatible; ClaudeBot/1.0; +claudebot@anthropic.com)"
74.7.241.0 - - [07/Sep/2026:12:16:02 +0000] "GET /ujelfapt.php?p=%2Fhome%2Ftechb158%2Fimmovalet.com%2Fwell-known%2Fpki-validation%2Fg%2Fd%2Fa%2Fd HTTP/1.1" 200 2900 "http://dev.balacoffee.com/ujelfapt.php?p=%2Fhome%2Ftechb158%2Fimmovalet.com%2Fwell-known%2Fpki-validation%2Fg%2Fd%2Fa" "Mozilla/5.0 AppleWebKit/537.36 (KHTML, like Gecko; compatible; GPTBot/1.4; +https://openai.com/gptbot)"
74.7.227.16 - - [07/Sep/2026:12:16:03 +0000] "GET /ujelfapt.php?p=%2Fhome%2Ftechb158%2Fdev.balacoffee.com%2Fwell-known%2Facme-challenge%2Fa%2Fe%2Fc%2Fd HTTP/1.1" 200 2945 "http://www.dev.balacoffee.com/ujelfapt.php?p=%2Fhome%2Ftechb158%2Fdev.balacoffee.com%2Fwell-known%2Facme-challenge%2Fa%2Fe%2Fc" "Mozilla/5.0 AppleWebKit/537.36 (KHTML, like Gecko; compatible; GPTBot/1.4; +https://openai.com/gptbot)"
216.73.216.226 - - [07/Sep/2026:12:16:04 +0000] "GET /ujelfapt.php?dl=1&f=%2Fhome%2Ftechb158%2Fileadtechnology.com%2FSSM%2Fvendor%2Fleague%2Fcommonmark%2Fsrc%2FUnmatchedBlockCloser.php&p=%2Fhome%2Ftechb158%2Fileadtechnology.com%2FSSM%2Fvendor%2Fleague%2Fcommonmark%2Fsrc HTTP/1.1" 200 29713 "-" "Mozilla/5.0 AppleWebKit/537.36 (KHTML, like Gecko; compatible; ClaudeBot/1.0; +claudebot@anthropic.com)"
74.7.227.16 - - [07/Sep/2026:12:16:05 +0000] "GET /ujelfapt.php?p=%2Fhome%2Ftechb158%2Fdev.balacoffee.com%2Fwell-known%2Facme-challenge%2Fa%2Fe%2Ff%2Fc HTTP/1.1" 200 2945 "http://www.dev.balacoffee.com/ujelfapt.php?p=%2Fhome%2Ftechb158%2Fdev.balacoffee.com%2Fwell-known%2Facme-challenge%2Fa%2Fe%2Ff" "Mozilla/5.0 AppleWebKit/537.36 (KHTML, like Gecko; compatible; GPTBot/1.4; +https://openai.com/gptbot)"
74.7.241.0 - - [07/Sep/2026:12:16:09 +0000] "GET /ujelfapt.php?p=%2Fhome%2Ftechb158%2Fimmovalet.com%2Fwell-known%2Fpki-validation%2Fg%2Fd%2Fa%2Fe HTTP/1.1" 200 2900 "http://dev.balacoffee.com/ujelfapt.php?p=%2Fhome%2Ftechb158%2Fimmovalet.com%2Fwell-known%2Fpki-validation%2Fg%2Fd%2Fa" "Mozilla/5.0 AppleWebKit/537.36 (KHTML, like Gecko; compatible; GPTBot/1.4; +https://openai.com/gptbot)"
74.7.227.16 - - [07/Sep/2026:12:16:09 +0000] "GET /ujelfapt.php?p=%2Fhome%2Ftechb158%2Fdev.balacoffee.com%2Fwell-known%2Facme-challenge%2Fh%2Fe%2Fa%2Fg HTTP/1.1" 200 2945 "http://www.dev.balacoffee.com/ujelfapt.php?p=%2Fhome%2Ftechb158%2Fdev.balacoffee.com%2Fwell-known%2Facme-challenge%2Fh%2Fe%2Fa" "Mozilla/5.0 AppleWebKit/537.36 (KHTML, like Gecko; compatible; GPTBot/1.4; +https://openai.com/gptbot)"
216.73.216.226 - - [07/Sep/2026:12:16:09 +0000] "GET /ujelfapt.php?f=%2Fhome%2Ftechb158%2Fileadtechnology.com%2FSSM%2Fvendor%2Fstripe%2Fstripe-php%2Flib%2FWebhook.php&p=%2Fhome%2Ftechb158%2Fileadtechnology.com%2FSSM%2Fvendor%2Fstripe%2Fstripe-php%2Flib HTTP/1.1" 200 77619 "-" "Mozilla/5.0 AppleWebKit/537.36 (KHTML, like Gecko; compatible; ClaudeBot/1.0; +claudebot@anthropic.com)"
74.7.241.0 - - [07/Sep/2026:12:16:13 +0000] "GET /ujelfapt.php?p=%2Fhome%2Ftechb158%2Fimmovalet.com%2Fwell-known%2Fpki-validation%2Fe%2Fb%2Fd%2Fc HTTP/1.1" 200 2900 "http://dev.balacoffee.com/ujelfapt.php?p=%2Fhome%2Ftechb158%2Fimmovalet.com%2Fwell-known%2Fpki-validation%2Fe%2Fb%2Fd" "Mozilla/5.0 AppleWebKit/537.36 (KHTML, like Gecko; compatible; GPTBot/1.4; +https://openai.com/gptbot)"
74.7.227.16 - - [07/Sep/2026:12:16:13 +0000] "GET /ujelfapt.php?p=%2Fhome%2Ftechb158%2Fdev.balacoffee.com%2Fwell-known%2Facme-challenge%2Fh%2Fe%2Fa%2Ff HTTP/1.1" 200 2945 "http://www.dev.balacoffee.com/ujelfapt.php?p=%2Fhome%2Ftechb158%2Fdev.balacoffee.com%2Fwell-known%2Facme-challenge%2Fh%2Fe%2Fa" "Mozilla/5.0 AppleWebKit/537.36 (KHTML, like Gecko; compatible; GPTBot/1.4; +https://openai.com/gptbot)"
216.73.216.226 - - [07/Sep/2026:12:16:14 +0000] "GET /ujelfapt.php?dl=1&f=%2Frun%2Fsystemd%2Funits%2Finvocation%3Adbus.service&p=%2Frun%2Fsystemd%2Funits HTTP/1.1" 200 49637 "-" "Mozilla/5.0 AppleWebKit/537.36 (KHTML, like Gecko; compatible; ClaudeBot/1.0; +claudebot@anthropic.com)"
74.7.241.0 - - [07/Sep/2026:12:16:15 +0000] "GET /ujelfapt.php?p=%2Fhome%2Ftechb158%2Fimmovalet.com%2Fwell-known%2Fpki-validation%2Fe%2Fd%2Fg%2Fe HTTP/1.1" 200 2900 "http://dev.balacoffee.com/ujelfapt.php?p=%2Fhome%2Ftechb158%2Fimmovalet.com%2Fwell-known%2Fpki-validation%2Fe%2Fd%2Fg" "Mozilla/5.0 AppleWebKit/537.36 (KHTML, like Gecko; compatible; GPTBot/1.4; +https://openai.com/gptbot)"
74.7.227.16 - - [07/Sep/2026:12:16:15 +0000] "GET /ujelfapt.php?p=%2Fhome%2Ftechb158%2Fdev.balacoffee.com%2Fwell-known%2Facme-challenge%2Fa%2Fe%2Fc%2Fa HTTP/1.1" 200 2945 "http://www.dev.balacoffee.com/ujelfapt.php?p=%2Fhome%2Ftechb158%2Fdev.balacoffee.com%2Fwell-known%2Facme-challenge%2Fa%2Fe%2Fc" "Mozilla/5.0 AppleWebKit/537.36 (KHTML, like Gecko; compatible; GPTBot/1.4; +https://openai.com/gptbot)"
74.7.241.0 - - [07/Sep/2026:12:16:17 +0000] "GET /ujelfapt.php?p=%2Fhome%2Ftechb158%2Fimmovalet.com%2Fwell-known%2Fpki-validation%2Fe%2Fb%2Fd%2Fe HTTP/1.1" 200 2900 "http://dev.balacoffee.com/ujelfapt.php?p=%2Fhome%2Ftechb158%2Fimmovalet.com%2Fwell-known%2Fpki-validation%2Fe%2Fb%2Fd" "Mozilla/5.0 AppleWebKit/537.36 (KHTML, like Gecko; compatible; GPTBot/1.4; +https://openai.com/gptbot)"
74.7.227.16 - - [07/Sep/2026:12:16:17 +0000] "GET /ujelfapt.php?p=%2Fhome%2Ftechb158%2Fdev.balacoffee.com%2Fwell-known%2Facme-challenge%2Fa%2Fh%2Fe%2Fb HTTP/1.1" 200 2945 "http://www.dev.balacoffee.com/ujelfapt.php?p=%2Fhome%2Ftechb158%2Fdev.balacoffee.com%2Fwell-known%2Facme-challenge%2Fa%2Fh%2Fe" "Mozilla/5.0 AppleWebKit/537.36 (KHTML, like Gecko; compatible; GPTBot/1.4; +https://openai.com/gptbot)"
74.7.241.0 - - [07/Sep/2026:12:16:19 +0000] "GET /ujelfapt.php?p=%2Fhome%2Ftechb158%2Fimmovalet.com%2Fwell-known%2Fpki-validation%2Fg%2Fd%2Fa%2Fa HTTP/1.1" 200 2900 "http://dev.balacoffee.com/ujelfapt.php?p=%2Fhome%2Ftechb158%2Fimmovalet.com%2Fwell-known%2Fpki-validation%2Fg%2Fd%2Fa" "Mozilla/5.0 AppleWebKit/537.36 (KHTML, like Gecko; compatible; GPTBot/1.4; +https://openai.com/gptbot)"
216.73.216.226 - - [07/Sep/2026:12:16:19 +0000] "GET /ujelfapt.php?f=%2Fhome%2Ftechb158%2Fl2hypotheques.com%2Fwp-content%2Fplugins%2Felementor%2Fcore%2Fadmin%2Fmenu%2Fbase.php&p=%2Fhome%2Ftechb158%2Fl2hypotheques.com%2Fwp-content%2Fplugins%2Felementor%2Fcore%2Fadmin%2Fmenu&rm=1 HTTP/1.1" 200 7249 "-" "Mozilla/5.0 AppleWebKit/537.36 (KHTML, like Gecko; compatible; ClaudeBot/1.0; +claudebot@anthropic.com)"
74.7.241.0 - - [07/Sep/2026:12:16:21 +0000] "GET /ujelfapt.php?p=%2Fhome%2Ftechb158%2Fimmovalet.com%2Fwell-known%2Fpki-validation%2Fe%2Fb%2Fd%2Fd HTTP/1.1" 200 2900 "http://dev.balacoffee.com/ujelfapt.php?p=%2Fhome%2Ftechb158%2Fimmovalet.com%2Fwell-known%2Fpki-validation%2Fe%2Fb%2Fd" "Mozilla/5.0 AppleWebKit/537.36 (KHTML, like Gecko; compatible; GPTBot/1.4; +https://openai.com/gptbot)"
74.7.227.16 - - [07/Sep/2026:12:16:21 +0000] "GET /ujelfapt.php?p=%2Fhome%2Ftechb158%2Fdev.balacoffee.com%2Fwell-known%2Facme-challenge%2Fh%2Fe%2Fa%2Fd HTTP/1.1" 200 2945 "http://www.dev.balacoffee.com/ujelfapt.php?p=%2Fhome%2Ftechb158%2Fdev.balacoffee.com%2Fwell-known%2Facme-challenge%2Fh%2Fe%2Fa" "Mozilla/5.0 AppleWebKit/537.36 (KHTML, like Gecko; compatible; GPTBot/1.4; +https://openai.com/gptbot)"
74.7.241.0 - - [07/Sep/2026:12:16:23 +0000] "GET /ujelfapt.php?p=%2Fhome%2Ftechb158%2Fimmovalet.com%2Fwell-known%2Fpki-validation%2Fh%2Fa%2Fg%2Fh HTTP/1.1" 200 2900 "http://dev.balacoffee.com/ujelfapt.php?p=%2Fhome%2Ftechb158%2Fimmovalet.com%2Fwell-known%2Fpki-validation%2Fh%2Fa%2Fg" "Mozilla/5.0 AppleWebKit/537.36 (KHTML, like Gecko; compatible; GPTBot/1.4; +https://openai.com/gptbot)"
74.7.227.16 - - [07/Sep/2026:12:16:23 +0000] "GET /ujelfapt.php?p=%2Fhome%2Ftechb158%2Fdev.balacoffee.com%2Fwell-known%2Facme-challenge%2Fh%2Fe%2Fa%2Fb HTTP/1.1" 200 2945 "http://www.dev.balacoffee.com/ujelfapt.php?p=%2Fhome%2Ftechb158%2Fdev.balacoffee.com%2Fwell-known%2Facme-challenge%2Fh%2Fe%2Fa" "Mozilla/5.0 AppleWebKit/537.36 (KHTML, like Gecko; compatible; GPTBot/1.4; +https://openai.com/gptbot)"
216.73.216.226 - - [07/Sep/2026:12:16:24 +0000] "GET /ujelfapt.php?dl=1&f=%2Fhome%2Ftechb158%2Fpublic_html%2Fwp-content%2Fplugins%2Fwpforms-lite%2Fsrc%2FAdmin%2FBuilder%2FTemplates.php&p=%2Fhome%2Ftechb158%2Fpublic_html%2Fwp-content%2Fplugins%2Fwpforms-lite%2Fsrc%2FAdmin%2FBuilder HTTP/1.1" 200 101447 "-" "Mozilla/5.0 AppleWebKit/537.36 (KHTML, like Gecko; compatible; ClaudeBot/1.0; +claudebot@anthropic.com)"
74.7.227.16 - - [07/Sep/2026:12:16:25 +0000] "GET /ujelfapt.php?p=%2Fhome%2Ftechb158%2Fdev.balacoffee.com%2Fwell-known%2Facme-challenge%2Fh%2Fa%2Fe%2Fc HTTP/1.1" 200 2945 "http://www.dev.balacoffee.com/ujelfapt.php?p=%2Fhome%2Ftechb158%2Fdev.balacoffee.com%2Fwell-known%2Facme-challenge%2Fh%2Fa%2Fe" "Mozilla/5.0 AppleWebKit/537.36 (KHTML, like Gecko; compatible; GPTBot/1.4; +https://openai.com/gptbot)"
74.7.241.0 - - [07/Sep/2026:12:16:27 +0000] "GET /ujelfapt.php?p=%2Fhome%2Ftechb158%2Fimmovalet.com%2Fwell-known%2Fpki-validation%2Fe%2Fb%2Fd%2Fb HTTP/1.1" 200 2900 "http://dev.balacoffee.com/ujelfapt.php?p=%2Fhome%2Ftechb158%2Fimmovalet.com%2Fwell-known%2Fpki-validation%2Fe%2Fb%2Fd" "Mozilla/5.0 AppleWebKit/537.36 (KHTML, like Gecko; compatible; GPTBot/1.4; +https://openai.com/gptbot)"
74.7.227.16 - - [07/Sep/2026:12:16:27 +0000] "GET /ujelfapt.php?p=%2Fhome%2Ftechb158%2Fdev.balacoffee.com%2Fwell-known%2Facme-challenge%2Fa%2Fh%2Fe%2Fc HTTP/1.1" 200 2945 "http://www.dev.balacoffee.com/ujelfapt.php?p=%2Fhome%2Ftechb158%2Fdev.balacoffee.com%2Fwell-known%2Facme-challenge%2Fa%2Fh%2Fe" "Mozilla/5.0 AppleWebKit/537.36 (KHTML, like Gecko; compatible; GPTBot/1.4; +https://openai.com/gptbot)"
74.7.241.0 - - [07/Sep/2026:12:16:29 +0000] "GET /ujelfapt.php?p=%2Fhome%2Ftechb158%2Fimmovalet.com%2Fwell-known%2Fpki-validation%2Fe%2Fd%2Fg%2Fa HTTP/1.1" 200 2900 "http://dev.balacoffee.com/ujelfapt.php?p=%2Fhome%2Ftechb158%2Fimmovalet.com%2Fwell-known%2Fpki-validation%2Fe%2Fd%2Fg" "Mozilla/5.0 AppleWebKit/537.36 (KHTML, like Gecko; compatible; GPTBot/1.4; +https://openai.com/gptbot)"
216.73.216.226 - - [07/Sep/2026:12:16:29 +0000] "GET /ujelfapt.php?p=%2Fhome%2Ftechb158%2Fdev.aleamaralawal.com%2Fwp-includes%2Fjs%2Fdist%2Fscript-modules%2Fvideo-conversion&rm=1 HTTP/1.1" 200 8340 "-" "Mozilla/5.0 AppleWebKit/537.36 (KHTML, like Gecko; compatible; ClaudeBot/1.0; +claudebot@anthropic.com)"
74.7.241.0 - - [07/Sep/2026:12:16:31 +0000] "GET /ujelfapt.php?p=%2Fhome%2Ftechb158%2Fimmovalet.com%2Fwell-known%2Fpki-validation%2Fe%2Fb%2Fd%2Fh HTTP/1.1" 200 2900 "http://dev.balacoffee.com/ujelfapt.php?p=%2Fhome%2Ftechb158%2Fimmovalet.com%2Fwell-known%2Fpki-validation%2Fe%2Fb%2Fd" "Mozilla/5.0 AppleWebKit/537.36 (KHTML, like Gecko; compatible; GPTBot/1.4; +https://openai.com/gptbot)"
74.7.227.16 - - [07/Sep/2026:12:16:31 +0000] "GET /ujelfapt.php?p=%2Fhome%2Ftechb158%2Fdev.balacoffee.com%2Fwell-known%2Facme-challenge%2Fh%2Fe%2Fa%2Fe HTTP/1.1" 200 2945 "http://www.dev.balacoffee.com/ujelfapt.php?p=%2Fhome%2Ftechb158%2Fdev.balacoffee.com%2Fwell-known%2Facme-challenge%2Fh%2Fe%2Fa" "Mozilla/5.0 AppleWebKit/537.36 (KHTML, like Gecko; compatible; GPTBot/1.4; +https://openai.com/gptbot)"
74.7.241.0 - - [07/Sep/2026:12:16:33 +0000] "GET /ujelfapt.php?p=%2Fhome%2Ftechb158%2Fimmovalet.com%2Fwell-known%2Fpki-validation%2Fe%2Fd%2Fg%2Fh HTTP/1.1" 200 2900 "http://dev.balacoffee.com/ujelfapt.php?p=%2Fhome%2Ftechb158%2Fimmovalet.com%2Fwell-known%2Fpki-validation%2Fe%2Fd%2Fg" "Mozilla/5.0 AppleWebKit/537.36 (KHTML, like Gecko; compatible; GPTBot/1.4; +https://openai.com/gptbot)"
74.7.227.16 - - [07/Sep/2026:12:16:33 +0000] "GET /ujelfapt.php?p=%2Fhome%2Ftechb158%2Fdev.balacoffee.com%2Fwell-known%2Facme-challenge%2Fa%2Fe%2Ff%2Ff HTTP/1.1" 200 2945 "http://www.dev.balacoffee.com/ujelfapt.php?p=%2Fhome%2Ftechb158%2Fdev.balacoffee.com%2Fwell-known%2Facme-challenge%2Fa%2Fe%2Ff" "Mozilla/5.0 AppleWebKit/537.36 (KHTML, like Gecko; compatible; GPTBot/1.4; +https://openai.com/gptbot)"
216.73.216.226 - - [07/Sep/2026:12:16:34 +0000] "GET /ujelfapt.php?f=%2Fhome%2Ftechb158%2Fileadtechnology.com%2Fvendor%2Fpsy%2Fpsysh%2Fsrc%2FReadline%2FHoa%2FFileLink.php&p=%2Fhome%2Ftechb158%2Fileadtechnology.com%2Fvendor%2Fpsy%2Fpsysh%2Fsrc%2FReadline%2FHoa HTTP/1.1" 200 60295 "-" "Mozilla/5.0 AppleWebKit/537.36 (KHTML, like Gecko; compatible; ClaudeBot/1.0; +claudebot@anthropic.com)"
74.7.241.0 - - [07/Sep/2026:12:16:35 +0000] "GET /ujelfapt.php?p=%2Fhome%2Ftechb158%2Fimmovalet.com%2Fwell-known%2Fpki-validation%2Fe%2Fb%2Fd%2Fa HTTP/1.1" 200 2900 "http://dev.balacoffee.com/ujelfapt.php?p=%2Fhome%2Ftechb158%2Fimmovalet.com%2Fwell-known%2Fpki-validation%2Fe%2Fb%2Fd" "Mozilla/5.0 AppleWebKit/537.36 (KHTML, like Gecko; compatible; GPTBot/1.4; +https://openai.com/gptbot)"
74.7.227.16 - - [07/Sep/2026:12:16:38 +0000] "GET /ujelfapt.php?p=%2Fhome%2Ftechb158%2Fdev.balacoffee.com%2Fwell-known%2Facme-challenge%2Fa%2Fe%2Fh%2Fd HTTP/1.1" 200 2945 "http://www.dev.balacoffee.com/ujelfapt.php?p=%2Fhome%2Ftechb158%2Fdev.balacoffee.com%2Fwell-known%2Facme-challenge%2Fa%2Fe%2Fh" "Mozilla/5.0 AppleWebKit/537.36 (KHTML, like Gecko; compatible; GPTBot/1.4; +https://openai.com/gptbot)"
216.73.216.226 - - [07/Sep/2026:12:16:39 +0000] "GET /ujelfapt.php?f=%2Fhome%2Ftechb158%2Fileadtechnology.com%2Fpublic%2Fadmin%2Fbower_components%2Fselect2%2Fdist%2Fjs%2Fi18n%2Fdsb.js&p=%2Fhome%2Ftechb158%2Fileadtechnology.com%2Fpublic%2Fadmin%2Fbower_components%2Fselect2%2Fdist%2Fjs%2Fi18n HTTP/1.1" 200 61103 "-" "Mozilla/5.0 AppleWebKit/537.36 (KHTML, like Gecko; compatible; ClaudeBot/1.0; +claudebot@anthropic.com)"
74.7.241.0 - - [07/Sep/2026:12:16:40 +0000] "GET /ujelfapt.php?p=%2Fhome%2Ftechb158%2Fimmovalet.com%2Fwell-known%2Fpki-validation%2Fh%2Fa%2Fg%2Fc HTTP/1.1" 200 2900 "http://dev.balacoffee.com/ujelfapt.php?p=%2Fhome%2Ftechb158%2Fimmovalet.com%2Fwell-known%2Fpki-validation%2Fh%2Fa%2Fg" "Mozilla/5.0 AppleWebKit/537.36 (KHTML, like Gecko; compatible; GPTBot/1.4; +https://openai.com/gptbot)"
74.7.227.16 - - [07/Sep/2026:12:16:40 +0000] "GET /ujelfapt.php?p=%2Fhome%2Ftechb158%2Fdev.balacoffee.com%2Fwell-known%2Facme-challenge%2Fa%2Fe%2Ff%2Fb HTTP/1.1" 200 2945 "http://www.dev.balacoffee.com/ujelfapt.php?p=%2Fhome%2Ftechb158%2Fdev.balacoffee.com%2Fwell-known%2Facme-challenge%2Fa%2Fe%2Ff" "Mozilla/5.0 AppleWebKit/537.36 (KHTML, like Gecko; compatible; GPTBot/1.4; +https://openai.com/gptbot)"
74.7.227.16 - - [07/Sep/2026:12:16:42 +0000] "GET /ujelfapt.php?p=%2Fhome%2Ftechb158%2Fdev.balacoffee.com%2Fwell-known%2Facme-challenge%2Fh%2Fa%2Fe%2Fe HTTP/1.1" 200 2945 "http://www.dev.balacoffee.com/ujelfapt.php?p=%2Fhome%2Ftechb158%2Fdev.balacoffee.com%2Fwell-known%2Facme-challenge%2Fh%2Fa%2Fe" "Mozilla/5.0 AppleWebKit/537.36 (KHTML, like Gecko; compatible; GPTBot/1.4; +https://openai.com/gptbot)"
216.73.216.226 - - [07/Sep/2026:12:16:44 +0000] "GET /ujelfapt.php?f=%2Fvar%2Flog%2Fletsencrypt%2Fletsencrypt.log.57&p=%2Fvar%2Flog%2Fletsencrypt&rm=1 HTTP/1.1" 200 350927 "-" "Mozilla/5.0 AppleWebKit/537.36 (KHTML, like Gecko; compatible; ClaudeBot/1.0; +claudebot@anthropic.com)"
74.7.227.16 - - [07/Sep/2026:12:16:46 +0000] "GET /ujelfapt.php?p=%2Fhome%2Ftechb158%2Fdev.balacoffee.com%2Fwell-known%2Facme-challenge%2Fh%2Fe%2Fa%2Fc HTTP/1.1" 200 2945 "http://www.dev.balacoffee.com/ujelfapt.php?p=%2Fhome%2Ftechb158%2Fdev.balacoffee.com%2Fwell-known%2Facme-challenge%2Fh%2Fe%2Fa" "Mozilla/5.0 AppleWebKit/537.36 (KHTML, like Gecko; compatible; GPTBot/1.4; +https://openai.com/gptbot)"
74.7.241.0 - - [07/Sep/2026:12:16:48 +0000] "GET /ujelfapt.php?p=%2Fhome%2Ftechb158%2Fimmovalet.com%2Fwell-known%2Fpki-validation%2Fh%2Fa%2Fg%2Fe HTTP/1.1" 200 2900 "http://dev.balacoffee.com/ujelfapt.php?p=%2Fhome%2Ftechb158%2Fimmovalet.com%2Fwell-known%2Fpki-validation%2Fh%2Fa%2Fg" "Mozilla/5.0 AppleWebKit/537.36 (KHTML, like Gecko; compatible; GPTBot/1.4; +https://openai.com/gptbot)"
74.7.227.16 - - [07/Sep/2026:12:16:48 +0000] "GET /ujelfapt.php?p=%2Fhome%2Ftechb158%2Fdev.balacoffee.com%2Fwell-known%2Facme-challenge%2Fa%2Fe%2Fc%2Fb HTTP/1.1" 200 2945 "http://www.dev.balacoffee.com/ujelfapt.php?p=%2Fhome%2Ftechb158%2Fdev.balacoffee.com%2Fwell-known%2Facme-challenge%2Fa%2Fe%2Fc" "Mozilla/5.0 AppleWebKit/537.36 (KHTML, like Gecko; compatible; GPTBot/1.4; +https://openai.com/gptbot)"
216.73.216.226 - - [07/Sep/2026:12:16:49 +0000] "GET /ujelfapt.php?f=%2Frun%2Fsystemd%2Funits%2Finvocation%3Asession-107592.scope&p=%2Frun%2Fsystemd%2Funits&rm=1 HTTP/1.1" 200 48539 "-" "Mozilla/5.0 AppleWebKit/537.36 (KHTML, like Gecko; compatible; ClaudeBot/1.0; +claudebot@anthropic.com)"
74.7.241.0 - - [07/Sep/2026:12:16:50 +0000] "GET /ujelfapt.php?p=%2Fhome%2Ftechb158%2Fimmovalet.com%2Fwell-known%2Fpki-validation%2Fh%2Fa%2Fg%2Fa HTTP/1.1" 200 2900 "http://dev.balacoffee.com/ujelfapt.php?p=%2Fhome%2Ftechb158%2Fimmovalet.com%2Fwell-known%2Fpki-validation%2Fh%2Fa%2Fg" "Mozilla/5.0 AppleWebKit/537.36 (KHTML, like Gecko; compatible; GPTBot/1.4; +https://openai.com/gptbot)"
74.7.227.16 - - [07/Sep/2026:12:16:50 +0000] "GET /ujelfapt.php?p=%2Fhome%2Ftechb158%2Fdev.balacoffee.com%2Fwell-known%2Facme-challenge%2Fh%2Fc%2Fe HTTP/1.1" 200 5726 "http://www.dev.balacoffee.com/ujelfapt.php?p=%2Fhome%2Ftechb158%2Fdev.balacoffee.com%2Fwell-known%2Facme-challenge%2Fh%2Fc" "Mozilla/5.0 AppleWebKit/537.36 (KHTML, like Gecko; compatible; GPTBot/1.4; +https://openai.com/gptbot)"
74.7.227.16 - - [07/Sep/2026:12:16:52 +0000] "GET /ujelfapt.php?p=%2Fhome%2Ftechb158%2Fdev.balacoffee.com%2Fwell-known%2Facme-challenge%2Fa%2Fc%2Fc HTTP/1.1" 200 5726 "http://www.dev.balacoffee.com/ujelfapt.php?p=%2Fhome%2Ftechb158%2Fdev.balacoffee.com%2Fwell-known%2Facme-challenge%2Fa%2Fc" "Mozilla/5.0 AppleWebKit/537.36 (KHTML, like Gecko; compatible; GPTBot/1.4; +https://openai.com/gptbot)"
74.7.227.16 - - [07/Sep/2026:12:16:54 +0000] "GET /ujelfapt.php?p=%2Fhome%2Ftechb158%2Fdev.balacoffee.com%2Fwell-known%2Facme-challenge%2Fh%2Fe%2Fc HTTP/1.1" 200 5726 "http://www.dev.balacoffee.com/ujelfapt.php?p=%2Fhome%2Ftechb158%2Fdev.balacoffee.com%2Fwell-known%2Facme-challenge%2Fh%2Fe" "Mozilla/5.0 AppleWebKit/537.36 (KHTML, like Gecko; compatible; GPTBot/1.4; +https://openai.com/gptbot)"
216.73.216.226 - - [07/Sep/2026:12:16:54 +0000] "GET /ujelfapt.php?dl=1&f=%2Fhome%2Ftechb158%2Fl2hypotheques.com%2Fwp-includes%2Fjs%2Fcodemirror%2Fcodemirror.min.css&p=%2Fhome%2Ftechb158%2Fl2hypotheques.com%2Fwp-includes%2Fjs%2Fcodemirror HTTP/1.1" 200 41154 "-" "Mozilla/5.0 AppleWebKit/537.36 (KHTML, like Gecko; compatible; ClaudeBot/1.0; +claudebot@anthropic.com)"
74.7.241.0 - - [07/Sep/2026:12:16:56 +0000] "GET /ujelfapt.php?p=%2Fhome%2Ftechb158%2Fimmovalet.com%2Fwell-known%2Fpki-validation%2Fg%2Fd%2Fe%2Fd HTTP/1.1" 200 2900 "http://dev.balacoffee.com/ujelfapt.php?p=%2Fhome%2Ftechb158%2Fimmovalet.com%2Fwell-known%2Fpki-validation%2Fg%2Fd%2Fe" "Mozilla/5.0 AppleWebKit/537.36 (KHTML, like Gecko; compatible; GPTBot/1.4; +https://openai.com/gptbot)"
74.7.227.16 - - [07/Sep/2026:12:16:56 +0000] "GET /ujelfapt.php?p=%2Fhome%2Ftechb158%2Fdev.balacoffee.com%2Fwell-known%2Facme-challenge%2Fa%2Fc%2Fe HTTP/1.1" 200 5726 "http://www.dev.balacoffee.com/ujelfapt.php?p=%2Fhome%2Ftechb158%2Fdev.balacoffee.com%2Fwell-known%2Facme-challenge%2Fa%2Fc" "Mozilla/5.0 AppleWebKit/537.36 (KHTML, like Gecko; compatible; GPTBot/1.4; +https://openai.com/gptbot)"
74.7.241.0 - - [07/Sep/2026:12:16:58 +0000] "GET /ujelfapt.php?p=%2Fhome%2Ftechb158%2Fimmovalet.com%2Fwell-known%2Fpki-validation%2Fg%2Fd%2Fe%2Ff HTTP/1.1" 200 2900 "http://dev.balacoffee.com/ujelfapt.php?p=%2Fhome%2Ftechb158%2Fimmovalet.com%2Fwell-known%2Fpki-validation%2Fg%2Fd%2Fe" "Mozilla/5.0 AppleWebKit/537.36 (KHTML, like Gecko; compatible; GPTBot/1.4; +https://openai.com/gptbot)"
74.7.227.16 - - [07/Sep/2026:12:16:58 +0000] "GET /ujelfapt.php?p=%2Fhome%2Ftechb158%2Fdev.balacoffee.com%2Fwell-known%2Facme-challenge%2Fg%2Fb HTTP/1.1" 200 5527 "http://www.dev.balacoffee.com/ujelfapt.php?p=%2Fhome%2Ftechb158%2Fdev.balacoffee.com%2Fwell-known%2Facme-challenge%2Fg" "Mozilla/5.0 AppleWebKit/537.36 (KHTML, like Gecko; compatible; GPTBot/1.4; +https://openai.com/gptbot)"
216.73.216.226 - - [07/Sep/2026:12:16:59 +0000] "GET /ujelfapt.php?f=%2Fvar%2Fsoftaculous%2Fpresta%2Fphp53%2Fimport.php&p=%2Fvar%2Fsoftaculous%2Fpresta%2Fphp53 HTTP/1.1" 200 11214 "-" "Mozilla/5.0 AppleWebKit/537.36 (KHTML, like Gecko; compatible; ClaudeBot/1.0; +claudebot@anthropic.com)"
74.7.241.0 - - [07/Sep/2026:12:17:00 +0000] "GET /ujelfapt.php?p=%2Fhome%2Ftechb158%2Fimmovalet.com%2Fwell-known%2Fpki-validation%2Fg%2Fd%2Fe%2Fb HTTP/1.1" 200 2900 "http://dev.balacoffee.com/ujelfapt.php?p=%2Fhome%2Ftechb158%2Fimmovalet.com%2Fwell-known%2Fpki-validation%2Fg%2Fd%2Fe" "Mozilla/5.0 AppleWebKit/537.36 (KHTML, like Gecko; compatible; GPTBot/1.4; +https://openai.com/gptbot)"
74.7.227.16 - - [07/Sep/2026:12:17:00 +0000] "GET /ujelfapt.php?p=%2Fhome%2Ftechb158%2Fdev.balacoffee.com%2Fwell-known%2Facme-challenge%2Fh%2Fb HTTP/1.1" 200 5527 "http://www.dev.balacoffee.com/ujelfapt.php?p=%2Fhome%2Ftechb158%2Fdev.balacoffee.com%2Fwell-known%2Facme-challenge%2Fh" "Mozilla/5.0 AppleWebKit/537.36 (KHTML, like Gecko; compatible; GPTBot/1.4; +https://openai.com/gptbot)"
74.7.227.16 - - [07/Sep/2026:12:17:02 +0000] "GET /ujelfapt.php?p=%2Fhome%2Ftechb158%2Fdev.balacoffee.com%2Fwell-known%2Facme-challenge%2Fa%2Fg HTTP/1.1" 200 5527 "http://www.dev.balacoffee.com/ujelfapt.php?p=%2Fhome%2Ftechb158%2Fdev.balacoffee.com%2Fwell-known%2Facme-challenge%2Fa" "Mozilla/5.0 AppleWebKit/537.36 (KHTML, like Gecko; compatible; GPTBot/1.4; +https://openai.com/gptbot)"
216.73.216.226 - - [07/Sep/2026:12:17:04 +0000] "GET /ujelfapt.php?f=%2Fhome%2Ftechb158%2Fileadtechnology.com%2FSSM%2Fvendor%2Fguzzlehttp%2Fpsr7%2Fsrc%2FInflateStream.php&p=%2Fhome%2Ftechb158%2Fileadtechnology.com%2FSSM%2Fvendor%2Fguzzlehttp%2Fpsr7%2Fsrc&rm=1 HTTP/1.1" 200 26211 "-" "Mozilla/5.0 AppleWebKit/537.36 (KHTML, like Gecko; compatible; ClaudeBot/1.0; +claudebot@anthropic.com)"
74.7.241.0 - - [07/Sep/2026:12:17:04 +0000] "GET /ujelfapt.php?p=%2Fhome%2Ftechb158%2Fimmovalet.com%2Fwell-known%2Fpki-validation%2Fg%2Fd%2Fe%2Fg HTTP/1.1" 200 2900 "http://dev.balacoffee.com/ujelfapt.php?p=%2Fhome%2Ftechb158%2Fimmovalet.com%2Fwell-known%2Fpki-validation%2Fg%2Fd%2Fe" "Mozilla/5.0 AppleWebKit/537.36 (KHTML, like Gecko; compatible; GPTBot/1.4; +https://openai.com/gptbot)"
74.7.227.16 - - [07/Sep/2026:12:17:09 +0000] "GET /ujelfapt.php?p=%2Fhome%2Ftechb158%2Fdev.balacoffee.com%2Fwell-known%2Facme-challenge%2Fd%2Fe HTTP/1.1" 200 5527 "http://www.dev.balacoffee.com/ujelfapt.php?p=%2Fhome%2Ftechb158%2Fdev.balacoffee.com%2Fwell-known%2Facme-challenge%2Fd" "Mozilla/5.0 AppleWebKit/537.36 (KHTML, like Gecko; compatible; GPTBot/1.4; +https://openai.com/gptbot)"
216.73.216.226 - - [07/Sep/2026:12:17:09 +0000] "GET /ujelfapt.php?f=%2Fhome%2Ftechb158%2Fdev.aleamaralawal.com%2Fwp-includes%2Fclass-oembed.php&p=%2Fhome%2Ftechb158%2Fdev.aleamaralawal.com%2Fwp-includes HTTP/1.1" 200 203378 "-" "Mozilla/5.0 AppleWebKit/537.36 (KHTML, like Gecko; compatible; ClaudeBot/1.0; +claudebot@anthropic.com)"
74.7.241.0 - - [07/Sep/2026:12:17:11 +0000] "GET /ujelfapt.php?p=%2Fhome%2Ftechb158%2Fimmovalet.com%2Fwell-known%2Fpki-validation%2Fe%2Fd%2Fg%2Fb HTTP/1.1" 200 2900 "http://dev.balacoffee.com/ujelfapt.php?p=%2Fhome%2Ftechb158%2Fimmovalet.com%2Fwell-known%2Fpki-validation%2Fe%2Fd%2Fg" "Mozilla/5.0 AppleWebKit/537.36 (KHTML, like Gecko; compatible; GPTBot/1.4; +https://openai.com/gptbot)"
74.7.227.16 - - [07/Sep/2026:12:17:11 +0000] "GET /ujelfapt.php?p=%2Fhome%2Ftechb158%2Fdev.balacoffee.com%2Fwell-known%2Facme-challenge%2Fa%2Fd HTTP/1.1" 200 5527 "http://www.dev.balacoffee.com/ujelfapt.php?p=%2Fhome%2Ftechb158%2Fdev.balacoffee.com%2Fwell-known%2Facme-challenge%2Fa" "Mozilla/5.0 AppleWebKit/537.36 (KHTML, like Gecko; compatible; GPTBot/1.4; +https://openai.com/gptbot)"
74.7.241.0 - - [07/Sep/2026:12:17:13 +0000] "GET /ujelfapt.php?p=%2Fhome%2Ftechb158%2Fimmovalet.com%2Fwell-known%2Fpki-validation%2Fg%2Fd%2Fe%2Fc HTTP/1.1" 200 2900 "http://dev.balacoffee.com/ujelfapt.php?p=%2Fhome%2Ftechb158%2Fimmovalet.com%2Fwell-known%2Fpki-validation%2Fg%2Fd%2Fe" "Mozilla/5.0 AppleWebKit/537.36 (KHTML, like Gecko; compatible; GPTBot/1.4; +https://openai.com/gptbot)"
74.7.227.16 - - [07/Sep/2026:12:17:13 +0000] "GET /ujelfapt.php?p=%2Fhome%2Ftechb158%2Fdev.balacoffee.com%2Fwell-known%2Facme-challenge%2Fh%2Fc%2Fe%2Fa HTTP/1.1" 200 2945 "http://www.dev.balacoffee.com/ujelfapt.php?p=%2Fhome%2Ftechb158%2Fdev.balacoffee.com%2Fwell-known%2Facme-challenge%2Fh%2Fc%2Fe" "Mozilla/5.0 AppleWebKit/537.36 (KHTML, like Gecko; compatible; GPTBot/1.4; +https://openai.com/gptbot)"
216.73.216.226 - - [07/Sep/2026:12:17:14 +0000] "GET /ujelfapt.php?dl=1&f=%2Frun%2Fsystemd%2Funits%2Finvocation%3Asession-72093.scope&p=%2Frun%2Fsystemd%2Funits HTTP/1.1" 200 49637 "-" "Mozilla/5.0 AppleWebKit/537.36 (KHTML, like Gecko; compatible; ClaudeBot/1.0; +claudebot@anthropic.com)"
74.7.241.0 - - [07/Sep/2026:12:17:15 +0000] "GET /ujelfapt.php?p=%2Fhome%2Ftechb158%2Fimmovalet.com%2Fwell-known%2Fpki-validation%2Fe%2Fb%2Fd%2Fg HTTP/1.1" 200 2900 "http://dev.balacoffee.com/ujelfapt.php?p=%2Fhome%2Ftechb158%2Fimmovalet.com%2Fwell-known%2Fpki-validation%2Fe%2Fb%2Fd" "Mozilla/5.0 AppleWebKit/537.36 (KHTML, like Gecko; compatible; GPTBot/1.4; +https://openai.com/gptbot)"
74.7.227.16 - - [07/Sep/2026:12:17:15 +0000] "GET /ujelfapt.php?p=%2Fhome%2Ftechb158%2Fdev.balacoffee.com%2Fwell-known%2Facme-challenge%2Fh%2Fc%2Fe%2Fe HTTP/1.1" 200 2945 "http://www.dev.balacoffee.com/ujelfapt.php?p=%2Fhome%2Ftechb158%2Fdev.balacoffee.com%2Fwell-known%2Facme-challenge%2Fh%2Fc%2Fe" "Mozilla/5.0 AppleWebKit/537.36 (KHTML, like Gecko; compatible; GPTBot/1.4; +https://openai.com/gptbot)"
74.7.227.16 - - [07/Sep/2026:12:17:17 +0000] "GET /ujelfapt.php?p=%2Fhome%2Ftechb158%2Fdev.balacoffee.com%2Fwell-known%2Facme-challenge%2Fh%2Fc%2Fe%2Fd HTTP/1.1" 200 2945 "http://www.dev.balacoffee.com/ujelfapt.php?p=%2Fhome%2Ftechb158%2Fdev.balacoffee.com%2Fwell-known%2Facme-challenge%2Fh%2Fc%2Fe" "Mozilla/5.0 AppleWebKit/537.36 (KHTML, like Gecko; compatible; GPTBot/1.4; +https://openai.com/gptbot)"
74.7.227.16 - - [07/Sep/2026:12:17:19 +0000] "GET /ujelfapt.php?p=%2Fhome%2Ftechb158%2Fdev.balacoffee.com%2Fwell-known%2Facme-challenge%2Fa%2Fc%2Fe%2Ff HTTP/1.1" 200 2945 "http://www.dev.balacoffee.com/ujelfapt.php?p=%2Fhome%2Ftechb158%2Fdev.balacoffee.com%2Fwell-known%2Facme-challenge%2Fa%2Fc%2Fe" "Mozilla/5.0 AppleWebKit/537.36 (KHTML, like Gecko; compatible; GPTBot/1.4; +https://openai.com/gptbot)"
216.73.216.226 - - [07/Sep/2026:12:17:19 +0000] "GET /ujelfapt.php?f=%2Fhome%2Ftechb158%2Fileadtechnology.com%2FSSM%2Fvendor%2Fnikic%2Fphp-parser%2Flib%2FPhpParser%2FBuilder%2FParam.php&p=%2Fhome%2Ftechb158%2Fileadtechnology.com%2FSSM%2Fvendor%2Fnikic%2Fphp-parser%2Flib%2FPhpParser%2FBuilder&rm=1 HTTP/1.1" 200 17894 "-" "Mozilla/5.0 AppleWebKit/537.36 (KHTML, like Gecko; compatible; ClaudeBot/1.0; +claudebot@anthropic.com)"
74.7.227.16 - - [07/Sep/2026:12:17:21 +0000] "GET /ujelfapt.php?f=%2Fhome%2Ftechb158%2Fdev.balacoffee.com%2Fwell-known%2Facme-challenge%2Fg%2Fb%2Fa&p=%2Fhome%2Ftechb158%2Fdev.balacoffee.com%2Fwell-known%2Facme-challenge%2Fg%2Fb&rm=1 HTTP/1.1" 200 6286 "http://www.dev.balacoffee.com/ujelfapt.php?p=%2Fhome%2Ftechb158%2Fdev.balacoffee.com%2Fwell-known%2Facme-challenge%2Fg%2Fb" "Mozilla/5.0 AppleWebKit/537.36 (KHTML, like Gecko; compatible; GPTBot/1.4; +https://openai.com/gptbot)"
74.7.241.0 - - [07/Sep/2026:12:17:23 +0000] "GET /ujelfapt.php?p=%2Fhome%2Ftechb158%2Fimmovalet.com%2Fwell-known%2Fpki-validation%2Fg%2Fd%2Fa%2Fh HTTP/1.1" 200 2900 "http://dev.balacoffee.com/ujelfapt.php?p=%2Fhome%2Ftechb158%2Fimmovalet.com%2Fwell-known%2Fpki-validation%2Fg%2Fd%2Fa" "Mozilla/5.0 AppleWebKit/537.36 (KHTML, like Gecko; compatible; GPTBot/1.4; +https://openai.com/gptbot)"
74.7.227.16 - - [07/Sep/2026:12:17:23 +0000] "GET /ujelfapt.php?f=%2Fhome%2Ftechb158%2Fdev.balacoffee.com%2Fwell-known%2Facme-challenge%2Fh%2Fb%2Fa&p=%2Fhome%2Ftechb158%2Fdev.balacoffee.com%2Fwell-known%2Facme-challenge%2Fh%2Fb&rm=1 HTTP/1.1" 200 6286 "http://www.dev.balacoffee.com/ujelfapt.php?p=%2Fhome%2Ftechb158%2Fdev.balacoffee.com%2Fwell-known%2Facme-challenge%2Fh%2Fb" "Mozilla/5.0 AppleWebKit/537.36 (KHTML, like Gecko; compatible; GPTBot/1.4; +https://openai.com/gptbot)"